{"id":4419,"date":"2015-07-13T08:57:39","date_gmt":"2015-07-13T06:57:39","guid":{"rendered":"https:\/\/collegioimmacolata.it\/chi-siamo-scuola\/"},"modified":"2020-08-04T14:24:38","modified_gmt":"2020-08-04T12:24:38","slug":"chi-siamo-scuola","status":"publish","type":"page","link":"https:\/\/collegioimmacolata.it\/es\/chi-siamo-scuola\/","title":{"rendered":"Quienes somos"},"content":{"rendered":"<p><img decoding=\"async\" loading=\"lazy\" class=\"alignnone wp-image-781 size-full\" title=\"Simao la scuola Paritaria di Conegliano, centro educativo di eccellenza nel territorio di Treviso \" src=\"\/wp-content\/uploads\/2015\/07\/collegio_scuola_conegliano_don_bosco.jpg\" alt=\"collegio_scuola_conegliano_don_bosco\" width=\"653\" height=\"400\" srcset=\"https:\/\/collegioimmacolata.it\/wp-content\/uploads\/2015\/07\/collegio_scuola_conegliano_don_bosco.jpg 653w, https:\/\/collegioimmacolata.it\/wp-content\/uploads\/2015\/07\/collegio_scuola_conegliano_don_bosco-600x368.jpg 600w, https:\/\/collegioimmacolata.it\/wp-content\/uploads\/2015\/07\/collegio_scuola_conegliano_don_bosco-120x74.jpg 120w, https:\/\/collegioimmacolata.it\/wp-content\/uploads\/2015\/07\/collegio_scuola_conegliano_don_bosco-300x184.jpg 300w\" sizes=\"(max-width: 653px) 100vw, 653px\" \/><\/p>\n<p>El \u00abCollegio Immacolata\u00bb de Conegliano Veneto es una instituci\u00f3n educativa igualitaria en la provincia de Treviso que se ha ocupado de la educaci\u00f3n de ni\u00f1os, adolescentes y j\u00f3venes durante m\u00e1s de cien a\u00f1os.<br \/>\nNacido de la<strong> pasi\u00f3n educativa de las Hermanas salesianas<\/strong>, <strong>las \u00abHijas de Mar\u00eda Auxiliadora\u00bb<\/strong>, contin\u00faa entregando una contribuci\u00f3n original a la formaci\u00f3n de las nuevas generaciones y un atento apoyo educativo a las familias, siguiendo el estilo del \u00ab<strong>Sistema preventivo<\/strong>\u00bb de Don Bosco.<\/p>\n<p>El Instituto incluye:<\/p>\n<ul>\n<li><strong>Jard\u00edn de infantes<\/strong><\/li>\n<li><strong>Escuela Primaria<\/strong><\/li>\n<li><strong>Escuela secundaria de segundo grado<\/strong><\/li>\n<li><strong>Oratorio Centro juvenil y animaci\u00f3n del tiempo libre<\/strong><\/li>\n<\/ul>\n<p>El Immaculate College es parte del <strong>pluralismo cultural y est\u00e1 abierto al mundo exterior<\/strong> al mejorar la participaci\u00f3n de los padres y prestar especial atenci\u00f3n a las necesidades de capacitaci\u00f3n expresadas por el territorio.<\/p>\n<p>El instituto quiere ser el <strong>punto de referencia educativo para la comunidad de Conegliano y sus j\u00f3venes<\/strong>, ayud\u00e1ndoles a crecer en un contexto positivo y atento a la persona, lo que estimula la confrontaci\u00f3n, el di\u00e1logo intercultural y el descubrimiento.<\/p>\n<p>La calidad did\u00e1ctica y educativa est\u00e1 garantizada por la <strong>atenci\u00f3n y la formaci\u00f3n humana y cultural del personal docente<\/strong> a trav\u00e9s de una actividad de actualizaci\u00f3n constante y cercana que les permite cumplir con el papel particular y delicado que est\u00e1n llamados a desempe\u00f1ar todos los d\u00edas.<\/p>\n","protected":false},"excerpt":{"rendered":"El \u00abCollegio Immacolata\u00bb de Conegliano Veneto es una instituci\u00f3n educativa igualitaria en la provincia de Treviso que se&#8230;","protected":false},"author":4,"featured_media":4420,"parent":0,"menu_order":0,"comment_status":"closed","ping_status":"closed","template":"page-template_statico.php","meta":[],"yoast_head":"<!-- This site is optimized with the Yoast SEO plugin v20.12 - https:\/\/yoast.com\/wordpress\/plugins\/seo\/ -->\n<title>Collegio Immacolata Conegliano - Scuola Cattolica Paritaria<\/title>\n<meta name=\"description\" content=\"Nato dalla passione educativa delle Salesiane di Don Bosco da oltre 100 anni la scuola \u00e8 punto riferimento educativo della provincia di Treviso\" \/>\n<meta name=\"robots\" content=\"index, follow, max-snippet:-1, max-image-preview:large, max-video-preview:-1\" \/>\n<link rel=\"canonical\" href=\"https:\/\/collegioimmacolata.it\/es\/chi-siamo-scuola\/\" \/>\n<meta property=\"og:locale\" content=\"es_ES\" \/>\n<meta property=\"og:type\" content=\"article\" \/>\n<meta property=\"og:title\" content=\"Collegio Immacolata Conegliano - Scuola Cattolica Paritaria\" \/>\n<meta property=\"og:description\" content=\"Nato dalla passione educativa delle Salesiane di Don Bosco da oltre 100 anni la scuola \u00e8 punto riferimento educativo della provincia di Treviso\" \/>\n<meta property=\"og:url\" content=\"https:\/\/collegioimmacolata.it\/es\/chi-siamo-scuola\/\" \/>\n<meta property=\"og:site_name\" content=\"Collegio Immacolata Conegliano\" \/>\n<meta property=\"article:publisher\" content=\"https:\/\/www.facebook.com\/CollegioImmacolata\/\" \/>\n<meta property=\"article:modified_time\" content=\"2020-08-04T12:24:38+00:00\" \/>\n<meta property=\"og:image\" content=\"https:\/\/collegioimmacolata.it\/wp-content\/uploads\/2015\/07\/collegio_scuola_conegliano_don_bosco.jpg\" \/>\n\t<meta property=\"og:image:width\" content=\"653\" \/>\n\t<meta property=\"og:image:height\" content=\"400\" \/>\n\t<meta property=\"og:image:type\" content=\"image\/jpeg\" \/>\n<meta name=\"twitter:card\" content=\"summary_large_image\" \/>\n<meta name=\"twitter:label1\" content=\"Tiempo de lectura\" \/>\n\t<meta name=\"twitter:data1\" content=\"1 minuto\" \/>\n<script type=\"application\/ld+json\" class=\"yoast-schema-graph\">{\"@context\":\"https:\/\/schema.org\",\"@graph\":[{\"@type\":\"WebPage\",\"@id\":\"https:\/\/collegioimmacolata.it\/es\/chi-siamo-scuola\/\",\"url\":\"https:\/\/collegioimmacolata.it\/es\/chi-siamo-scuola\/\",\"name\":\"Collegio Immacolata Conegliano - Scuola Cattolica Paritaria\",\"isPartOf\":{\"@id\":\"https:\/\/collegioimmacolata.it\/es\/#website\"},\"datePublished\":\"2015-07-13T06:57:39+00:00\",\"dateModified\":\"2020-08-04T12:24:38+00:00\",\"description\":\"Nato dalla passione educativa delle Salesiane di Don Bosco da oltre 100 anni la scuola \u00e8 punto riferimento educativo della provincia di Treviso\",\"breadcrumb\":{\"@id\":\"https:\/\/collegioimmacolata.it\/es\/chi-siamo-scuola\/#breadcrumb\"},\"inLanguage\":\"es\",\"potentialAction\":[{\"@type\":\"ReadAction\",\"target\":[\"https:\/\/collegioimmacolata.it\/es\/chi-siamo-scuola\/\"]}]},{\"@type\":\"BreadcrumbList\",\"@id\":\"https:\/\/collegioimmacolata.it\/es\/chi-siamo-scuola\/#breadcrumb\",\"itemListElement\":[{\"@type\":\"ListItem\",\"position\":1,\"name\":\"Home\",\"item\":\"https:\/\/collegioimmacolata.it\/es\/\"},{\"@type\":\"ListItem\",\"position\":2,\"name\":\"Quienes somos\"}]},{\"@type\":\"WebSite\",\"@id\":\"https:\/\/collegioimmacolata.it\/es\/#website\",\"url\":\"https:\/\/collegioimmacolata.it\/es\/\",\"name\":\"Collegio Immacolata Conegliano\",\"description\":\"Dal 1897 Scuola leader nell&#039;educazione di bambini e ragazzi, basata sulla pedagogia delle suore Salesiane offre percorsi innovativi e attenti alla persona\",\"publisher\":{\"@id\":\"https:\/\/collegioimmacolata.it\/es\/#organization\"},\"potentialAction\":[{\"@type\":\"SearchAction\",\"target\":{\"@type\":\"EntryPoint\",\"urlTemplate\":\"https:\/\/collegioimmacolata.it\/es\/?s={search_term_string}\"},\"query-input\":\"required name=search_term_string\"}],\"inLanguage\":\"es\"},{\"@type\":\"Organization\",\"@id\":\"https:\/\/collegioimmacolata.it\/es\/#organization\",\"name\":\"Collegio Immacolata Conegliano\",\"url\":\"https:\/\/collegioimmacolata.it\/es\/\",\"logo\":{\"@type\":\"ImageObject\",\"inLanguage\":\"es\",\"@id\":\"https:\/\/collegioimmacolata.it\/es\/#\/schema\/logo\/image\/\",\"url\":\"https:\/\/collegioimmacolata.it\/wp-content\/uploads\/2015\/08\/Favicon.jpg\",\"contentUrl\":\"https:\/\/collegioimmacolata.it\/wp-content\/uploads\/2015\/08\/Favicon.jpg\",\"width\":93,\"height\":93,\"caption\":\"Collegio Immacolata Conegliano\"},\"image\":{\"@id\":\"https:\/\/collegioimmacolata.it\/es\/#\/schema\/logo\/image\/\"},\"sameAs\":[\"https:\/\/www.facebook.com\/CollegioImmacolata\/\",\"https:\/\/www.youtube.com\/channel\/UCanScckbpzSY91ETQwAEmVw\"]}]}<\/script>\n<!-- \/ Yoast SEO plugin. -->","yoast_head_json":{"title":"Collegio Immacolata Conegliano - Scuola Cattolica Paritaria","description":"Nato dalla passione educativa delle Salesiane di Don Bosco da oltre 100 anni la scuola \u00e8 punto riferimento educativo della provincia di Treviso","robots":{"index":"index","follow":"follow","max-snippet":"max-snippet:-1","max-image-preview":"max-image-preview:large","max-video-preview":"max-video-preview:-1"},"canonical":"https:\/\/collegioimmacolata.it\/es\/chi-siamo-scuola\/","og_locale":"es_ES","og_type":"article","og_title":"Collegio Immacolata Conegliano - Scuola Cattolica Paritaria","og_description":"Nato dalla passione educativa delle Salesiane di Don Bosco da oltre 100 anni la scuola \u00e8 punto riferimento educativo della provincia di Treviso","og_url":"https:\/\/collegioimmacolata.it\/es\/chi-siamo-scuola\/","og_site_name":"Collegio Immacolata Conegliano","article_publisher":"https:\/\/www.facebook.com\/CollegioImmacolata\/","article_modified_time":"2020-08-04T12:24:38+00:00","og_image":[{"width":653,"height":400,"url":"https:\/\/collegioimmacolata.it\/wp-content\/uploads\/2015\/07\/collegio_scuola_conegliano_don_bosco.jpg","type":"image\/jpeg"}],"twitter_card":"summary_large_image","twitter_misc":{"Tiempo de lectura":"1 minuto"},"schema":{"@context":"https:\/\/schema.org","@graph":[{"@type":"WebPage","@id":"https:\/\/collegioimmacolata.it\/es\/chi-siamo-scuola\/","url":"https:\/\/collegioimmacolata.it\/es\/chi-siamo-scuola\/","name":"Collegio Immacolata Conegliano - Scuola Cattolica Paritaria","isPartOf":{"@id":"https:\/\/collegioimmacolata.it\/es\/#website"},"datePublished":"2015-07-13T06:57:39+00:00","dateModified":"2020-08-04T12:24:38+00:00","description":"Nato dalla passione educativa delle Salesiane di Don Bosco da oltre 100 anni la scuola \u00e8 punto riferimento educativo della provincia di Treviso","breadcrumb":{"@id":"https:\/\/collegioimmacolata.it\/es\/chi-siamo-scuola\/#breadcrumb"},"inLanguage":"es","potentialAction":[{"@type":"ReadAction","target":["https:\/\/collegioimmacolata.it\/es\/chi-siamo-scuola\/"]}]},{"@type":"BreadcrumbList","@id":"https:\/\/collegioimmacolata.it\/es\/chi-siamo-scuola\/#breadcrumb","itemListElement":[{"@type":"ListItem","position":1,"name":"Home","item":"https:\/\/collegioimmacolata.it\/es\/"},{"@type":"ListItem","position":2,"name":"Quienes somos"}]},{"@type":"WebSite","@id":"https:\/\/collegioimmacolata.it\/es\/#website","url":"https:\/\/collegioimmacolata.it\/es\/","name":"Collegio Immacolata Conegliano","description":"Dal 1897 Scuola leader nell&#039;educazione di bambini e ragazzi, basata sulla pedagogia delle suore Salesiane offre percorsi innovativi e attenti alla persona","publisher":{"@id":"https:\/\/collegioimmacolata.it\/es\/#organization"},"potentialAction":[{"@type":"SearchAction","target":{"@type":"EntryPoint","urlTemplate":"https:\/\/collegioimmacolata.it\/es\/?s={search_term_string}"},"query-input":"required name=search_term_string"}],"inLanguage":"es"},{"@type":"Organization","@id":"https:\/\/collegioimmacolata.it\/es\/#organization","name":"Collegio Immacolata Conegliano","url":"https:\/\/collegioimmacolata.it\/es\/","logo":{"@type":"ImageObject","inLanguage":"es","@id":"https:\/\/collegioimmacolata.it\/es\/#\/schema\/logo\/image\/","url":"https:\/\/collegioimmacolata.it\/wp-content\/uploads\/2015\/08\/Favicon.jpg","contentUrl":"https:\/\/collegioimmacolata.it\/wp-content\/uploads\/2015\/08\/Favicon.jpg","width":93,"height":93,"caption":"Collegio Immacolata Conegliano"},"image":{"@id":"https:\/\/collegioimmacolata.it\/es\/#\/schema\/logo\/image\/"},"sameAs":["https:\/\/www.facebook.com\/CollegioImmacolata\/","https:\/\/www.youtube.com\/channel\/UCanScckbpzSY91ETQwAEmVw"]}]}},"_links":{"self":[{"href":"https:\/\/collegioimmacolata.it\/es\/wp-json\/wp\/v2\/pages\/4419"}],"collection":[{"href":"https:\/\/collegioimmacolata.it\/es\/wp-json\/wp\/v2\/pages"}],"about":[{"href":"https:\/\/collegioimmacolata.it\/es\/wp-json\/wp\/v2\/types\/page"}],"author":[{"embeddable":true,"href":"https:\/\/collegioimmacolata.it\/es\/wp-json\/wp\/v2\/users\/4"}],"replies":[{"embeddable":true,"href":"https:\/\/collegioimmacolata.it\/es\/wp-json\/wp\/v2\/comments?post=4419"}],"version-history":[{"count":2,"href":"https:\/\/collegioimmacolata.it\/es\/wp-json\/wp\/v2\/pages\/4419\/revisions"}],"predecessor-version":[{"id":4543,"href":"https:\/\/collegioimmacolata.it\/es\/wp-json\/wp\/v2\/pages\/4419\/revisions\/4543"}],"wp:featuredmedia":[{"embeddable":true,"href":"https:\/\/collegioimmacolata.it\/es\/wp-json\/wp\/v2\/media\/4420"}],"wp:attachment":[{"href":"https:\/\/collegioimmacolata.it\/es\/wp-json\/wp\/v2\/media?parent=4419"}],"curies":[{"name":"wp","href":"https:\/\/api.w.org\/{rel}","templated":true}]}}

<p><img decoding="async" loading="lazy" class="alignnone wp-image-781 size-full" title="Simao la scuola Paritaria di Conegliano, centro educativo di eccellenza nel territorio di Treviso " src="/wp-content/uploads/2015/07/collegio_scuola_conegliano_don_bosco.jpg" alt="collegio_scuola_conegliano_don_bosco" width="653" height="400" srcset="https://collegioimmacolata.it/wp-content/uploads/2015/07/collegio_scuola_conegliano_don_bosco.jpg 653w, https://collegioimmacolata.it/wp-content/uploads/2015/07/collegio_scuola_conegliano_don_bosco-600x368.jpg 600w, https://collegioimmacolata.it/wp-content/uploads/2015/07/collegio_scuola_conegliano_don_bosco-120x74.jpg 120w, https://collegioimmacolata.it/wp-content/uploads/2015/07/collegio_scuola_conegliano_don_bosco-300x184.jpg 300w" sizes="(max-width: 653px) 100vw, 653px" /></p>
<p>El «Collegio Immacolata» de Conegliano Veneto es una institución educativa igualitaria en la provincia de Treviso que se ha ocupado de la educación de niños, adolescentes y jóvenes durante más de cien años.<br />
Nacido de la<strong> pasión educativa de las Hermanas salesianas</strong>, <strong>las «Hijas de María Auxiliadora»</strong>, continúa entregando una contribución original a la formación de las nuevas generaciones y un atento apoyo educativo a las familias, siguiendo el estilo del «<strong>Sistema preventivo</strong>» de Don Bosco.</p>
<p>El Instituto incluye:</p>
<ul>
<li><strong>Jardín de infantes</strong></li>
<li><strong>Escuela Primaria</strong></li>
<li><strong>Escuela secundaria de segundo grado</strong></li>
<li><strong>Oratorio Centro juvenil y animación del tiempo libre</strong></li>
</ul>
<p>El Immaculate College es parte del <strong>pluralismo cultural y está abierto al mundo exterior</strong> al mejorar la participación de los padres y prestar especial atención a las necesidades de capacitación expresadas por el territorio.</p>
<p>El instituto quiere ser el <strong>punto de referencia educativo para la comunidad de Conegliano y sus jóvenes</strong>, ayudándoles a crecer en un contexto positivo y atento a la persona, lo que estimula la confrontación, el diálogo intercultural y el descubrimiento.</p>
<p>La calidad didáctica y educativa está garantizada por la <strong>atención y la formación humana y cultural del personal docente</strong> a través de una actividad de actualización constante y cercana que les permite cumplir con el papel particular y delicado que están llamados a desempeñar todos los días.</p>

El «Collegio Immacolata» de Conegliano Veneto es una institución educativa igualitaria en la provincia de Treviso que se&#8230;

<!-- This site is optimized with the Yoast SEO plugin v20.12 - https://yoast.com/wordpress/plugins/seo/ -->
<title>Collegio Immacolata Conegliano - Scuola Cattolica Paritaria</title>
<meta name="description" content="Nato dalla passione educativa delle Salesiane di Don Bosco da oltre 100 anni la scuola è punto riferimento educativo della provincia di Treviso" />
<meta name="robots" content="index, follow, max-snippet:-1, max-image-preview:large, max-video-preview:-1" />
<link rel="canonical" href="https://collegioimmacolata.it/es/chi-siamo-scuola/" />
<meta property="og:locale" content="es_ES" />
<meta property="og:type" content="article" />
<meta property="og:title" content="Collegio Immacolata Conegliano - Scuola Cattolica Paritaria" />
<meta property="og:description" content="Nato dalla passione educativa delle Salesiane di Don Bosco da oltre 100 anni la scuola è punto riferimento educativo della provincia di Treviso" />
<meta property="og:url" content="https://collegioimmacolata.it/es/chi-siamo-scuola/" />
<meta property="og:site_name" content="Collegio Immacolata Conegliano" />
<meta property="article:publisher" content="https://www.facebook.com/CollegioImmacolata/" />
<meta property="article:modified_time" content="2020-08-04T12:24:38+00:00" />
<meta property="og:image" content="https://collegioimmacolata.it/wp-content/uploads/2015/07/collegio_scuola_conegliano_don_bosco.jpg" />
	<meta property="og:image:width" content="653" />
	<meta property="og:image:height" content="400" />
	<meta property="og:image:type" content="image/jpeg" />
<meta name="twitter:card" content="summary_large_image" />
<meta name="twitter:label1" content="Tiempo de lectura" />
	<meta name="twitter:data1" content="1 minuto" />
<script type="application/ld+json" class="yoast-schema-graph">{"@context":"https://schema.org","@graph":[{"@type":"WebPage","@id":"https://collegioimmacolata.it/es/chi-siamo-scuola/","url":"https://collegioimmacolata.it/es/chi-siamo-scuola/","name":"Collegio Immacolata Conegliano - Scuola Cattolica Paritaria","isPartOf":{"@id":"https://collegioimmacolata.it/es/#website"},"datePublished":"2015-07-13T06:57:39+00:00","dateModified":"2020-08-04T12:24:38+00:00","description":"Nato dalla passione educativa delle Salesiane di Don Bosco da oltre 100 anni la scuola è punto riferimento educativo della provincia di Treviso","breadcrumb":{"@id":"https://collegioimmacolata.it/es/chi-siamo-scuola/#breadcrumb"},"inLanguage":"es","potentialAction":[{"@type":"ReadAction","target":["https://collegioimmacolata.it/es/chi-siamo-scuola/"]}]},{"@type":"BreadcrumbList","@id":"https://collegioimmacolata.it/es/chi-siamo-scuola/#breadcrumb","itemListElement":[{"@type":"ListItem","position":1,"name":"Home","item":"https://collegioimmacolata.it/es/"},{"@type":"ListItem","position":2,"name":"Quienes somos"}]},{"@type":"WebSite","@id":"https://collegioimmacolata.it/es/#website","url":"https://collegioimmacolata.it/es/","name":"Collegio Immacolata Conegliano","description":"Dal 1897 Scuola leader nell&#039;educazione di bambini e ragazzi, basata sulla pedagogia delle suore Salesiane offre percorsi innovativi e attenti alla persona","publisher":{"@id":"https://collegioimmacolata.it/es/#organization"},"potentialAction":[{"@type":"SearchAction","target":{"@type":"EntryPoint","urlTemplate":"https://collegioimmacolata.it/es/?s={search_term_string}"},"query-input":"required name=search_term_string"}],"inLanguage":"es"},{"@type":"Organization","@id":"https://collegioimmacolata.it/es/#organization","name":"Collegio Immacolata Conegliano","url":"https://collegioimmacolata.it/es/","logo":{"@type":"ImageObject","inLanguage":"es","@id":"https://collegioimmacolata.it/es/#/schema/logo/image/","url":"https://collegioimmacolata.it/wp-content/uploads/2015/08/Favicon.jpg","contentUrl":"https://collegioimmacolata.it/wp-content/uploads/2015/08/Favicon.jpg","width":93,"height":93,"caption":"Collegio Immacolata Conegliano"},"image":{"@id":"https://collegioimmacolata.it/es/#/schema/logo/image/"},"sameAs":["https://www.facebook.com/CollegioImmacolata/","https://www.youtube.com/channel/UCanScckbpzSY91ETQwAEmVw"]}]}</script>
<!-- / Yoast SEO plugin. -->

Nato dalla passione educativa delle Salesiane di Don Bosco da oltre 100 anni la scuola è punto riferimento educativo della provincia di Treviso
