{"id":4423,"date":"2015-05-21T09:48:20","date_gmt":"2015-05-21T07:48:20","guid":{"rendered":"https:\/\/collegioimmacolata.it\/la-storia-collegio-scuola\/"},"modified":"2020-08-04T14:34:16","modified_gmt":"2020-08-04T12:34:16","slug":"la-storia-collegio-scuola","status":"publish","type":"page","link":"https:\/\/collegioimmacolata.it\/es\/la-storia-collegio-scuola\/","title":{"rendered":"Historia"},"content":{"rendered":"<p><img decoding=\"async\" loading=\"lazy\" width=\"653\" height=\"400\" class=\"alignnone size-full wp-image-796\" src=\"\/wp-content\/uploads\/2015\/05\/scuola_paritaria_conegliano_don_bosco_storia.jpg\" alt=\"scuola_paritaria_conegliano_don_bosco_storia\" srcset=\"https:\/\/collegioimmacolata.it\/wp-content\/uploads\/2015\/05\/scuola_paritaria_conegliano_don_bosco_storia.jpg 653w, https:\/\/collegioimmacolata.it\/wp-content\/uploads\/2015\/05\/scuola_paritaria_conegliano_don_bosco_storia-600x368.jpg 600w, https:\/\/collegioimmacolata.it\/wp-content\/uploads\/2015\/05\/scuola_paritaria_conegliano_don_bosco_storia-120x74.jpg 120w, https:\/\/collegioimmacolata.it\/wp-content\/uploads\/2015\/05\/scuola_paritaria_conegliano_don_bosco_storia-300x184.jpg 300w\" sizes=\"(max-width: 653px) 100vw, 653px\" \/><\/p>\n<p>La historia de la presencia de las Hijas de Mar\u00eda Auxiliadora en Conegliano Veneto tiene ra\u00edces lejanas, profundamente unidas al territorio y al coraz\u00f3n de la gente.<\/p>\n<p>Desde el inicio, las HMA, fueron protagonistas activas de la cultura y de la educaci\u00f2n en el territorio, por medio de un incansable trabajo en red y sinerg\u00eda que permiti\u00f2 construir en el tiempo relaciones aut\u00e9nticas , capaces de ser valida ayuda las familias y a los jovenes de la zona.<\/p>\n<blockquote><p><em>\u00abCuando Dios quiere que se desarrollen sus designos a favor de los j\u00f3venes, sucita hombres y mujeres con una fuerte pasi\u00f2n educativa y los acompa\u00f1a en su arduo camino.\u00bb<\/em><\/p><\/blockquote>\n<p>As\u00ed fue la experiencia del Colegio Inmaculada de Conegliano. Fue por sugerencia de una joven catequista de Conegliano al Parroco de San Roque que permiti\u00f3 tenet la presencia de las Hijas de Mar\u00eda Auxiliadora en la ciudad.<\/p>\n<p>El 10 de noviembre de 1897, las primeras 6 FMA llegaron a Conegliano, animadas por la joven Directora Hermana Clelia Genghini. Desde entonces, se abri\u00f3 una obra en construcci\u00f3n, a\u00fan en continua evoluci\u00f3n, con el objetivo de crear un ambiente rico en valores, capaz de educar y despertar un sentido de responsabilidad en los j\u00f3venes a quienes Don Bosco repiti\u00f3<\/p>\n<blockquote><p><em>\u201c\u00a1Eres el \u00fanico y continuo pensamiento de mi vida!\u201d<\/em><\/p><\/blockquote>\n<p>El primer ambiente educativo que abri\u00f3 sus puertas fue el <strong>Oratorio festivo<\/strong>, seguido de la <strong>Escuela Primaria que fue reconocida<\/strong> en 1963.<\/p>\n<p>En el aspecto estrictamente formativo para los j\u00f3venes y adultos laicos comprometidos, en el 1964 empez\u00f3 la Escuela Diocesana de Catequistas , seg\u00fan las indicaciones del Concilio Vaticano II y para ofrecer oportunidades culturales alternativas a los j\u00f3venes el CGS (Cinecircoli Giovanili Socio Culturali).<\/p>\n<h3>Un punto de inflexi\u00f3n cultural<\/h3>\n<p>La vida del Colegio desde los a\u00f1os 70 en adelante se caracteriz\u00f3 por la presencia siempre significativa de laicos como colaboradores en el trabajo educativo. En primer lugar, en las Asociaciones PGS (Salesian Youth Sports Club, 1973), TGS (Salesian Youth Tourism, 1984) y en la formaci\u00f3n de Leisure Animators (1987).<\/p>\n<p>En el a\u00f1o escolar <strong>2001-2002<\/strong>, <strong>todas las escuelas alcanzaron la igualdad<\/strong>, un gran logro, logrado a trav\u00e9s de la colaboraci\u00f3n participativa de los laicos y de todo el personal docente involucrado en la constante mejora de los proyectos educativos escolares \/ territoriales.<\/p>\n<p>Actualmente en la entrada no. 24 del Colegio de la Inmaculada se encuentran el Oratorio &#8211; Centro Juvenil, el apoyo escolar, los grupos de entrenamiento ADS (Amici Domenico Savio) y el GR.EST (actividades de grupos de verano).<\/p>\n","protected":false},"excerpt":{"rendered":"La historia de la presencia de las Hijas de Mar\u00eda Auxiliadora en Conegliano Veneto tiene ra\u00edces lejanas, profundamente&#8230;","protected":false},"author":4,"featured_media":4424,"parent":0,"menu_order":0,"comment_status":"open","ping_status":"closed","template":"page-template_statico.php","meta":[],"yoast_head":"<!-- This site is optimized with the Yoast SEO plugin v20.12 - https:\/\/yoast.com\/wordpress\/plugins\/seo\/ -->\n<title>La Storia del Collegio Immacolata - Scuola Paritaria Conegliano<\/title>\n<meta name=\"robots\" content=\"index, follow, max-snippet:-1, max-image-preview:large, max-video-preview:-1\" \/>\n<link rel=\"canonical\" href=\"https:\/\/collegioimmacolata.it\/es\/la-storia-collegio-scuola\/\" \/>\n<meta property=\"og:locale\" content=\"es_ES\" \/>\n<meta property=\"og:type\" content=\"article\" \/>\n<meta property=\"og:title\" content=\"La Storia del Collegio Immacolata - Scuola Paritaria Conegliano\" \/>\n<meta property=\"og:description\" content=\"La historia de la presencia de las Hijas de Mar\u00eda Auxiliadora en Conegliano Veneto tiene ra\u00edces lejanas, profundamente...\" \/>\n<meta property=\"og:url\" content=\"https:\/\/collegioimmacolata.it\/es\/la-storia-collegio-scuola\/\" \/>\n<meta property=\"og:site_name\" content=\"Collegio Immacolata Conegliano\" \/>\n<meta property=\"article:publisher\" content=\"https:\/\/www.facebook.com\/CollegioImmacolata\/\" \/>\n<meta property=\"article:modified_time\" content=\"2020-08-04T12:34:16+00:00\" \/>\n<meta property=\"og:image\" content=\"https:\/\/collegioimmacolata.it\/wp-content\/uploads\/2015\/05\/gruppo.jpg\" \/>\n\t<meta property=\"og:image:width\" content=\"1000\" \/>\n\t<meta property=\"og:image:height\" content=\"350\" \/>\n\t<meta property=\"og:image:type\" content=\"image\/jpeg\" \/>\n<meta name=\"twitter:card\" content=\"summary_large_image\" \/>\n<meta name=\"twitter:label1\" content=\"Tiempo de lectura\" \/>\n\t<meta name=\"twitter:data1\" content=\"2 minutos\" \/>\n<script type=\"application\/ld+json\" class=\"yoast-schema-graph\">{\"@context\":\"https:\/\/schema.org\",\"@graph\":[{\"@type\":\"WebPage\",\"@id\":\"https:\/\/collegioimmacolata.it\/es\/la-storia-collegio-scuola\/\",\"url\":\"https:\/\/collegioimmacolata.it\/es\/la-storia-collegio-scuola\/\",\"name\":\"La Storia del Collegio Immacolata - Scuola Paritaria Conegliano\",\"isPartOf\":{\"@id\":\"https:\/\/collegioimmacolata.it\/es\/#website\"},\"datePublished\":\"2015-05-21T07:48:20+00:00\",\"dateModified\":\"2020-08-04T12:34:16+00:00\",\"breadcrumb\":{\"@id\":\"https:\/\/collegioimmacolata.it\/es\/la-storia-collegio-scuola\/#breadcrumb\"},\"inLanguage\":\"es\",\"potentialAction\":[{\"@type\":\"ReadAction\",\"target\":[\"https:\/\/collegioimmacolata.it\/es\/la-storia-collegio-scuola\/\"]}]},{\"@type\":\"BreadcrumbList\",\"@id\":\"https:\/\/collegioimmacolata.it\/es\/la-storia-collegio-scuola\/#breadcrumb\",\"itemListElement\":[{\"@type\":\"ListItem\",\"position\":1,\"name\":\"Home\",\"item\":\"https:\/\/collegioimmacolata.it\/es\/\"},{\"@type\":\"ListItem\",\"position\":2,\"name\":\"Historia\"}]},{\"@type\":\"WebSite\",\"@id\":\"https:\/\/collegioimmacolata.it\/es\/#website\",\"url\":\"https:\/\/collegioimmacolata.it\/es\/\",\"name\":\"Collegio Immacolata Conegliano\",\"description\":\"Dal 1897 Scuola leader nell&#039;educazione di bambini e ragazzi, basata sulla pedagogia delle suore Salesiane offre percorsi innovativi e attenti alla persona\",\"publisher\":{\"@id\":\"https:\/\/collegioimmacolata.it\/es\/#organization\"},\"potentialAction\":[{\"@type\":\"SearchAction\",\"target\":{\"@type\":\"EntryPoint\",\"urlTemplate\":\"https:\/\/collegioimmacolata.it\/es\/?s={search_term_string}\"},\"query-input\":\"required name=search_term_string\"}],\"inLanguage\":\"es\"},{\"@type\":\"Organization\",\"@id\":\"https:\/\/collegioimmacolata.it\/es\/#organization\",\"name\":\"Collegio Immacolata Conegliano\",\"url\":\"https:\/\/collegioimmacolata.it\/es\/\",\"logo\":{\"@type\":\"ImageObject\",\"inLanguage\":\"es\",\"@id\":\"https:\/\/collegioimmacolata.it\/es\/#\/schema\/logo\/image\/\",\"url\":\"https:\/\/collegioimmacolata.it\/wp-content\/uploads\/2015\/08\/Favicon.jpg\",\"contentUrl\":\"https:\/\/collegioimmacolata.it\/wp-content\/uploads\/2015\/08\/Favicon.jpg\",\"width\":93,\"height\":93,\"caption\":\"Collegio Immacolata Conegliano\"},\"image\":{\"@id\":\"https:\/\/collegioimmacolata.it\/es\/#\/schema\/logo\/image\/\"},\"sameAs\":[\"https:\/\/www.facebook.com\/CollegioImmacolata\/\",\"https:\/\/www.youtube.com\/channel\/UCanScckbpzSY91ETQwAEmVw\"]}]}<\/script>\n<!-- \/ Yoast SEO plugin. -->","yoast_head_json":{"title":"La Storia del Collegio Immacolata - Scuola Paritaria Conegliano","robots":{"index":"index","follow":"follow","max-snippet":"max-snippet:-1","max-image-preview":"max-image-preview:large","max-video-preview":"max-video-preview:-1"},"canonical":"https:\/\/collegioimmacolata.it\/es\/la-storia-collegio-scuola\/","og_locale":"es_ES","og_type":"article","og_title":"La Storia del Collegio Immacolata - Scuola Paritaria Conegliano","og_description":"La historia de la presencia de las Hijas de Mar\u00eda Auxiliadora en Conegliano Veneto tiene ra\u00edces lejanas, profundamente...","og_url":"https:\/\/collegioimmacolata.it\/es\/la-storia-collegio-scuola\/","og_site_name":"Collegio Immacolata Conegliano","article_publisher":"https:\/\/www.facebook.com\/CollegioImmacolata\/","article_modified_time":"2020-08-04T12:34:16+00:00","og_image":[{"width":1000,"height":350,"url":"https:\/\/collegioimmacolata.it\/wp-content\/uploads\/2015\/05\/gruppo.jpg","type":"image\/jpeg"}],"twitter_card":"summary_large_image","twitter_misc":{"Tiempo de lectura":"2 minutos"},"schema":{"@context":"https:\/\/schema.org","@graph":[{"@type":"WebPage","@id":"https:\/\/collegioimmacolata.it\/es\/la-storia-collegio-scuola\/","url":"https:\/\/collegioimmacolata.it\/es\/la-storia-collegio-scuola\/","name":"La Storia del Collegio Immacolata - Scuola Paritaria Conegliano","isPartOf":{"@id":"https:\/\/collegioimmacolata.it\/es\/#website"},"datePublished":"2015-05-21T07:48:20+00:00","dateModified":"2020-08-04T12:34:16+00:00","breadcrumb":{"@id":"https:\/\/collegioimmacolata.it\/es\/la-storia-collegio-scuola\/#breadcrumb"},"inLanguage":"es","potentialAction":[{"@type":"ReadAction","target":["https:\/\/collegioimmacolata.it\/es\/la-storia-collegio-scuola\/"]}]},{"@type":"BreadcrumbList","@id":"https:\/\/collegioimmacolata.it\/es\/la-storia-collegio-scuola\/#breadcrumb","itemListElement":[{"@type":"ListItem","position":1,"name":"Home","item":"https:\/\/collegioimmacolata.it\/es\/"},{"@type":"ListItem","position":2,"name":"Historia"}]},{"@type":"WebSite","@id":"https:\/\/collegioimmacolata.it\/es\/#website","url":"https:\/\/collegioimmacolata.it\/es\/","name":"Collegio Immacolata Conegliano","description":"Dal 1897 Scuola leader nell&#039;educazione di bambini e ragazzi, basata sulla pedagogia delle suore Salesiane offre percorsi innovativi e attenti alla persona","publisher":{"@id":"https:\/\/collegioimmacolata.it\/es\/#organization"},"potentialAction":[{"@type":"SearchAction","target":{"@type":"EntryPoint","urlTemplate":"https:\/\/collegioimmacolata.it\/es\/?s={search_term_string}"},"query-input":"required name=search_term_string"}],"inLanguage":"es"},{"@type":"Organization","@id":"https:\/\/collegioimmacolata.it\/es\/#organization","name":"Collegio Immacolata Conegliano","url":"https:\/\/collegioimmacolata.it\/es\/","logo":{"@type":"ImageObject","inLanguage":"es","@id":"https:\/\/collegioimmacolata.it\/es\/#\/schema\/logo\/image\/","url":"https:\/\/collegioimmacolata.it\/wp-content\/uploads\/2015\/08\/Favicon.jpg","contentUrl":"https:\/\/collegioimmacolata.it\/wp-content\/uploads\/2015\/08\/Favicon.jpg","width":93,"height":93,"caption":"Collegio Immacolata Conegliano"},"image":{"@id":"https:\/\/collegioimmacolata.it\/es\/#\/schema\/logo\/image\/"},"sameAs":["https:\/\/www.facebook.com\/CollegioImmacolata\/","https:\/\/www.youtube.com\/channel\/UCanScckbpzSY91ETQwAEmVw"]}]}},"_links":{"self":[{"href":"https:\/\/collegioimmacolata.it\/es\/wp-json\/wp\/v2\/pages\/4423"}],"collection":[{"href":"https:\/\/collegioimmacolata.it\/es\/wp-json\/wp\/v2\/pages"}],"about":[{"href":"https:\/\/collegioimmacolata.it\/es\/wp-json\/wp\/v2\/types\/page"}],"author":[{"embeddable":true,"href":"https:\/\/collegioimmacolata.it\/es\/wp-json\/wp\/v2\/users\/4"}],"replies":[{"embeddable":true,"href":"https:\/\/collegioimmacolata.it\/es\/wp-json\/wp\/v2\/comments?post=4423"}],"version-history":[{"count":3,"href":"https:\/\/collegioimmacolata.it\/es\/wp-json\/wp\/v2\/pages\/4423\/revisions"}],"predecessor-version":[{"id":4551,"href":"https:\/\/collegioimmacolata.it\/es\/wp-json\/wp\/v2\/pages\/4423\/revisions\/4551"}],"wp:featuredmedia":[{"embeddable":true,"href":"https:\/\/collegioimmacolata.it\/es\/wp-json\/wp\/v2\/media\/4424"}],"wp:attachment":[{"href":"https:\/\/collegioimmacolata.it\/es\/wp-json\/wp\/v2\/media?parent=4423"}],"curies":[{"name":"wp","href":"https:\/\/api.w.org\/{rel}","templated":true}]}}

<p><img decoding="async" loading="lazy" width="653" height="400" class="alignnone size-full wp-image-796" src="/wp-content/uploads/2015/05/scuola_paritaria_conegliano_don_bosco_storia.jpg" alt="scuola_paritaria_conegliano_don_bosco_storia" srcset="https://collegioimmacolata.it/wp-content/uploads/2015/05/scuola_paritaria_conegliano_don_bosco_storia.jpg 653w, https://collegioimmacolata.it/wp-content/uploads/2015/05/scuola_paritaria_conegliano_don_bosco_storia-600x368.jpg 600w, https://collegioimmacolata.it/wp-content/uploads/2015/05/scuola_paritaria_conegliano_don_bosco_storia-120x74.jpg 120w, https://collegioimmacolata.it/wp-content/uploads/2015/05/scuola_paritaria_conegliano_don_bosco_storia-300x184.jpg 300w" sizes="(max-width: 653px) 100vw, 653px" /></p>
<p>La historia de la presencia de las Hijas de María Auxiliadora en Conegliano Veneto tiene raíces lejanas, profundamente unidas al territorio y al corazón de la gente.</p>
<p>Desde el inicio, las HMA, fueron protagonistas activas de la cultura y de la educaciòn en el territorio, por medio de un incansable trabajo en red y sinergía que permitiò construir en el tiempo relaciones auténticas , capaces de ser valida ayuda las familias y a los jovenes de la zona.</p>
<blockquote><p><em>«Cuando Dios quiere que se desarrollen sus designos a favor de los jóvenes, sucita hombres y mujeres con una fuerte pasiòn educativa y los acompaña en su arduo camino.»</em></p></blockquote>
<p>Así fue la experiencia del Colegio Inmaculada de Conegliano. Fue por sugerencia de una joven catequista de Conegliano al Parroco de San Roque que permitió tenet la presencia de las Hijas de María Auxiliadora en la ciudad.</p>
<p>El 10 de noviembre de 1897, las primeras 6 FMA llegaron a Conegliano, animadas por la joven Directora Hermana Clelia Genghini. Desde entonces, se abrió una obra en construcción, aún en continua evolución, con el objetivo de crear un ambiente rico en valores, capaz de educar y despertar un sentido de responsabilidad en los jóvenes a quienes Don Bosco repitió</p>
<blockquote><p><em>“¡Eres el único y continuo pensamiento de mi vida!”</em></p></blockquote>
<p>El primer ambiente educativo que abrió sus puertas fue el <strong>Oratorio festivo</strong>, seguido de la <strong>Escuela Primaria que fue reconocida</strong> en 1963.</p>
<p>En el aspecto estrictamente formativo para los jóvenes y adultos laicos comprometidos, en el 1964 empezó la Escuela Diocesana de Catequistas , según las indicaciones del Concilio Vaticano II y para ofrecer oportunidades culturales alternativas a los jóvenes el CGS (Cinecircoli Giovanili Socio Culturali).</p>
<h3>Un punto de inflexión cultural</h3>
<p>La vida del Colegio desde los años 70 en adelante se caracterizó por la presencia siempre significativa de laicos como colaboradores en el trabajo educativo. En primer lugar, en las Asociaciones PGS (Salesian Youth Sports Club, 1973), TGS (Salesian Youth Tourism, 1984) y en la formación de Leisure Animators (1987).</p>
<p>En el año escolar <strong>2001-2002</strong>, <strong>todas las escuelas alcanzaron la igualdad</strong>, un gran logro, logrado a través de la colaboración participativa de los laicos y de todo el personal docente involucrado en la constante mejora de los proyectos educativos escolares / territoriales.</p>
<p>Actualmente en la entrada no. 24 del Colegio de la Inmaculada se encuentran el Oratorio &#8211; Centro Juvenil, el apoyo escolar, los grupos de entrenamiento ADS (Amici Domenico Savio) y el GR.EST (actividades de grupos de verano).</p>

La historia de la presencia de las Hijas de María Auxiliadora en Conegliano Veneto tiene raíces lejanas, profundamente&#8230;

<!-- This site is optimized with the Yoast SEO plugin v20.12 - https://yoast.com/wordpress/plugins/seo/ -->
<title>La Storia del Collegio Immacolata - Scuola Paritaria Conegliano</title>
<meta name="robots" content="index, follow, max-snippet:-1, max-image-preview:large, max-video-preview:-1" />
<link rel="canonical" href="https://collegioimmacolata.it/es/la-storia-collegio-scuola/" />
<meta property="og:locale" content="es_ES" />
<meta property="og:type" content="article" />
<meta property="og:title" content="La Storia del Collegio Immacolata - Scuola Paritaria Conegliano" />
<meta property="og:description" content="La historia de la presencia de las Hijas de María Auxiliadora en Conegliano Veneto tiene raíces lejanas, profundamente..." />
<meta property="og:url" content="https://collegioimmacolata.it/es/la-storia-collegio-scuola/" />
<meta property="og:site_name" content="Collegio Immacolata Conegliano" />
<meta property="article:publisher" content="https://www.facebook.com/CollegioImmacolata/" />
<meta property="article:modified_time" content="2020-08-04T12:34:16+00:00" />
<meta property="og:image" content="https://collegioimmacolata.it/wp-content/uploads/2015/05/gruppo.jpg" />
	<meta property="og:image:width" content="1000" />
	<meta property="og:image:height" content="350" />
	<meta property="og:image:type" content="image/jpeg" />
<meta name="twitter:card" content="summary_large_image" />
<meta name="twitter:label1" content="Tiempo de lectura" />
	<meta name="twitter:data1" content="2 minutos" />
<script type="application/ld+json" class="yoast-schema-graph">{"@context":"https://schema.org","@graph":[{"@type":"WebPage","@id":"https://collegioimmacolata.it/es/la-storia-collegio-scuola/","url":"https://collegioimmacolata.it/es/la-storia-collegio-scuola/","name":"La Storia del Collegio Immacolata - Scuola Paritaria Conegliano","isPartOf":{"@id":"https://collegioimmacolata.it/es/#website"},"datePublished":"2015-05-21T07:48:20+00:00","dateModified":"2020-08-04T12:34:16+00:00","breadcrumb":{"@id":"https://collegioimmacolata.it/es/la-storia-collegio-scuola/#breadcrumb"},"inLanguage":"es","potentialAction":[{"@type":"ReadAction","target":["https://collegioimmacolata.it/es/la-storia-collegio-scuola/"]}]},{"@type":"BreadcrumbList","@id":"https://collegioimmacolata.it/es/la-storia-collegio-scuola/#breadcrumb","itemListElement":[{"@type":"ListItem","position":1,"name":"Home","item":"https://collegioimmacolata.it/es/"},{"@type":"ListItem","position":2,"name":"Historia"}]},{"@type":"WebSite","@id":"https://collegioimmacolata.it/es/#website","url":"https://collegioimmacolata.it/es/","name":"Collegio Immacolata Conegliano","description":"Dal 1897 Scuola leader nell&#039;educazione di bambini e ragazzi, basata sulla pedagogia delle suore Salesiane offre percorsi innovativi e attenti alla persona","publisher":{"@id":"https://collegioimmacolata.it/es/#organization"},"potentialAction":[{"@type":"SearchAction","target":{"@type":"EntryPoint","urlTemplate":"https://collegioimmacolata.it/es/?s={search_term_string}"},"query-input":"required name=search_term_string"}],"inLanguage":"es"},{"@type":"Organization","@id":"https://collegioimmacolata.it/es/#organization","name":"Collegio Immacolata Conegliano","url":"https://collegioimmacolata.it/es/","logo":{"@type":"ImageObject","inLanguage":"es","@id":"https://collegioimmacolata.it/es/#/schema/logo/image/","url":"https://collegioimmacolata.it/wp-content/uploads/2015/08/Favicon.jpg","contentUrl":"https://collegioimmacolata.it/wp-content/uploads/2015/08/Favicon.jpg","width":93,"height":93,"caption":"Collegio Immacolata Conegliano"},"image":{"@id":"https://collegioimmacolata.it/es/#/schema/logo/image/"},"sameAs":["https://www.facebook.com/CollegioImmacolata/","https://www.youtube.com/channel/UCanScckbpzSY91ETQwAEmVw"]}]}</script>
<!-- / Yoast SEO plugin. -->

La historia de la presencia de las Hijas de María Auxiliadora en Conegliano Veneto tiene raíces lejanas, profundamente...
