{"id":4427,"date":"2015-05-21T09:48:33","date_gmt":"2015-05-21T07:48:33","guid":{"rendered":"https:\/\/collegioimmacolata.it\/figlie-maria-ausiliatrice-salesiane-scuola\/"},"modified":"2020-08-04T14:49:47","modified_gmt":"2020-08-04T12:49:47","slug":"figlie-maria-ausiliatrice-salesiane-scuola","status":"publish","type":"page","link":"https:\/\/collegioimmacolata.it\/es\/figlie-maria-ausiliatrice-salesiane-scuola\/","title":{"rendered":"Las FMA"},"content":{"rendered":"<p><img decoding=\"async\" loading=\"lazy\" width=\"653\" height=\"400\" class=\"alignnone size-full wp-image-803\" src=\"\/wp-content\/uploads\/2015\/05\/Scuola_salesiane_conegliano_immacolata.jpg\" alt=\"Scuola_salesiane_conegliano_immacolata\" srcset=\"https:\/\/collegioimmacolata.it\/wp-content\/uploads\/2015\/05\/Scuola_salesiane_conegliano_immacolata.jpg 653w, https:\/\/collegioimmacolata.it\/wp-content\/uploads\/2015\/05\/Scuola_salesiane_conegliano_immacolata-600x368.jpg 600w, https:\/\/collegioimmacolata.it\/wp-content\/uploads\/2015\/05\/Scuola_salesiane_conegliano_immacolata-120x74.jpg 120w, https:\/\/collegioimmacolata.it\/wp-content\/uploads\/2015\/05\/Scuola_salesiane_conegliano_immacolata-300x184.jpg 300w\" sizes=\"(max-width: 653px) 100vw, 653px\" \/><\/p>\n<p>El Instituto de las Hijas de Mar\u00eda Auxiliadora es una familia religiosa nacida desde el coraz\u00f3n de <strong>Don Bosco<\/strong> y desde la fidelidad creativa de <strong>Santa Mar\u00eca Dominga Mazzarello<\/strong>.<\/p>\n<blockquote><p><em>\u00abDon Bosco eligi\u00f3 este nombre porque nos quiso como un monumento vivo de agradecimiento a Mar\u00eda Auxiliadora (FMA &#8211; Hijas de Mar\u00eda Auxiliadora) capaz de seguir la formaci\u00f3n y educaci\u00f3n de los j\u00f3venes a trav\u00e9s de la fundaci\u00f3n de obras educativas (escuelas).\u00bb<\/em><\/p><\/blockquote>\n<p>En Tur\u00edn, la decisi\u00f3n de fundar una instituci\u00f3n a favor de las mujeres j\u00f3venes lleg\u00f3 a Don Bosco por la solicitud de varias personas, desde la observaci\u00f3n del estado de abandono y pobreza en el que se encontraban muchas ni\u00f1as. Tras el contacto con varios Institutos femeninos, impulsado por la profundidad de su devoci\u00f3n mariana y por la confirmaci\u00f3n del Papa P\u00edo IX que lo alent\u00f3 hacia este camino, Don Bosco se dej\u00f3 guiar por los repetidos \u00absue\u00f1os\u00bb y hechos extraordinarios que \u00e9l mismo cont\u00f3, poniendo las primeras semillas de lo que pronto se convertir\u00eda en un gran instituto religioso femenino.<\/p>\n<p>Al mismo tiempo en Mornese, en las colinas de Monferrato, la joven Mar\u00eda Domenica Mazzarello anim\u00f3 a un grupo de j\u00f3venes mujeres para que se dedicaran a las ni\u00f1as de la ciudad, con el objetivo de ense\u00f1arles un trabajo, pero, sobre todo, con el compromiso de orientarlas a la vida cristiana.<\/p>\n<p>A distancia, dos se\u00f1ales en la misma longitud de onda enviaron un mensaje id\u00e9ntico: el ambiente educativo que ya exist\u00eda en Tur\u00edn-Valdocco, para ni\u00f1os de Don Bosco, iba a nacer para ni\u00f1as y mujeres j\u00f3venes. Maria Domenica Mazzarello fue cofundadora en dar vida, forma y desarrollo a la nueva instituci\u00f3n.<\/p>\n<p>El <strong>5 de agosto 1872<\/strong> el primer grupo de jovenes mujeres pronunciaron su \u00absi\u00bbcomo la Virgen Mar\u00eda, para ser \u00abauxilio\u00bb, sobre todo, entre las jovenes.<\/p>\n","protected":false},"excerpt":{"rendered":"El Instituto de las Hijas de Mar\u00eda Auxiliadora es una familia religiosa nacida desde el coraz\u00f3n de Don&#8230;","protected":false},"author":4,"featured_media":4424,"parent":0,"menu_order":0,"comment_status":"open","ping_status":"closed","template":"page-template_statico.php","meta":[],"yoast_head":"<!-- This site is optimized with the Yoast SEO plugin v20.12 - https:\/\/yoast.com\/wordpress\/plugins\/seo\/ -->\n<title>Le FMA (Figlie di Maria Ausiliatrice) - Istituto Immacolata Conegliano<\/title>\n<meta name=\"description\" content=\"Immacolata\" \/>\n<meta name=\"robots\" content=\"index, follow, max-snippet:-1, max-image-preview:large, max-video-preview:-1\" \/>\n<link rel=\"canonical\" href=\"https:\/\/collegioimmacolata.it\/es\/figlie-maria-ausiliatrice-salesiane-scuola\/\" \/>\n<meta property=\"og:locale\" content=\"es_ES\" \/>\n<meta property=\"og:type\" content=\"article\" \/>\n<meta property=\"og:title\" content=\"Le FMA (Figlie di Maria Ausiliatrice) - Istituto Immacolata Conegliano\" \/>\n<meta property=\"og:description\" content=\"Immacolata\" \/>\n<meta property=\"og:url\" content=\"https:\/\/collegioimmacolata.it\/es\/figlie-maria-ausiliatrice-salesiane-scuola\/\" \/>\n<meta property=\"og:site_name\" content=\"Collegio Immacolata Conegliano\" \/>\n<meta property=\"article:publisher\" content=\"https:\/\/www.facebook.com\/CollegioImmacolata\/\" \/>\n<meta property=\"article:modified_time\" content=\"2020-08-04T12:49:47+00:00\" \/>\n<meta property=\"og:image\" content=\"https:\/\/collegioimmacolata.it\/wp-content\/uploads\/2015\/05\/gruppo.jpg\" \/>\n\t<meta property=\"og:image:width\" content=\"1000\" \/>\n\t<meta property=\"og:image:height\" content=\"350\" \/>\n\t<meta property=\"og:image:type\" content=\"image\/jpeg\" \/>\n<meta name=\"twitter:card\" content=\"summary_large_image\" \/>\n<meta name=\"twitter:label1\" content=\"Tiempo de lectura\" \/>\n\t<meta name=\"twitter:data1\" content=\"2 minutos\" \/>\n<script type=\"application\/ld+json\" class=\"yoast-schema-graph\">{\"@context\":\"https:\/\/schema.org\",\"@graph\":[{\"@type\":\"WebPage\",\"@id\":\"https:\/\/collegioimmacolata.it\/es\/figlie-maria-ausiliatrice-salesiane-scuola\/\",\"url\":\"https:\/\/collegioimmacolata.it\/es\/figlie-maria-ausiliatrice-salesiane-scuola\/\",\"name\":\"Le FMA (Figlie di Maria Ausiliatrice) - Istituto Immacolata Conegliano\",\"isPartOf\":{\"@id\":\"https:\/\/collegioimmacolata.it\/es\/#website\"},\"datePublished\":\"2015-05-21T07:48:33+00:00\",\"dateModified\":\"2020-08-04T12:49:47+00:00\",\"description\":\"Immacolata\",\"breadcrumb\":{\"@id\":\"https:\/\/collegioimmacolata.it\/es\/figlie-maria-ausiliatrice-salesiane-scuola\/#breadcrumb\"},\"inLanguage\":\"es\",\"potentialAction\":[{\"@type\":\"ReadAction\",\"target\":[\"https:\/\/collegioimmacolata.it\/es\/figlie-maria-ausiliatrice-salesiane-scuola\/\"]}]},{\"@type\":\"BreadcrumbList\",\"@id\":\"https:\/\/collegioimmacolata.it\/es\/figlie-maria-ausiliatrice-salesiane-scuola\/#breadcrumb\",\"itemListElement\":[{\"@type\":\"ListItem\",\"position\":1,\"name\":\"Home\",\"item\":\"https:\/\/collegioimmacolata.it\/es\/\"},{\"@type\":\"ListItem\",\"position\":2,\"name\":\"Las FMA\"}]},{\"@type\":\"WebSite\",\"@id\":\"https:\/\/collegioimmacolata.it\/es\/#website\",\"url\":\"https:\/\/collegioimmacolata.it\/es\/\",\"name\":\"Collegio Immacolata Conegliano\",\"description\":\"Dal 1897 Scuola leader nell&#039;educazione di bambini e ragazzi, basata sulla pedagogia delle suore Salesiane offre percorsi innovativi e attenti alla persona\",\"publisher\":{\"@id\":\"https:\/\/collegioimmacolata.it\/es\/#organization\"},\"potentialAction\":[{\"@type\":\"SearchAction\",\"target\":{\"@type\":\"EntryPoint\",\"urlTemplate\":\"https:\/\/collegioimmacolata.it\/es\/?s={search_term_string}\"},\"query-input\":\"required name=search_term_string\"}],\"inLanguage\":\"es\"},{\"@type\":\"Organization\",\"@id\":\"https:\/\/collegioimmacolata.it\/es\/#organization\",\"name\":\"Collegio Immacolata Conegliano\",\"url\":\"https:\/\/collegioimmacolata.it\/es\/\",\"logo\":{\"@type\":\"ImageObject\",\"inLanguage\":\"es\",\"@id\":\"https:\/\/collegioimmacolata.it\/es\/#\/schema\/logo\/image\/\",\"url\":\"https:\/\/collegioimmacolata.it\/wp-content\/uploads\/2015\/08\/Favicon.jpg\",\"contentUrl\":\"https:\/\/collegioimmacolata.it\/wp-content\/uploads\/2015\/08\/Favicon.jpg\",\"width\":93,\"height\":93,\"caption\":\"Collegio Immacolata Conegliano\"},\"image\":{\"@id\":\"https:\/\/collegioimmacolata.it\/es\/#\/schema\/logo\/image\/\"},\"sameAs\":[\"https:\/\/www.facebook.com\/CollegioImmacolata\/\",\"https:\/\/www.youtube.com\/channel\/UCanScckbpzSY91ETQwAEmVw\"]}]}<\/script>\n<!-- \/ Yoast SEO plugin. -->","yoast_head_json":{"title":"Le FMA (Figlie di Maria Ausiliatrice) - Istituto Immacolata Conegliano","description":"Immacolata","robots":{"index":"index","follow":"follow","max-snippet":"max-snippet:-1","max-image-preview":"max-image-preview:large","max-video-preview":"max-video-preview:-1"},"canonical":"https:\/\/collegioimmacolata.it\/es\/figlie-maria-ausiliatrice-salesiane-scuola\/","og_locale":"es_ES","og_type":"article","og_title":"Le FMA (Figlie di Maria Ausiliatrice) - Istituto Immacolata Conegliano","og_description":"Immacolata","og_url":"https:\/\/collegioimmacolata.it\/es\/figlie-maria-ausiliatrice-salesiane-scuola\/","og_site_name":"Collegio Immacolata Conegliano","article_publisher":"https:\/\/www.facebook.com\/CollegioImmacolata\/","article_modified_time":"2020-08-04T12:49:47+00:00","og_image":[{"width":1000,"height":350,"url":"https:\/\/collegioimmacolata.it\/wp-content\/uploads\/2015\/05\/gruppo.jpg","type":"image\/jpeg"}],"twitter_card":"summary_large_image","twitter_misc":{"Tiempo de lectura":"2 minutos"},"schema":{"@context":"https:\/\/schema.org","@graph":[{"@type":"WebPage","@id":"https:\/\/collegioimmacolata.it\/es\/figlie-maria-ausiliatrice-salesiane-scuola\/","url":"https:\/\/collegioimmacolata.it\/es\/figlie-maria-ausiliatrice-salesiane-scuola\/","name":"Le FMA (Figlie di Maria Ausiliatrice) - Istituto Immacolata Conegliano","isPartOf":{"@id":"https:\/\/collegioimmacolata.it\/es\/#website"},"datePublished":"2015-05-21T07:48:33+00:00","dateModified":"2020-08-04T12:49:47+00:00","description":"Immacolata","breadcrumb":{"@id":"https:\/\/collegioimmacolata.it\/es\/figlie-maria-ausiliatrice-salesiane-scuola\/#breadcrumb"},"inLanguage":"es","potentialAction":[{"@type":"ReadAction","target":["https:\/\/collegioimmacolata.it\/es\/figlie-maria-ausiliatrice-salesiane-scuola\/"]}]},{"@type":"BreadcrumbList","@id":"https:\/\/collegioimmacolata.it\/es\/figlie-maria-ausiliatrice-salesiane-scuola\/#breadcrumb","itemListElement":[{"@type":"ListItem","position":1,"name":"Home","item":"https:\/\/collegioimmacolata.it\/es\/"},{"@type":"ListItem","position":2,"name":"Las FMA"}]},{"@type":"WebSite","@id":"https:\/\/collegioimmacolata.it\/es\/#website","url":"https:\/\/collegioimmacolata.it\/es\/","name":"Collegio Immacolata Conegliano","description":"Dal 1897 Scuola leader nell&#039;educazione di bambini e ragazzi, basata sulla pedagogia delle suore Salesiane offre percorsi innovativi e attenti alla persona","publisher":{"@id":"https:\/\/collegioimmacolata.it\/es\/#organization"},"potentialAction":[{"@type":"SearchAction","target":{"@type":"EntryPoint","urlTemplate":"https:\/\/collegioimmacolata.it\/es\/?s={search_term_string}"},"query-input":"required name=search_term_string"}],"inLanguage":"es"},{"@type":"Organization","@id":"https:\/\/collegioimmacolata.it\/es\/#organization","name":"Collegio Immacolata Conegliano","url":"https:\/\/collegioimmacolata.it\/es\/","logo":{"@type":"ImageObject","inLanguage":"es","@id":"https:\/\/collegioimmacolata.it\/es\/#\/schema\/logo\/image\/","url":"https:\/\/collegioimmacolata.it\/wp-content\/uploads\/2015\/08\/Favicon.jpg","contentUrl":"https:\/\/collegioimmacolata.it\/wp-content\/uploads\/2015\/08\/Favicon.jpg","width":93,"height":93,"caption":"Collegio Immacolata Conegliano"},"image":{"@id":"https:\/\/collegioimmacolata.it\/es\/#\/schema\/logo\/image\/"},"sameAs":["https:\/\/www.facebook.com\/CollegioImmacolata\/","https:\/\/www.youtube.com\/channel\/UCanScckbpzSY91ETQwAEmVw"]}]}},"_links":{"self":[{"href":"https:\/\/collegioimmacolata.it\/es\/wp-json\/wp\/v2\/pages\/4427"}],"collection":[{"href":"https:\/\/collegioimmacolata.it\/es\/wp-json\/wp\/v2\/pages"}],"about":[{"href":"https:\/\/collegioimmacolata.it\/es\/wp-json\/wp\/v2\/types\/page"}],"author":[{"embeddable":true,"href":"https:\/\/collegioimmacolata.it\/es\/wp-json\/wp\/v2\/users\/4"}],"replies":[{"embeddable":true,"href":"https:\/\/collegioimmacolata.it\/es\/wp-json\/wp\/v2\/comments?post=4427"}],"version-history":[{"count":3,"href":"https:\/\/collegioimmacolata.it\/es\/wp-json\/wp\/v2\/pages\/4427\/revisions"}],"predecessor-version":[{"id":4561,"href":"https:\/\/collegioimmacolata.it\/es\/wp-json\/wp\/v2\/pages\/4427\/revisions\/4561"}],"wp:featuredmedia":[{"embeddable":true,"href":"https:\/\/collegioimmacolata.it\/es\/wp-json\/wp\/v2\/media\/4424"}],"wp:attachment":[{"href":"https:\/\/collegioimmacolata.it\/es\/wp-json\/wp\/v2\/media?parent=4427"}],"curies":[{"name":"wp","href":"https:\/\/api.w.org\/{rel}","templated":true}]}}

<p><img decoding="async" loading="lazy" width="653" height="400" class="alignnone size-full wp-image-803" src="/wp-content/uploads/2015/05/Scuola_salesiane_conegliano_immacolata.jpg" alt="Scuola_salesiane_conegliano_immacolata" srcset="https://collegioimmacolata.it/wp-content/uploads/2015/05/Scuola_salesiane_conegliano_immacolata.jpg 653w, https://collegioimmacolata.it/wp-content/uploads/2015/05/Scuola_salesiane_conegliano_immacolata-600x368.jpg 600w, https://collegioimmacolata.it/wp-content/uploads/2015/05/Scuola_salesiane_conegliano_immacolata-120x74.jpg 120w, https://collegioimmacolata.it/wp-content/uploads/2015/05/Scuola_salesiane_conegliano_immacolata-300x184.jpg 300w" sizes="(max-width: 653px) 100vw, 653px" /></p>
<p>El Instituto de las Hijas de María Auxiliadora es una familia religiosa nacida desde el corazón de <strong>Don Bosco</strong> y desde la fidelidad creativa de <strong>Santa Marìa Dominga Mazzarello</strong>.</p>
<blockquote><p><em>«Don Bosco eligió este nombre porque nos quiso como un monumento vivo de agradecimiento a María Auxiliadora (FMA &#8211; Hijas de María Auxiliadora) capaz de seguir la formación y educación de los jóvenes a través de la fundación de obras educativas (escuelas).»</em></p></blockquote>
<p>En Turín, la decisión de fundar una institución a favor de las mujeres jóvenes llegó a Don Bosco por la solicitud de varias personas, desde la observación del estado de abandono y pobreza en el que se encontraban muchas niñas. Tras el contacto con varios Institutos femeninos, impulsado por la profundidad de su devoción mariana y por la confirmación del Papa Pío IX que lo alentó hacia este camino, Don Bosco se dejó guiar por los repetidos «sueños» y hechos extraordinarios que él mismo contó, poniendo las primeras semillas de lo que pronto se convertiría en un gran instituto religioso femenino.</p>
<p>Al mismo tiempo en Mornese, en las colinas de Monferrato, la joven María Domenica Mazzarello animó a un grupo de jóvenes mujeres para que se dedicaran a las niñas de la ciudad, con el objetivo de enseñarles un trabajo, pero, sobre todo, con el compromiso de orientarlas a la vida cristiana.</p>
<p>A distancia, dos señales en la misma longitud de onda enviaron un mensaje idéntico: el ambiente educativo que ya existía en Turín-Valdocco, para niños de Don Bosco, iba a nacer para niñas y mujeres jóvenes. Maria Domenica Mazzarello fue cofundadora en dar vida, forma y desarrollo a la nueva institución.</p>
<p>El <strong>5 de agosto 1872</strong> el primer grupo de jovenes mujeres pronunciaron su «si»como la Virgen María, para ser «auxilio», sobre todo, entre las jovenes.</p>

El Instituto de las Hijas de María Auxiliadora es una familia religiosa nacida desde el corazón de Don&#8230;
