{"id":4462,"date":"2015-07-06T10:40:21","date_gmt":"2015-07-06T08:40:21","guid":{"rendered":"https:\/\/collegioimmacolata.it\/offerte-ec-secondaria\/"},"modified":"2020-08-05T12:13:36","modified_gmt":"2020-08-05T10:13:36","slug":"offerte-ec-secondaria","status":"publish","type":"page","link":"https:\/\/collegioimmacolata.it\/es\/secondaria-primo-grado\/offerte-ec-secondaria\/","title":{"rendered":"Programa de actividades extraescolares"},"content":{"rendered":"<p><strong>Taller art\u00edstico de c\u00f3mics<\/strong><\/p>\n<p><em>\u00a1Aprender arte divirti\u00e9ndose!<\/em><\/p>\n<p>El taller comienza con el dibujo de base y luego desarrolla diversas t\u00e9cnicas para ense\u00f1ar a los j\u00f3venes las bases del lenguaje del c\u00f3mic.<\/p>\n<div class=\"page\" title=\"Page 2\">\n<div class=\"section\">\n<div class=\"layoutArea\">\n<div class=\"column\">\n<p><strong>Curso proped\u00e9utico de lat\u00edn<\/strong><\/p>\n<p><em>\u00a1Un pasaporte seguro para la Escuela Secundaria de Segundo Grado! \u00a0 <\/em><\/p>\n<p>Un curso especial para iniciar a los j\u00f3venes en el aprendizaje del lat\u00edn mostr\u00e1ndoles c\u00f3mo nuestro idioma y la civilizaci\u00f3n en la que vivimos derivan de la cultura romana.<\/p>\n<div class=\"page\" title=\"Page 2\">\n<div class=\"section\">\n<div class=\"layoutArea\">\n<div class=\"column\">\n<div class=\"page\" title=\"Page 2\">\n<div class=\"section\">\n<div class=\"layoutArea\">\n<div class=\"column\">\n<p><strong>Curso de ingl\u00e9s y espa\u00f1ol.<\/strong><\/p>\n<p><em>\u00a1Para ser ciudadanos del mundo! \u00a0 \u00a0<\/em><\/p>\n<p>Los cursos desarrollan las habilidades de escuchar, hablar, leer y escribir en ingl\u00e9s y espa\u00f1ol. Los alumnos tendr\u00e1n la oportunidad de preparar y afrontar los ex\u00e1menes KET, PET y DELE.<\/p>\n<\/div>\n<\/div>\n<\/div>\n<\/div>\n<\/div>\n<\/div>\n<\/div>\n<\/div>\n<\/div>\n<\/div>\n<\/div>\n<\/div>\n<p><strong>Taller de canto y percusi\u00f3n<\/strong><\/p>\n<p><em>\u00a1Al ritmo de la m\u00fasica! \u00a0<\/em><\/p>\n<p>Profesores cualificados gu\u00edan a los alumnos en un taller de ensamble vocal en el que cada uno puede encontrar un papel activo a trav\u00e9s del canto y la percusi\u00f3n. Las 30 clases en grupo est\u00e1n dirigidas a la realizaci\u00f3n de un concierto de fin de a\u00f1o.<\/p>\n<div class=\"page\" title=\"Page 2\">\n<div class=\"section\">\n<div class=\"layoutArea\">\n<div class=\"column\">\n<p><strong>Musical<\/strong><\/p>\n<p><em>Bailar, cantar y actuar<\/em><\/p>\n<p>Un taller interdisciplinario y experimental que une a las tres ense\u00f1anzas fundamentales de las artes esc\u00e9nicas: el teatro, el canto y la danza. A trav\u00e9s de esta expresi\u00f3n art\u00edstica los j\u00f3venes tendr\u00e1n la oportunidad de conocer mejor sus propios talentos y aprender a expresarlos en p\u00fablico.<\/p>\n<p><a href=\"https:\/\/collegioimmacolata.it\/wp-content\/uploads\/2018\/06\/Laboratori_SECONDARIA_18_19.pdf\" target=\"_blank\" rel=\"noopener noreferrer\">Descarga aqu\u00ed<\/a> el cat\u00e1logo con las actividades extraescolares previstas para el a\u00f1o escolar 2019-2020. \u00a1Tambi\u00e9n existe el \u00abdoposcuola\u00bb educativo (seguimiento en los deberes)!<\/p>\n<\/div>\n<\/div>\n<\/div>\n<\/div>\n","protected":false},"excerpt":{"rendered":"Taller art\u00edstico de c\u00f3mics \u00a1Aprender arte divirti\u00e9ndose! El taller comienza con el dibujo de base y luego desarrolla&#8230;","protected":false},"author":4,"featured_media":0,"parent":4514,"menu_order":0,"comment_status":"closed","ping_status":"closed","template":"page-template_statico.php","meta":[],"yoast_head":"<!-- This site is optimized with the Yoast SEO plugin v20.12 - https:\/\/yoast.com\/wordpress\/plugins\/seo\/ -->\n<title>Programa de actividades extraescolares - Collegio Immacolata Conegliano<\/title>\n<meta name=\"robots\" content=\"index, follow, max-snippet:-1, max-image-preview:large, max-video-preview:-1\" \/>\n<link rel=\"canonical\" href=\"https:\/\/collegioimmacolata.it\/es\/secondaria-primo-grado\/offerte-ec-secondaria\/\" \/>\n<meta property=\"og:locale\" content=\"es_ES\" \/>\n<meta property=\"og:type\" content=\"article\" \/>\n<meta property=\"og:title\" content=\"Programa de actividades extraescolares - Collegio Immacolata Conegliano\" \/>\n<meta property=\"og:description\" content=\"Taller art\u00edstico de c\u00f3mics \u00a1Aprender arte divirti\u00e9ndose! El taller comienza con el dibujo de base y luego desarrolla...\" \/>\n<meta property=\"og:url\" content=\"https:\/\/collegioimmacolata.it\/es\/secondaria-primo-grado\/offerte-ec-secondaria\/\" \/>\n<meta property=\"og:site_name\" content=\"Collegio Immacolata Conegliano\" \/>\n<meta property=\"article:publisher\" content=\"https:\/\/www.facebook.com\/CollegioImmacolata\/\" \/>\n<meta property=\"article:modified_time\" content=\"2020-08-05T10:13:36+00:00\" \/>\n<meta name=\"twitter:card\" content=\"summary_large_image\" \/>\n<meta name=\"twitter:label1\" content=\"Tiempo de lectura\" \/>\n\t<meta name=\"twitter:data1\" content=\"1 minuto\" \/>\n<script type=\"application\/ld+json\" class=\"yoast-schema-graph\">{\"@context\":\"https:\/\/schema.org\",\"@graph\":[{\"@type\":\"WebPage\",\"@id\":\"https:\/\/collegioimmacolata.it\/es\/secondaria-primo-grado\/offerte-ec-secondaria\/\",\"url\":\"https:\/\/collegioimmacolata.it\/es\/secondaria-primo-grado\/offerte-ec-secondaria\/\",\"name\":\"Programa de actividades extraescolares - Collegio Immacolata Conegliano\",\"isPartOf\":{\"@id\":\"https:\/\/collegioimmacolata.it\/es\/#website\"},\"datePublished\":\"2015-07-06T08:40:21+00:00\",\"dateModified\":\"2020-08-05T10:13:36+00:00\",\"breadcrumb\":{\"@id\":\"https:\/\/collegioimmacolata.it\/es\/secondaria-primo-grado\/offerte-ec-secondaria\/#breadcrumb\"},\"inLanguage\":\"es\",\"potentialAction\":[{\"@type\":\"ReadAction\",\"target\":[\"https:\/\/collegioimmacolata.it\/es\/secondaria-primo-grado\/offerte-ec-secondaria\/\"]}]},{\"@type\":\"BreadcrumbList\",\"@id\":\"https:\/\/collegioimmacolata.it\/es\/secondaria-primo-grado\/offerte-ec-secondaria\/#breadcrumb\",\"itemListElement\":[{\"@type\":\"ListItem\",\"position\":1,\"name\":\"Home\",\"item\":\"https:\/\/collegioimmacolata.it\/es\/\"},{\"@type\":\"ListItem\",\"position\":2,\"name\":\"Escuela Secundaria de Primer Grado\",\"item\":\"https:\/\/collegioimmacolata.it\/es\/secondaria-primo-grado\/\"},{\"@type\":\"ListItem\",\"position\":3,\"name\":\"Programa de actividades extraescolares\"}]},{\"@type\":\"WebSite\",\"@id\":\"https:\/\/collegioimmacolata.it\/es\/#website\",\"url\":\"https:\/\/collegioimmacolata.it\/es\/\",\"name\":\"Collegio Immacolata Conegliano\",\"description\":\"Dal 1897 Scuola leader nell&#039;educazione di bambini e ragazzi, basata sulla pedagogia delle suore Salesiane offre percorsi innovativi e attenti alla persona\",\"publisher\":{\"@id\":\"https:\/\/collegioimmacolata.it\/es\/#organization\"},\"potentialAction\":[{\"@type\":\"SearchAction\",\"target\":{\"@type\":\"EntryPoint\",\"urlTemplate\":\"https:\/\/collegioimmacolata.it\/es\/?s={search_term_string}\"},\"query-input\":\"required name=search_term_string\"}],\"inLanguage\":\"es\"},{\"@type\":\"Organization\",\"@id\":\"https:\/\/collegioimmacolata.it\/es\/#organization\",\"name\":\"Collegio Immacolata Conegliano\",\"url\":\"https:\/\/collegioimmacolata.it\/es\/\",\"logo\":{\"@type\":\"ImageObject\",\"inLanguage\":\"es\",\"@id\":\"https:\/\/collegioimmacolata.it\/es\/#\/schema\/logo\/image\/\",\"url\":\"https:\/\/collegioimmacolata.it\/wp-content\/uploads\/2015\/08\/Favicon.jpg\",\"contentUrl\":\"https:\/\/collegioimmacolata.it\/wp-content\/uploads\/2015\/08\/Favicon.jpg\",\"width\":93,\"height\":93,\"caption\":\"Collegio Immacolata Conegliano\"},\"image\":{\"@id\":\"https:\/\/collegioimmacolata.it\/es\/#\/schema\/logo\/image\/\"},\"sameAs\":[\"https:\/\/www.facebook.com\/CollegioImmacolata\/\",\"https:\/\/www.youtube.com\/channel\/UCanScckbpzSY91ETQwAEmVw\"]}]}<\/script>\n<!-- \/ Yoast SEO plugin. -->","yoast_head_json":{"title":"Programa de actividades extraescolares - Collegio Immacolata Conegliano","robots":{"index":"index","follow":"follow","max-snippet":"max-snippet:-1","max-image-preview":"max-image-preview:large","max-video-preview":"max-video-preview:-1"},"canonical":"https:\/\/collegioimmacolata.it\/es\/secondaria-primo-grado\/offerte-ec-secondaria\/","og_locale":"es_ES","og_type":"article","og_title":"Programa de actividades extraescolares - Collegio Immacolata Conegliano","og_description":"Taller art\u00edstico de c\u00f3mics \u00a1Aprender arte divirti\u00e9ndose! El taller comienza con el dibujo de base y luego desarrolla...","og_url":"https:\/\/collegioimmacolata.it\/es\/secondaria-primo-grado\/offerte-ec-secondaria\/","og_site_name":"Collegio Immacolata Conegliano","article_publisher":"https:\/\/www.facebook.com\/CollegioImmacolata\/","article_modified_time":"2020-08-05T10:13:36+00:00","twitter_card":"summary_large_image","twitter_misc":{"Tiempo de lectura":"1 minuto"},"schema":{"@context":"https:\/\/schema.org","@graph":[{"@type":"WebPage","@id":"https:\/\/collegioimmacolata.it\/es\/secondaria-primo-grado\/offerte-ec-secondaria\/","url":"https:\/\/collegioimmacolata.it\/es\/secondaria-primo-grado\/offerte-ec-secondaria\/","name":"Programa de actividades extraescolares - Collegio Immacolata Conegliano","isPartOf":{"@id":"https:\/\/collegioimmacolata.it\/es\/#website"},"datePublished":"2015-07-06T08:40:21+00:00","dateModified":"2020-08-05T10:13:36+00:00","breadcrumb":{"@id":"https:\/\/collegioimmacolata.it\/es\/secondaria-primo-grado\/offerte-ec-secondaria\/#breadcrumb"},"inLanguage":"es","potentialAction":[{"@type":"ReadAction","target":["https:\/\/collegioimmacolata.it\/es\/secondaria-primo-grado\/offerte-ec-secondaria\/"]}]},{"@type":"BreadcrumbList","@id":"https:\/\/collegioimmacolata.it\/es\/secondaria-primo-grado\/offerte-ec-secondaria\/#breadcrumb","itemListElement":[{"@type":"ListItem","position":1,"name":"Home","item":"https:\/\/collegioimmacolata.it\/es\/"},{"@type":"ListItem","position":2,"name":"Escuela Secundaria de Primer Grado","item":"https:\/\/collegioimmacolata.it\/es\/secondaria-primo-grado\/"},{"@type":"ListItem","position":3,"name":"Programa de actividades extraescolares"}]},{"@type":"WebSite","@id":"https:\/\/collegioimmacolata.it\/es\/#website","url":"https:\/\/collegioimmacolata.it\/es\/","name":"Collegio Immacolata Conegliano","description":"Dal 1897 Scuola leader nell&#039;educazione di bambini e ragazzi, basata sulla pedagogia delle suore Salesiane offre percorsi innovativi e attenti alla persona","publisher":{"@id":"https:\/\/collegioimmacolata.it\/es\/#organization"},"potentialAction":[{"@type":"SearchAction","target":{"@type":"EntryPoint","urlTemplate":"https:\/\/collegioimmacolata.it\/es\/?s={search_term_string}"},"query-input":"required name=search_term_string"}],"inLanguage":"es"},{"@type":"Organization","@id":"https:\/\/collegioimmacolata.it\/es\/#organization","name":"Collegio Immacolata Conegliano","url":"https:\/\/collegioimmacolata.it\/es\/","logo":{"@type":"ImageObject","inLanguage":"es","@id":"https:\/\/collegioimmacolata.it\/es\/#\/schema\/logo\/image\/","url":"https:\/\/collegioimmacolata.it\/wp-content\/uploads\/2015\/08\/Favicon.jpg","contentUrl":"https:\/\/collegioimmacolata.it\/wp-content\/uploads\/2015\/08\/Favicon.jpg","width":93,"height":93,"caption":"Collegio Immacolata Conegliano"},"image":{"@id":"https:\/\/collegioimmacolata.it\/es\/#\/schema\/logo\/image\/"},"sameAs":["https:\/\/www.facebook.com\/CollegioImmacolata\/","https:\/\/www.youtube.com\/channel\/UCanScckbpzSY91ETQwAEmVw"]}]}},"_links":{"self":[{"href":"https:\/\/collegioimmacolata.it\/es\/wp-json\/wp\/v2\/pages\/4462"}],"collection":[{"href":"https:\/\/collegioimmacolata.it\/es\/wp-json\/wp\/v2\/pages"}],"about":[{"href":"https:\/\/collegioimmacolata.it\/es\/wp-json\/wp\/v2\/types\/page"}],"author":[{"embeddable":true,"href":"https:\/\/collegioimmacolata.it\/es\/wp-json\/wp\/v2\/users\/4"}],"replies":[{"embeddable":true,"href":"https:\/\/collegioimmacolata.it\/es\/wp-json\/wp\/v2\/comments?post=4462"}],"version-history":[{"count":4,"href":"https:\/\/collegioimmacolata.it\/es\/wp-json\/wp\/v2\/pages\/4462\/revisions"}],"predecessor-version":[{"id":4818,"href":"https:\/\/collegioimmacolata.it\/es\/wp-json\/wp\/v2\/pages\/4462\/revisions\/4818"}],"up":[{"embeddable":true,"href":"https:\/\/collegioimmacolata.it\/es\/wp-json\/wp\/v2\/pages\/4514"}],"wp:attachment":[{"href":"https:\/\/collegioimmacolata.it\/es\/wp-json\/wp\/v2\/media?parent=4462"}],"curies":[{"name":"wp","href":"https:\/\/api.w.org\/{rel}","templated":true}]}}

<p><strong>Taller artístico de cómics</strong></p>
<p><em>¡Aprender arte divirtiéndose!</em></p>
<p>El taller comienza con el dibujo de base y luego desarrolla diversas técnicas para enseñar a los jóvenes las bases del lenguaje del cómic.</p>
<div class="page" title="Page 2">
<div class="section">
<div class="layoutArea">
<div class="column">
<p><strong>Curso propedéutico de latín</strong></p>
<p><em>¡Un pasaporte seguro para la Escuela Secundaria de Segundo Grado!   </em></p>
<p>Un curso especial para iniciar a los jóvenes en el aprendizaje del latín mostrándoles cómo nuestro idioma y la civilización en la que vivimos derivan de la cultura romana.</p>
<div class="page" title="Page 2">
<div class="section">
<div class="layoutArea">
<div class="column">
<div class="page" title="Page 2">
<div class="section">
<div class="layoutArea">
<div class="column">
<p><strong>Curso de inglés y español.</strong></p>
<p><em>¡Para ser ciudadanos del mundo!    </em></p>
<p>Los cursos desarrollan las habilidades de escuchar, hablar, leer y escribir en inglés y español. Los alumnos tendrán la oportunidad de preparar y afrontar los exámenes KET, PET y DELE.</p>
</div>
</div>
</div>
</div>
</div>
</div>
</div>
</div>
</div>
</div>
</div>
</div>
<p><strong>Taller de canto y percusión</strong></p>
<p><em>¡Al ritmo de la música!  </em></p>
<p>Profesores cualificados guían a los alumnos en un taller de ensamble vocal en el que cada uno puede encontrar un papel activo a través del canto y la percusión. Las 30 clases en grupo están dirigidas a la realización de un concierto de fin de año.</p>
<div class="page" title="Page 2">
<div class="section">
<div class="layoutArea">
<div class="column">
<p><strong>Musical</strong></p>
<p><em>Bailar, cantar y actuar</em></p>
<p>Un taller interdisciplinario y experimental que une a las tres enseñanzas fundamentales de las artes escénicas: el teatro, el canto y la danza. A través de esta expresión artística los jóvenes tendrán la oportunidad de conocer mejor sus propios talentos y aprender a expresarlos en público.</p>
<p><a href="https://collegioimmacolata.it/wp-content/uploads/2018/06/Laboratori_SECONDARIA_18_19.pdf" target="_blank" rel="noopener noreferrer">Descarga aquí</a> el catálogo con las actividades extraescolares previstas para el año escolar 2019-2020. ¡También existe el «doposcuola» educativo (seguimiento en los deberes)!</p>
</div>
</div>
</div>
</div>

Taller artístico de cómics ¡Aprender arte divirtiéndose! El taller comienza con el dibujo de base y luego desarrolla&#8230;

<!-- This site is optimized with the Yoast SEO plugin v20.12 - https://yoast.com/wordpress/plugins/seo/ -->
<title>Programa de actividades extraescolares - Collegio Immacolata Conegliano</title>
<meta name="robots" content="index, follow, max-snippet:-1, max-image-preview:large, max-video-preview:-1" />
<link rel="canonical" href="https://collegioimmacolata.it/es/secondaria-primo-grado/offerte-ec-secondaria/" />
<meta property="og:locale" content="es_ES" />
<meta property="og:type" content="article" />
<meta property="og:title" content="Programa de actividades extraescolares - Collegio Immacolata Conegliano" />
<meta property="og:description" content="Taller artístico de cómics ¡Aprender arte divirtiéndose! El taller comienza con el dibujo de base y luego desarrolla..." />
<meta property="og:url" content="https://collegioimmacolata.it/es/secondaria-primo-grado/offerte-ec-secondaria/" />
<meta property="og:site_name" content="Collegio Immacolata Conegliano" />
<meta property="article:publisher" content="https://www.facebook.com/CollegioImmacolata/" />
<meta property="article:modified_time" content="2020-08-05T10:13:36+00:00" />
<meta name="twitter:card" content="summary_large_image" />
<meta name="twitter:label1" content="Tiempo de lectura" />
	<meta name="twitter:data1" content="1 minuto" />
<script type="application/ld+json" class="yoast-schema-graph">{"@context":"https://schema.org","@graph":[{"@type":"WebPage","@id":"https://collegioimmacolata.it/es/secondaria-primo-grado/offerte-ec-secondaria/","url":"https://collegioimmacolata.it/es/secondaria-primo-grado/offerte-ec-secondaria/","name":"Programa de actividades extraescolares - Collegio Immacolata Conegliano","isPartOf":{"@id":"https://collegioimmacolata.it/es/#website"},"datePublished":"2015-07-06T08:40:21+00:00","dateModified":"2020-08-05T10:13:36+00:00","breadcrumb":{"@id":"https://collegioimmacolata.it/es/secondaria-primo-grado/offerte-ec-secondaria/#breadcrumb"},"inLanguage":"es","potentialAction":[{"@type":"ReadAction","target":["https://collegioimmacolata.it/es/secondaria-primo-grado/offerte-ec-secondaria/"]}]},{"@type":"BreadcrumbList","@id":"https://collegioimmacolata.it/es/secondaria-primo-grado/offerte-ec-secondaria/#breadcrumb","itemListElement":[{"@type":"ListItem","position":1,"name":"Home","item":"https://collegioimmacolata.it/es/"},{"@type":"ListItem","position":2,"name":"Escuela Secundaria de Primer Grado","item":"https://collegioimmacolata.it/es/secondaria-primo-grado/"},{"@type":"ListItem","position":3,"name":"Programa de actividades extraescolares"}]},{"@type":"WebSite","@id":"https://collegioimmacolata.it/es/#website","url":"https://collegioimmacolata.it/es/","name":"Collegio Immacolata Conegliano","description":"Dal 1897 Scuola leader nell&#039;educazione di bambini e ragazzi, basata sulla pedagogia delle suore Salesiane offre percorsi innovativi e attenti alla persona","publisher":{"@id":"https://collegioimmacolata.it/es/#organization"},"potentialAction":[{"@type":"SearchAction","target":{"@type":"EntryPoint","urlTemplate":"https://collegioimmacolata.it/es/?s={search_term_string}"},"query-input":"required name=search_term_string"}],"inLanguage":"es"},{"@type":"Organization","@id":"https://collegioimmacolata.it/es/#organization","name":"Collegio Immacolata Conegliano","url":"https://collegioimmacolata.it/es/","logo":{"@type":"ImageObject","inLanguage":"es","@id":"https://collegioimmacolata.it/es/#/schema/logo/image/","url":"https://collegioimmacolata.it/wp-content/uploads/2015/08/Favicon.jpg","contentUrl":"https://collegioimmacolata.it/wp-content/uploads/2015/08/Favicon.jpg","width":93,"height":93,"caption":"Collegio Immacolata Conegliano"},"image":{"@id":"https://collegioimmacolata.it/es/#/schema/logo/image/"},"sameAs":["https://www.facebook.com/CollegioImmacolata/","https://www.youtube.com/channel/UCanScckbpzSY91ETQwAEmVw"]}]}</script>
<!-- / Yoast SEO plugin. -->

Taller artístico de cómics ¡Aprender arte divirtiéndose! El taller comienza con el dibujo de base y luego desarrolla...
