{"id":4499,"date":"2015-07-30T16:00:41","date_gmt":"2015-07-30T14:00:41","guid":{"rendered":"https:\/\/collegioimmacolata.it\/offerta-formativa-secondaria\/"},"modified":"2020-08-05T12:03:25","modified_gmt":"2020-08-05T10:03:25","slug":"offerta-formativa-secondaria","status":"publish","type":"page","link":"https:\/\/collegioimmacolata.it\/es\/secondaria-primo-grado\/offerta-formativa-secondaria\/","title":{"rendered":"Oferta Formativa"},"content":{"rendered":"<p>La <strong>Escuela Secundaria de Primer Grado<\/strong> acoge a los preadolescentes y, a trav\u00e9s de un ambiente rico de est\u00edmulos educativos y did\u00e1cticos, les ofrece la posibilidad de una educaci\u00f3n integral.<\/p>\n<p>Las actividades educativas y did\u00e1cticas, ofrecidas por el Collegio Immacolata, instan a un camino de madurez que permite el crecimiento del joven:<\/p>\n<ul>\n<li>en la conciencia de s\u00ed mismo,<\/li>\n<li>en la autonom\u00eda,<\/li>\n<li>en\u00a0la capacidad de relacionarse<\/li>\n<li>en el sentido de la responsabilidad,<\/li>\n<li>en el reconocimiento y la aceptaci\u00f3n de lo diverso<\/li>\n<li>en\u00a0la capacidad de vivir la reciprocidad y la solidaridad<\/li>\n<\/ul>\n<h3>Escuela Internacional<\/h3>\n<p>El Collegio Immacolata ofrece un programa did\u00e1ctico <strong>internacional<\/strong> que combina la tradici\u00f3n pedag\u00f3gica salesiana con el <strong>estudio certificado de idiomas<\/strong> y con la experiencia de encuentros y comunicaci\u00f3n en vivo con estudiantes de otras escuelas salesianas angloparlantes e hispanoparlantes. Abre completamente la mente de los estudiantes, y les ayuda a descubrir el mundo.<\/p>\n<p>Aprovecha las oportunidades digitales y el uso de la tecnolog\u00eda para fomentar las actitudes de cada estudiante, valorizando el talento y la creatividad.<\/p>\n<p><strong>Un Proyecto para el futuro \u00a0<\/strong><\/p>\n<p>El Proyecto estimula la adquisici\u00f3n de idiomas mediante su uso inmediato y activo entre compa\u00f1eros y con visitas, intercambios y hermanamientos en el extranjero.<\/p>\n<p>Proporciona al estudiante un pasaporte v\u00e1lido para el futuro, certificando competencias en dos de los idiomas m\u00e1s hablados en el mundo: el ingl\u00e9s y el espa\u00f1ol.<\/p>\n<p><strong>Nuestras propuestas<\/strong><\/p>\n<p>Comunicaci\u00f3n con estudiantes extranjeros de escuelas angloparlantes e hispanoparlantes; 7 d\u00edas en una escuela extranjera (con clases y visitas guiadas en Ingl\u00e9s), en segundo y tercero; vacaciones de estudio en el extranjero al final de a\u00f1o, en segundo y tercero;<\/p>\n<p>Proped\u00e9utica al CLIL (clases en ingl\u00e9s de Ciencias, Arte, Historia, Geograf\u00eda); certificados KET y DELE ; biblioteca de idiomas con m\u00e1s de 100 lecturas graduadas, acompa\u00f1adas de CD-ROM; participaci\u00f3n activa a espect\u00e1culos teatrales en ingl\u00e9s y espa\u00f1ol.<\/p>\n<p><strong>Para aquellos que desean m\u00e1s &#8230; \u00a0<\/strong><\/p>\n<p>Vacaciones de estudio en el extranjero; Certificados KET (Ingl\u00e9s), DELE (espa\u00f1ol), ECDL (European Computer Driving License); cursos de idiomas; cine en versi\u00f3n original; taller de cocina en lengua extranjera; curso de lat\u00edn; rob\u00f3tica; curso de m\u00fasica; pintura mural; deportes; actividades extraescolares.<\/p>\n<table style=\"border-collapse: collapse; width: 100%; border: 0;\" border=\"0\">\n<tbody>\n<tr>\n<td style=\"width: 50%; text-align: right;\"><a href=\"https:\/\/collegioimmacolata.it\/wp-content\/uploads\/2018\/10\/POF_19-20_Secondaria.pdf\" target=\"_blank\" rel=\"noopener noreferrer\"><img decoding=\"async\" loading=\"lazy\" class=\"alignnone wp-image-3261 size-full\" src=\"https:\/\/collegioimmacolata.it\/wp-content\/uploads\/2019\/11\/pulsant_pof.png\" alt=\"Scarica il P.O.F. Piano dell'Offerta Formativa\" width=\"308\" height=\"92\" srcset=\"https:\/\/collegioimmacolata.it\/wp-content\/uploads\/2019\/11\/pulsant_pof.png 308w, https:\/\/collegioimmacolata.it\/wp-content\/uploads\/2019\/11\/pulsant_pof-120x36.png 120w, https:\/\/collegioimmacolata.it\/wp-content\/uploads\/2019\/11\/pulsant_pof-300x90.png 300w\" sizes=\"(max-width: 308px) 100vw, 308px\" \/><\/a><\/td>\n<td style=\"width: 50%;\"><a href=\"https:\/\/collegioimmacolata.it\/wp-content\/uploads\/2019\/11\/brochure_secondaria.pdf\" target=\"_blank\" rel=\"noopener noreferrer\"><img decoding=\"async\" loading=\"lazy\" class=\"alignnone wp-image-3262 size-full\" src=\"https:\/\/collegioimmacolata.it\/wp-content\/uploads\/2019\/11\/pulsante_brochure.png\" alt=\"Scarica la brochuer\" width=\"308\" height=\"92\" srcset=\"https:\/\/collegioimmacolata.it\/wp-content\/uploads\/2019\/11\/pulsante_brochure.png 308w, https:\/\/collegioimmacolata.it\/wp-content\/uploads\/2019\/11\/pulsante_brochure-120x36.png 120w, https:\/\/collegioimmacolata.it\/wp-content\/uploads\/2019\/11\/pulsante_brochure-300x90.png 300w\" sizes=\"(max-width: 308px) 100vw, 308px\" \/><\/a><\/td>\n<\/tr>\n<\/tbody>\n<\/table>\n","protected":false},"excerpt":{"rendered":"La Escuela Secundaria de Primer Grado acoge a los preadolescentes y, a trav\u00e9s de un ambiente rico de&#8230;","protected":false},"author":4,"featured_media":0,"parent":4514,"menu_order":0,"comment_status":"closed","ping_status":"closed","template":"page-template_statico.php","meta":[],"yoast_head":"<!-- This site is optimized with the Yoast SEO plugin v20.12 - https:\/\/yoast.com\/wordpress\/plugins\/seo\/ -->\n<title>Oferta Formativa - Collegio Immacolata Conegliano<\/title>\n<meta name=\"robots\" content=\"index, follow, max-snippet:-1, max-image-preview:large, max-video-preview:-1\" \/>\n<link rel=\"canonical\" href=\"https:\/\/collegioimmacolata.it\/es\/secondaria-primo-grado\/offerta-formativa-secondaria\/\" \/>\n<meta property=\"og:locale\" content=\"es_ES\" \/>\n<meta property=\"og:type\" content=\"article\" \/>\n<meta property=\"og:title\" content=\"Oferta Formativa - Collegio Immacolata Conegliano\" \/>\n<meta property=\"og:description\" content=\"La Escuela Secundaria de Primer Grado acoge a los preadolescentes y, a trav\u00e9s de un ambiente rico de...\" \/>\n<meta property=\"og:url\" content=\"https:\/\/collegioimmacolata.it\/es\/secondaria-primo-grado\/offerta-formativa-secondaria\/\" \/>\n<meta property=\"og:site_name\" content=\"Collegio Immacolata Conegliano\" \/>\n<meta property=\"article:publisher\" content=\"https:\/\/www.facebook.com\/CollegioImmacolata\/\" \/>\n<meta property=\"article:modified_time\" content=\"2020-08-05T10:03:25+00:00\" \/>\n<meta property=\"og:image\" content=\"https:\/\/collegioimmacolata.it\/wp-content\/uploads\/2019\/11\/pulsant_pof.png\" \/>\n<meta name=\"twitter:card\" content=\"summary_large_image\" \/>\n<meta name=\"twitter:label1\" content=\"Tiempo de lectura\" \/>\n\t<meta name=\"twitter:data1\" content=\"2 minutos\" \/>\n<script type=\"application\/ld+json\" class=\"yoast-schema-graph\">{\"@context\":\"https:\/\/schema.org\",\"@graph\":[{\"@type\":\"WebPage\",\"@id\":\"https:\/\/collegioimmacolata.it\/es\/secondaria-primo-grado\/offerta-formativa-secondaria\/\",\"url\":\"https:\/\/collegioimmacolata.it\/es\/secondaria-primo-grado\/offerta-formativa-secondaria\/\",\"name\":\"Oferta Formativa - Collegio Immacolata Conegliano\",\"isPartOf\":{\"@id\":\"https:\/\/collegioimmacolata.it\/es\/#website\"},\"datePublished\":\"2015-07-30T14:00:41+00:00\",\"dateModified\":\"2020-08-05T10:03:25+00:00\",\"breadcrumb\":{\"@id\":\"https:\/\/collegioimmacolata.it\/es\/secondaria-primo-grado\/offerta-formativa-secondaria\/#breadcrumb\"},\"inLanguage\":\"es\",\"potentialAction\":[{\"@type\":\"ReadAction\",\"target\":[\"https:\/\/collegioimmacolata.it\/es\/secondaria-primo-grado\/offerta-formativa-secondaria\/\"]}]},{\"@type\":\"BreadcrumbList\",\"@id\":\"https:\/\/collegioimmacolata.it\/es\/secondaria-primo-grado\/offerta-formativa-secondaria\/#breadcrumb\",\"itemListElement\":[{\"@type\":\"ListItem\",\"position\":1,\"name\":\"Home\",\"item\":\"https:\/\/collegioimmacolata.it\/es\/\"},{\"@type\":\"ListItem\",\"position\":2,\"name\":\"Escuela Secundaria de Primer Grado\",\"item\":\"https:\/\/collegioimmacolata.it\/es\/secondaria-primo-grado\/\"},{\"@type\":\"ListItem\",\"position\":3,\"name\":\"Oferta Formativa\"}]},{\"@type\":\"WebSite\",\"@id\":\"https:\/\/collegioimmacolata.it\/es\/#website\",\"url\":\"https:\/\/collegioimmacolata.it\/es\/\",\"name\":\"Collegio Immacolata Conegliano\",\"description\":\"Dal 1897 Scuola leader nell&#039;educazione di bambini e ragazzi, basata sulla pedagogia delle suore Salesiane offre percorsi innovativi e attenti alla persona\",\"publisher\":{\"@id\":\"https:\/\/collegioimmacolata.it\/es\/#organization\"},\"potentialAction\":[{\"@type\":\"SearchAction\",\"target\":{\"@type\":\"EntryPoint\",\"urlTemplate\":\"https:\/\/collegioimmacolata.it\/es\/?s={search_term_string}\"},\"query-input\":\"required name=search_term_string\"}],\"inLanguage\":\"es\"},{\"@type\":\"Organization\",\"@id\":\"https:\/\/collegioimmacolata.it\/es\/#organization\",\"name\":\"Collegio Immacolata Conegliano\",\"url\":\"https:\/\/collegioimmacolata.it\/es\/\",\"logo\":{\"@type\":\"ImageObject\",\"inLanguage\":\"es\",\"@id\":\"https:\/\/collegioimmacolata.it\/es\/#\/schema\/logo\/image\/\",\"url\":\"https:\/\/collegioimmacolata.it\/wp-content\/uploads\/2015\/08\/Favicon.jpg\",\"contentUrl\":\"https:\/\/collegioimmacolata.it\/wp-content\/uploads\/2015\/08\/Favicon.jpg\",\"width\":93,\"height\":93,\"caption\":\"Collegio Immacolata Conegliano\"},\"image\":{\"@id\":\"https:\/\/collegioimmacolata.it\/es\/#\/schema\/logo\/image\/\"},\"sameAs\":[\"https:\/\/www.facebook.com\/CollegioImmacolata\/\",\"https:\/\/www.youtube.com\/channel\/UCanScckbpzSY91ETQwAEmVw\"]}]}<\/script>\n<!-- \/ Yoast SEO plugin. -->","yoast_head_json":{"title":"Oferta Formativa - Collegio Immacolata Conegliano","robots":{"index":"index","follow":"follow","max-snippet":"max-snippet:-1","max-image-preview":"max-image-preview:large","max-video-preview":"max-video-preview:-1"},"canonical":"https:\/\/collegioimmacolata.it\/es\/secondaria-primo-grado\/offerta-formativa-secondaria\/","og_locale":"es_ES","og_type":"article","og_title":"Oferta Formativa - Collegio Immacolata Conegliano","og_description":"La Escuela Secundaria de Primer Grado acoge a los preadolescentes y, a trav\u00e9s de un ambiente rico de...","og_url":"https:\/\/collegioimmacolata.it\/es\/secondaria-primo-grado\/offerta-formativa-secondaria\/","og_site_name":"Collegio Immacolata Conegliano","article_publisher":"https:\/\/www.facebook.com\/CollegioImmacolata\/","article_modified_time":"2020-08-05T10:03:25+00:00","og_image":[{"url":"https:\/\/collegioimmacolata.it\/wp-content\/uploads\/2019\/11\/pulsant_pof.png"}],"twitter_card":"summary_large_image","twitter_misc":{"Tiempo de lectura":"2 minutos"},"schema":{"@context":"https:\/\/schema.org","@graph":[{"@type":"WebPage","@id":"https:\/\/collegioimmacolata.it\/es\/secondaria-primo-grado\/offerta-formativa-secondaria\/","url":"https:\/\/collegioimmacolata.it\/es\/secondaria-primo-grado\/offerta-formativa-secondaria\/","name":"Oferta Formativa - Collegio Immacolata Conegliano","isPartOf":{"@id":"https:\/\/collegioimmacolata.it\/es\/#website"},"datePublished":"2015-07-30T14:00:41+00:00","dateModified":"2020-08-05T10:03:25+00:00","breadcrumb":{"@id":"https:\/\/collegioimmacolata.it\/es\/secondaria-primo-grado\/offerta-formativa-secondaria\/#breadcrumb"},"inLanguage":"es","potentialAction":[{"@type":"ReadAction","target":["https:\/\/collegioimmacolata.it\/es\/secondaria-primo-grado\/offerta-formativa-secondaria\/"]}]},{"@type":"BreadcrumbList","@id":"https:\/\/collegioimmacolata.it\/es\/secondaria-primo-grado\/offerta-formativa-secondaria\/#breadcrumb","itemListElement":[{"@type":"ListItem","position":1,"name":"Home","item":"https:\/\/collegioimmacolata.it\/es\/"},{"@type":"ListItem","position":2,"name":"Escuela Secundaria de Primer Grado","item":"https:\/\/collegioimmacolata.it\/es\/secondaria-primo-grado\/"},{"@type":"ListItem","position":3,"name":"Oferta Formativa"}]},{"@type":"WebSite","@id":"https:\/\/collegioimmacolata.it\/es\/#website","url":"https:\/\/collegioimmacolata.it\/es\/","name":"Collegio Immacolata Conegliano","description":"Dal 1897 Scuola leader nell&#039;educazione di bambini e ragazzi, basata sulla pedagogia delle suore Salesiane offre percorsi innovativi e attenti alla persona","publisher":{"@id":"https:\/\/collegioimmacolata.it\/es\/#organization"},"potentialAction":[{"@type":"SearchAction","target":{"@type":"EntryPoint","urlTemplate":"https:\/\/collegioimmacolata.it\/es\/?s={search_term_string}"},"query-input":"required name=search_term_string"}],"inLanguage":"es"},{"@type":"Organization","@id":"https:\/\/collegioimmacolata.it\/es\/#organization","name":"Collegio Immacolata Conegliano","url":"https:\/\/collegioimmacolata.it\/es\/","logo":{"@type":"ImageObject","inLanguage":"es","@id":"https:\/\/collegioimmacolata.it\/es\/#\/schema\/logo\/image\/","url":"https:\/\/collegioimmacolata.it\/wp-content\/uploads\/2015\/08\/Favicon.jpg","contentUrl":"https:\/\/collegioimmacolata.it\/wp-content\/uploads\/2015\/08\/Favicon.jpg","width":93,"height":93,"caption":"Collegio Immacolata Conegliano"},"image":{"@id":"https:\/\/collegioimmacolata.it\/es\/#\/schema\/logo\/image\/"},"sameAs":["https:\/\/www.facebook.com\/CollegioImmacolata\/","https:\/\/www.youtube.com\/channel\/UCanScckbpzSY91ETQwAEmVw"]}]}},"_links":{"self":[{"href":"https:\/\/collegioimmacolata.it\/es\/wp-json\/wp\/v2\/pages\/4499"}],"collection":[{"href":"https:\/\/collegioimmacolata.it\/es\/wp-json\/wp\/v2\/pages"}],"about":[{"href":"https:\/\/collegioimmacolata.it\/es\/wp-json\/wp\/v2\/types\/page"}],"author":[{"embeddable":true,"href":"https:\/\/collegioimmacolata.it\/es\/wp-json\/wp\/v2\/users\/4"}],"replies":[{"embeddable":true,"href":"https:\/\/collegioimmacolata.it\/es\/wp-json\/wp\/v2\/comments?post=4499"}],"version-history":[{"count":5,"href":"https:\/\/collegioimmacolata.it\/es\/wp-json\/wp\/v2\/pages\/4499\/revisions"}],"predecessor-version":[{"id":4803,"href":"https:\/\/collegioimmacolata.it\/es\/wp-json\/wp\/v2\/pages\/4499\/revisions\/4803"}],"up":[{"embeddable":true,"href":"https:\/\/collegioimmacolata.it\/es\/wp-json\/wp\/v2\/pages\/4514"}],"wp:attachment":[{"href":"https:\/\/collegioimmacolata.it\/es\/wp-json\/wp\/v2\/media?parent=4499"}],"curies":[{"name":"wp","href":"https:\/\/api.w.org\/{rel}","templated":true}]}}

<p>La <strong>Escuela Secundaria de Primer Grado</strong> acoge a los preadolescentes y, a través de un ambiente rico de estímulos educativos y didácticos, les ofrece la posibilidad de una educación integral.</p>
<p>Las actividades educativas y didácticas, ofrecidas por el Collegio Immacolata, instan a un camino de madurez que permite el crecimiento del joven:</p>
<ul>
<li>en la conciencia de sí mismo,</li>
<li>en la autonomía,</li>
<li>en la capacidad de relacionarse</li>
<li>en el sentido de la responsabilidad,</li>
<li>en el reconocimiento y la aceptación de lo diverso</li>
<li>en la capacidad de vivir la reciprocidad y la solidaridad</li>
</ul>
<h3>Escuela Internacional</h3>
<p>El Collegio Immacolata ofrece un programa didáctico <strong>internacional</strong> que combina la tradición pedagógica salesiana con el <strong>estudio certificado de idiomas</strong> y con la experiencia de encuentros y comunicación en vivo con estudiantes de otras escuelas salesianas angloparlantes e hispanoparlantes. Abre completamente la mente de los estudiantes, y les ayuda a descubrir el mundo.</p>
<p>Aprovecha las oportunidades digitales y el uso de la tecnología para fomentar las actitudes de cada estudiante, valorizando el talento y la creatividad.</p>
<p><strong>Un Proyecto para el futuro  </strong></p>
<p>El Proyecto estimula la adquisición de idiomas mediante su uso inmediato y activo entre compañeros y con visitas, intercambios y hermanamientos en el extranjero.</p>
<p>Proporciona al estudiante un pasaporte válido para el futuro, certificando competencias en dos de los idiomas más hablados en el mundo: el inglés y el español.</p>
<p><strong>Nuestras propuestas</strong></p>
<p>Comunicación con estudiantes extranjeros de escuelas angloparlantes e hispanoparlantes; 7 días en una escuela extranjera (con clases y visitas guiadas en Inglés), en segundo y tercero; vacaciones de estudio en el extranjero al final de año, en segundo y tercero;</p>
<p>Propedéutica al CLIL (clases en inglés de Ciencias, Arte, Historia, Geografía); certificados KET y DELE ; biblioteca de idiomas con más de 100 lecturas graduadas, acompañadas de CD-ROM; participación activa a espectáculos teatrales en inglés y español.</p>
<p><strong>Para aquellos que desean más &#8230;  </strong></p>
<p>Vacaciones de estudio en el extranjero; Certificados KET (Inglés), DELE (español), ECDL (European Computer Driving License); cursos de idiomas; cine en versión original; taller de cocina en lengua extranjera; curso de latín; robótica; curso de música; pintura mural; deportes; actividades extraescolares.</p>
<table style="border-collapse: collapse; width: 100%; border: 0;" border="0">
<tbody>
<tr>
<td style="width: 50%; text-align: right;"><a href="https://collegioimmacolata.it/wp-content/uploads/2018/10/POF_19-20_Secondaria.pdf" target="_blank" rel="noopener noreferrer"><img decoding="async" loading="lazy" class="alignnone wp-image-3261 size-full" src="https://collegioimmacolata.it/wp-content/uploads/2019/11/pulsant_pof.png" alt="Scarica il P.O.F. Piano dell'Offerta Formativa" width="308" height="92" srcset="https://collegioimmacolata.it/wp-content/uploads/2019/11/pulsant_pof.png 308w, https://collegioimmacolata.it/wp-content/uploads/2019/11/pulsant_pof-120x36.png 120w, https://collegioimmacolata.it/wp-content/uploads/2019/11/pulsant_pof-300x90.png 300w" sizes="(max-width: 308px) 100vw, 308px" /></a></td>
<td style="width: 50%;"><a href="https://collegioimmacolata.it/wp-content/uploads/2019/11/brochure_secondaria.pdf" target="_blank" rel="noopener noreferrer"><img decoding="async" loading="lazy" class="alignnone wp-image-3262 size-full" src="https://collegioimmacolata.it/wp-content/uploads/2019/11/pulsante_brochure.png" alt="Scarica la brochuer" width="308" height="92" srcset="https://collegioimmacolata.it/wp-content/uploads/2019/11/pulsante_brochure.png 308w, https://collegioimmacolata.it/wp-content/uploads/2019/11/pulsante_brochure-120x36.png 120w, https://collegioimmacolata.it/wp-content/uploads/2019/11/pulsante_brochure-300x90.png 300w" sizes="(max-width: 308px) 100vw, 308px" /></a></td>
</tr>
</tbody>
</table>

La Escuela Secundaria de Primer Grado acoge a los preadolescentes y, a través de un ambiente rico de&#8230;

<!-- This site is optimized with the Yoast SEO plugin v20.12 - https://yoast.com/wordpress/plugins/seo/ -->
<title>Oferta Formativa - Collegio Immacolata Conegliano</title>
<meta name="robots" content="index, follow, max-snippet:-1, max-image-preview:large, max-video-preview:-1" />
<link rel="canonical" href="https://collegioimmacolata.it/es/secondaria-primo-grado/offerta-formativa-secondaria/" />
<meta property="og:locale" content="es_ES" />
<meta property="og:type" content="article" />
<meta property="og:title" content="Oferta Formativa - Collegio Immacolata Conegliano" />
<meta property="og:description" content="La Escuela Secundaria de Primer Grado acoge a los preadolescentes y, a través de un ambiente rico de..." />
<meta property="og:url" content="https://collegioimmacolata.it/es/secondaria-primo-grado/offerta-formativa-secondaria/" />
<meta property="og:site_name" content="Collegio Immacolata Conegliano" />
<meta property="article:publisher" content="https://www.facebook.com/CollegioImmacolata/" />
<meta property="article:modified_time" content="2020-08-05T10:03:25+00:00" />
<meta property="og:image" content="https://collegioimmacolata.it/wp-content/uploads/2019/11/pulsant_pof.png" />
<meta name="twitter:card" content="summary_large_image" />
<meta name="twitter:label1" content="Tiempo de lectura" />
	<meta name="twitter:data1" content="2 minutos" />
<script type="application/ld+json" class="yoast-schema-graph">{"@context":"https://schema.org","@graph":[{"@type":"WebPage","@id":"https://collegioimmacolata.it/es/secondaria-primo-grado/offerta-formativa-secondaria/","url":"https://collegioimmacolata.it/es/secondaria-primo-grado/offerta-formativa-secondaria/","name":"Oferta Formativa - Collegio Immacolata Conegliano","isPartOf":{"@id":"https://collegioimmacolata.it/es/#website"},"datePublished":"2015-07-30T14:00:41+00:00","dateModified":"2020-08-05T10:03:25+00:00","breadcrumb":{"@id":"https://collegioimmacolata.it/es/secondaria-primo-grado/offerta-formativa-secondaria/#breadcrumb"},"inLanguage":"es","potentialAction":[{"@type":"ReadAction","target":["https://collegioimmacolata.it/es/secondaria-primo-grado/offerta-formativa-secondaria/"]}]},{"@type":"BreadcrumbList","@id":"https://collegioimmacolata.it/es/secondaria-primo-grado/offerta-formativa-secondaria/#breadcrumb","itemListElement":[{"@type":"ListItem","position":1,"name":"Home","item":"https://collegioimmacolata.it/es/"},{"@type":"ListItem","position":2,"name":"Escuela Secundaria de Primer Grado","item":"https://collegioimmacolata.it/es/secondaria-primo-grado/"},{"@type":"ListItem","position":3,"name":"Oferta Formativa"}]},{"@type":"WebSite","@id":"https://collegioimmacolata.it/es/#website","url":"https://collegioimmacolata.it/es/","name":"Collegio Immacolata Conegliano","description":"Dal 1897 Scuola leader nell&#039;educazione di bambini e ragazzi, basata sulla pedagogia delle suore Salesiane offre percorsi innovativi e attenti alla persona","publisher":{"@id":"https://collegioimmacolata.it/es/#organization"},"potentialAction":[{"@type":"SearchAction","target":{"@type":"EntryPoint","urlTemplate":"https://collegioimmacolata.it/es/?s={search_term_string}"},"query-input":"required name=search_term_string"}],"inLanguage":"es"},{"@type":"Organization","@id":"https://collegioimmacolata.it/es/#organization","name":"Collegio Immacolata Conegliano","url":"https://collegioimmacolata.it/es/","logo":{"@type":"ImageObject","inLanguage":"es","@id":"https://collegioimmacolata.it/es/#/schema/logo/image/","url":"https://collegioimmacolata.it/wp-content/uploads/2015/08/Favicon.jpg","contentUrl":"https://collegioimmacolata.it/wp-content/uploads/2015/08/Favicon.jpg","width":93,"height":93,"caption":"Collegio Immacolata Conegliano"},"image":{"@id":"https://collegioimmacolata.it/es/#/schema/logo/image/"},"sameAs":["https://www.facebook.com/CollegioImmacolata/","https://www.youtube.com/channel/UCanScckbpzSY91ETQwAEmVw"]}]}</script>
<!-- / Yoast SEO plugin. -->

La Escuela Secundaria de Primer Grado acoge a los preadolescentes y, a través de un ambiente rico de...
