{"id":4514,"date":"2015-05-28T08:44:31","date_gmt":"2015-05-28T06:44:31","guid":{"rendered":"https:\/\/collegioimmacolata.it\/secondaria-primo-grado\/"},"modified":"2020-08-05T11:56:38","modified_gmt":"2020-08-05T09:56:38","slug":"secondaria-primo-grado","status":"publish","type":"page","link":"https:\/\/collegioimmacolata.it\/es\/secondaria-primo-grado\/","title":{"rendered":"Escuela Secundaria de Primer Grado"},"content":{"rendered":"<p><strong>La Escuela Secundaria de Primer Grado<\/strong> del Collegio Immacolata es una escuela cat\u00f3lica, salesiana y paritaria, legalmente reconocida que:<\/p>\n<ul>\n<li>BUSCA el bien de los j\u00f3venes con aut\u00e9ntica pasi\u00f3n educativa.<\/li>\n<li>MIRA por el crecimiento integral de la persona y educa a la ciudadan\u00eda activa, de acuerdo con las ense\u00f1anzas de Don Bosco, seg\u00fan el cual es tarea del educador formar \u00abbuenos ciudadanos y honestos cristianos\u00bb.<\/li>\n<li>APLICA el sistema preventivo de Don Bosco, que combina raz\u00f3n, religi\u00f3n y bondad.<\/li>\n<li>FAVORECE la presencia de un educador que sea acogedor, abierto al di\u00e1logo y capaz de acompa\u00f1ar el camino de crecimiento personal del ni\u00f1o como un verdadero \u00abmaestro\u00bb.<\/li>\n<li>EDUCA a la acogida, a la solidaridad, a la valorizaci\u00f3n de cada cultura y de cada persona.<\/li>\n<li>PROPONE la educaci\u00f3n a la fe, en el respeto y en la libertad.<\/li>\n<li>INVOLUCRA a la familia en la actividad educativa a trav\u00e9s del di\u00e1logo constante y la participaci\u00f3n en momentos de formaci\u00f3n y celebraci\u00f3n en el esp\u00edritu salesiano.<\/li>\n<li>PROMUEVE la orientaci\u00f3n escolar y educativa para llevar al joven al descubrimiento de s\u00ed mismo y a la realizaci\u00f3n del propio proyecto de vida.<\/li>\n<li>UTILIZA el asesoramiento de especialistas del COSPES para promover el crecimiento personal, en colaboraci\u00f3n con la familia y el profesorado.<\/li>\n<li>REALIZA una did\u00e1ctica innovadora, atenta a las nuevas tecnolog\u00edas y destinada a potenciar las competencias ling\u00fc\u00edsticas y digitales.<\/li>\n<\/ul>\n","protected":false},"excerpt":{"rendered":"La Escuela Secundaria de Primer Grado del Collegio Immacolata es una escuela cat\u00f3lica, salesiana y paritaria, legalmente reconocida&#8230;","protected":false},"author":4,"featured_media":4449,"parent":0,"menu_order":0,"comment_status":"closed","ping_status":"closed","template":"page-template_statico.php","meta":[],"yoast_head":"<!-- This site is optimized with the Yoast SEO plugin v20.12 - https:\/\/yoast.com\/wordpress\/plugins\/seo\/ -->\n<title>Scuola Media - Secondaria Primo Grado Conegliano Paritaria<\/title>\n<meta name=\"description\" content=\"La Scuola Secondaria di Primo Grado del Collegio Immacolata \u00e8 una scuola media cattolica, salesiana e paritaria su progetto e respiro internazionale\" \/>\n<meta name=\"robots\" content=\"index, follow, max-snippet:-1, max-image-preview:large, max-video-preview:-1\" \/>\n<link rel=\"canonical\" href=\"https:\/\/collegioimmacolata.it\/es\/secondaria-primo-grado\/\" \/>\n<meta property=\"og:locale\" content=\"es_ES\" \/>\n<meta property=\"og:type\" content=\"article\" \/>\n<meta property=\"og:title\" content=\"Scuola Media - Secondaria Primo Grado Conegliano Paritaria\" \/>\n<meta property=\"og:description\" content=\"La Scuola Secondaria di Primo Grado del Collegio Immacolata \u00e8 una scuola media cattolica, salesiana e paritaria su progetto e respiro internazionale\" \/>\n<meta property=\"og:url\" content=\"https:\/\/collegioimmacolata.it\/es\/secondaria-primo-grado\/\" \/>\n<meta property=\"og:site_name\" content=\"Collegio Immacolata Conegliano\" \/>\n<meta property=\"article:publisher\" content=\"https:\/\/www.facebook.com\/CollegioImmacolata\/\" \/>\n<meta property=\"article:modified_time\" content=\"2020-08-05T09:56:38+00:00\" \/>\n<meta property=\"og:image\" content=\"https:\/\/collegioimmacolata.it\/wp-content\/uploads\/2015\/06\/iStock_000005985025XLarge.jpg\" \/>\n\t<meta property=\"og:image:width\" content=\"1100\" \/>\n\t<meta property=\"og:image:height\" content=\"778\" \/>\n\t<meta property=\"og:image:type\" content=\"image\/jpeg\" \/>\n<meta name=\"twitter:card\" content=\"summary_large_image\" \/>\n<meta name=\"twitter:label1\" content=\"Tiempo de lectura\" \/>\n\t<meta name=\"twitter:data1\" content=\"1 minuto\" \/>\n<script type=\"application\/ld+json\" class=\"yoast-schema-graph\">{\"@context\":\"https:\/\/schema.org\",\"@graph\":[{\"@type\":\"WebPage\",\"@id\":\"https:\/\/collegioimmacolata.it\/es\/secondaria-primo-grado\/\",\"url\":\"https:\/\/collegioimmacolata.it\/es\/secondaria-primo-grado\/\",\"name\":\"Scuola Media - Secondaria Primo Grado Conegliano Paritaria\",\"isPartOf\":{\"@id\":\"https:\/\/collegioimmacolata.it\/es\/#website\"},\"datePublished\":\"2015-05-28T06:44:31+00:00\",\"dateModified\":\"2020-08-05T09:56:38+00:00\",\"description\":\"La Scuola Secondaria di Primo Grado del Collegio Immacolata \u00e8 una scuola media cattolica, salesiana e paritaria su progetto e respiro internazionale\",\"breadcrumb\":{\"@id\":\"https:\/\/collegioimmacolata.it\/es\/secondaria-primo-grado\/#breadcrumb\"},\"inLanguage\":\"es\",\"potentialAction\":[{\"@type\":\"ReadAction\",\"target\":[\"https:\/\/collegioimmacolata.it\/es\/secondaria-primo-grado\/\"]}]},{\"@type\":\"BreadcrumbList\",\"@id\":\"https:\/\/collegioimmacolata.it\/es\/secondaria-primo-grado\/#breadcrumb\",\"itemListElement\":[{\"@type\":\"ListItem\",\"position\":1,\"name\":\"Home\",\"item\":\"https:\/\/collegioimmacolata.it\/es\/\"},{\"@type\":\"ListItem\",\"position\":2,\"name\":\"Escuela Secundaria de Primer Grado\"}]},{\"@type\":\"WebSite\",\"@id\":\"https:\/\/collegioimmacolata.it\/es\/#website\",\"url\":\"https:\/\/collegioimmacolata.it\/es\/\",\"name\":\"Collegio Immacolata Conegliano\",\"description\":\"Dal 1897 Scuola leader nell&#039;educazione di bambini e ragazzi, basata sulla pedagogia delle suore Salesiane offre percorsi innovativi e attenti alla persona\",\"publisher\":{\"@id\":\"https:\/\/collegioimmacolata.it\/es\/#organization\"},\"potentialAction\":[{\"@type\":\"SearchAction\",\"target\":{\"@type\":\"EntryPoint\",\"urlTemplate\":\"https:\/\/collegioimmacolata.it\/es\/?s={search_term_string}\"},\"query-input\":\"required name=search_term_string\"}],\"inLanguage\":\"es\"},{\"@type\":\"Organization\",\"@id\":\"https:\/\/collegioimmacolata.it\/es\/#organization\",\"name\":\"Collegio Immacolata Conegliano\",\"url\":\"https:\/\/collegioimmacolata.it\/es\/\",\"logo\":{\"@type\":\"ImageObject\",\"inLanguage\":\"es\",\"@id\":\"https:\/\/collegioimmacolata.it\/es\/#\/schema\/logo\/image\/\",\"url\":\"https:\/\/collegioimmacolata.it\/wp-content\/uploads\/2015\/08\/Favicon.jpg\",\"contentUrl\":\"https:\/\/collegioimmacolata.it\/wp-content\/uploads\/2015\/08\/Favicon.jpg\",\"width\":93,\"height\":93,\"caption\":\"Collegio Immacolata Conegliano\"},\"image\":{\"@id\":\"https:\/\/collegioimmacolata.it\/es\/#\/schema\/logo\/image\/\"},\"sameAs\":[\"https:\/\/www.facebook.com\/CollegioImmacolata\/\",\"https:\/\/www.youtube.com\/channel\/UCanScckbpzSY91ETQwAEmVw\"]}]}<\/script>\n<!-- \/ Yoast SEO plugin. -->","yoast_head_json":{"title":"Scuola Media - Secondaria Primo Grado Conegliano Paritaria","description":"La Scuola Secondaria di Primo Grado del Collegio Immacolata \u00e8 una scuola media cattolica, salesiana e paritaria su progetto e respiro internazionale","robots":{"index":"index","follow":"follow","max-snippet":"max-snippet:-1","max-image-preview":"max-image-preview:large","max-video-preview":"max-video-preview:-1"},"canonical":"https:\/\/collegioimmacolata.it\/es\/secondaria-primo-grado\/","og_locale":"es_ES","og_type":"article","og_title":"Scuola Media - Secondaria Primo Grado Conegliano Paritaria","og_description":"La Scuola Secondaria di Primo Grado del Collegio Immacolata \u00e8 una scuola media cattolica, salesiana e paritaria su progetto e respiro internazionale","og_url":"https:\/\/collegioimmacolata.it\/es\/secondaria-primo-grado\/","og_site_name":"Collegio Immacolata Conegliano","article_publisher":"https:\/\/www.facebook.com\/CollegioImmacolata\/","article_modified_time":"2020-08-05T09:56:38+00:00","og_image":[{"width":1100,"height":778,"url":"https:\/\/collegioimmacolata.it\/wp-content\/uploads\/2015\/06\/iStock_000005985025XLarge.jpg","type":"image\/jpeg"}],"twitter_card":"summary_large_image","twitter_misc":{"Tiempo de lectura":"1 minuto"},"schema":{"@context":"https:\/\/schema.org","@graph":[{"@type":"WebPage","@id":"https:\/\/collegioimmacolata.it\/es\/secondaria-primo-grado\/","url":"https:\/\/collegioimmacolata.it\/es\/secondaria-primo-grado\/","name":"Scuola Media - Secondaria Primo Grado Conegliano Paritaria","isPartOf":{"@id":"https:\/\/collegioimmacolata.it\/es\/#website"},"datePublished":"2015-05-28T06:44:31+00:00","dateModified":"2020-08-05T09:56:38+00:00","description":"La Scuola Secondaria di Primo Grado del Collegio Immacolata \u00e8 una scuola media cattolica, salesiana e paritaria su progetto e respiro internazionale","breadcrumb":{"@id":"https:\/\/collegioimmacolata.it\/es\/secondaria-primo-grado\/#breadcrumb"},"inLanguage":"es","potentialAction":[{"@type":"ReadAction","target":["https:\/\/collegioimmacolata.it\/es\/secondaria-primo-grado\/"]}]},{"@type":"BreadcrumbList","@id":"https:\/\/collegioimmacolata.it\/es\/secondaria-primo-grado\/#breadcrumb","itemListElement":[{"@type":"ListItem","position":1,"name":"Home","item":"https:\/\/collegioimmacolata.it\/es\/"},{"@type":"ListItem","position":2,"name":"Escuela Secundaria de Primer Grado"}]},{"@type":"WebSite","@id":"https:\/\/collegioimmacolata.it\/es\/#website","url":"https:\/\/collegioimmacolata.it\/es\/","name":"Collegio Immacolata Conegliano","description":"Dal 1897 Scuola leader nell&#039;educazione di bambini e ragazzi, basata sulla pedagogia delle suore Salesiane offre percorsi innovativi e attenti alla persona","publisher":{"@id":"https:\/\/collegioimmacolata.it\/es\/#organization"},"potentialAction":[{"@type":"SearchAction","target":{"@type":"EntryPoint","urlTemplate":"https:\/\/collegioimmacolata.it\/es\/?s={search_term_string}"},"query-input":"required name=search_term_string"}],"inLanguage":"es"},{"@type":"Organization","@id":"https:\/\/collegioimmacolata.it\/es\/#organization","name":"Collegio Immacolata Conegliano","url":"https:\/\/collegioimmacolata.it\/es\/","logo":{"@type":"ImageObject","inLanguage":"es","@id":"https:\/\/collegioimmacolata.it\/es\/#\/schema\/logo\/image\/","url":"https:\/\/collegioimmacolata.it\/wp-content\/uploads\/2015\/08\/Favicon.jpg","contentUrl":"https:\/\/collegioimmacolata.it\/wp-content\/uploads\/2015\/08\/Favicon.jpg","width":93,"height":93,"caption":"Collegio Immacolata Conegliano"},"image":{"@id":"https:\/\/collegioimmacolata.it\/es\/#\/schema\/logo\/image\/"},"sameAs":["https:\/\/www.facebook.com\/CollegioImmacolata\/","https:\/\/www.youtube.com\/channel\/UCanScckbpzSY91ETQwAEmVw"]}]}},"_links":{"self":[{"href":"https:\/\/collegioimmacolata.it\/es\/wp-json\/wp\/v2\/pages\/4514"}],"collection":[{"href":"https:\/\/collegioimmacolata.it\/es\/wp-json\/wp\/v2\/pages"}],"about":[{"href":"https:\/\/collegioimmacolata.it\/es\/wp-json\/wp\/v2\/types\/page"}],"author":[{"embeddable":true,"href":"https:\/\/collegioimmacolata.it\/es\/wp-json\/wp\/v2\/users\/4"}],"replies":[{"embeddable":true,"href":"https:\/\/collegioimmacolata.it\/es\/wp-json\/wp\/v2\/comments?post=4514"}],"version-history":[{"count":2,"href":"https:\/\/collegioimmacolata.it\/es\/wp-json\/wp\/v2\/pages\/4514\/revisions"}],"predecessor-version":[{"id":4793,"href":"https:\/\/collegioimmacolata.it\/es\/wp-json\/wp\/v2\/pages\/4514\/revisions\/4793"}],"wp:featuredmedia":[{"embeddable":true,"href":"https:\/\/collegioimmacolata.it\/es\/wp-json\/wp\/v2\/media\/4449"}],"wp:attachment":[{"href":"https:\/\/collegioimmacolata.it\/es\/wp-json\/wp\/v2\/media?parent=4514"}],"curies":[{"name":"wp","href":"https:\/\/api.w.org\/{rel}","templated":true}]}}

<p><strong>La Escuela Secundaria de Primer Grado</strong> del Collegio Immacolata es una escuela católica, salesiana y paritaria, legalmente reconocida que:</p>
<ul>
<li>BUSCA el bien de los jóvenes con auténtica pasión educativa.</li>
<li>MIRA por el crecimiento integral de la persona y educa a la ciudadanía activa, de acuerdo con las enseñanzas de Don Bosco, según el cual es tarea del educador formar «buenos ciudadanos y honestos cristianos».</li>
<li>APLICA el sistema preventivo de Don Bosco, que combina razón, religión y bondad.</li>
<li>FAVORECE la presencia de un educador que sea acogedor, abierto al diálogo y capaz de acompañar el camino de crecimiento personal del niño como un verdadero «maestro».</li>
<li>EDUCA a la acogida, a la solidaridad, a la valorización de cada cultura y de cada persona.</li>
<li>PROPONE la educación a la fe, en el respeto y en la libertad.</li>
<li>INVOLUCRA a la familia en la actividad educativa a través del diálogo constante y la participación en momentos de formación y celebración en el espíritu salesiano.</li>
<li>PROMUEVE la orientación escolar y educativa para llevar al joven al descubrimiento de sí mismo y a la realización del propio proyecto de vida.</li>
<li>UTILIZA el asesoramiento de especialistas del COSPES para promover el crecimiento personal, en colaboración con la familia y el profesorado.</li>
<li>REALIZA una didáctica innovadora, atenta a las nuevas tecnologías y destinada a potenciar las competencias lingüísticas y digitales.</li>
</ul>

La Escuela Secundaria de Primer Grado del Collegio Immacolata es una escuela católica, salesiana y paritaria, legalmente reconocida&#8230;

<!-- This site is optimized with the Yoast SEO plugin v20.12 - https://yoast.com/wordpress/plugins/seo/ -->
<title>Scuola Media - Secondaria Primo Grado Conegliano Paritaria</title>
<meta name="description" content="La Scuola Secondaria di Primo Grado del Collegio Immacolata è una scuola media cattolica, salesiana e paritaria su progetto e respiro internazionale" />
<meta name="robots" content="index, follow, max-snippet:-1, max-image-preview:large, max-video-preview:-1" />
<link rel="canonical" href="https://collegioimmacolata.it/es/secondaria-primo-grado/" />
<meta property="og:locale" content="es_ES" />
<meta property="og:type" content="article" />
<meta property="og:title" content="Scuola Media - Secondaria Primo Grado Conegliano Paritaria" />
<meta property="og:description" content="La Scuola Secondaria di Primo Grado del Collegio Immacolata è una scuola media cattolica, salesiana e paritaria su progetto e respiro internazionale" />
<meta property="og:url" content="https://collegioimmacolata.it/es/secondaria-primo-grado/" />
<meta property="og:site_name" content="Collegio Immacolata Conegliano" />
<meta property="article:publisher" content="https://www.facebook.com/CollegioImmacolata/" />
<meta property="article:modified_time" content="2020-08-05T09:56:38+00:00" />
<meta property="og:image" content="https://collegioimmacolata.it/wp-content/uploads/2015/06/iStock_000005985025XLarge.jpg" />
	<meta property="og:image:width" content="1100" />
	<meta property="og:image:height" content="778" />
	<meta property="og:image:type" content="image/jpeg" />
<meta name="twitter:card" content="summary_large_image" />
<meta name="twitter:label1" content="Tiempo de lectura" />
	<meta name="twitter:data1" content="1 minuto" />
<script type="application/ld+json" class="yoast-schema-graph">{"@context":"https://schema.org","@graph":[{"@type":"WebPage","@id":"https://collegioimmacolata.it/es/secondaria-primo-grado/","url":"https://collegioimmacolata.it/es/secondaria-primo-grado/","name":"Scuola Media - Secondaria Primo Grado Conegliano Paritaria","isPartOf":{"@id":"https://collegioimmacolata.it/es/#website"},"datePublished":"2015-05-28T06:44:31+00:00","dateModified":"2020-08-05T09:56:38+00:00","description":"La Scuola Secondaria di Primo Grado del Collegio Immacolata è una scuola media cattolica, salesiana e paritaria su progetto e respiro internazionale","breadcrumb":{"@id":"https://collegioimmacolata.it/es/secondaria-primo-grado/#breadcrumb"},"inLanguage":"es","potentialAction":[{"@type":"ReadAction","target":["https://collegioimmacolata.it/es/secondaria-primo-grado/"]}]},{"@type":"BreadcrumbList","@id":"https://collegioimmacolata.it/es/secondaria-primo-grado/#breadcrumb","itemListElement":[{"@type":"ListItem","position":1,"name":"Home","item":"https://collegioimmacolata.it/es/"},{"@type":"ListItem","position":2,"name":"Escuela Secundaria de Primer Grado"}]},{"@type":"WebSite","@id":"https://collegioimmacolata.it/es/#website","url":"https://collegioimmacolata.it/es/","name":"Collegio Immacolata Conegliano","description":"Dal 1897 Scuola leader nell&#039;educazione di bambini e ragazzi, basata sulla pedagogia delle suore Salesiane offre percorsi innovativi e attenti alla persona","publisher":{"@id":"https://collegioimmacolata.it/es/#organization"},"potentialAction":[{"@type":"SearchAction","target":{"@type":"EntryPoint","urlTemplate":"https://collegioimmacolata.it/es/?s={search_term_string}"},"query-input":"required name=search_term_string"}],"inLanguage":"es"},{"@type":"Organization","@id":"https://collegioimmacolata.it/es/#organization","name":"Collegio Immacolata Conegliano","url":"https://collegioimmacolata.it/es/","logo":{"@type":"ImageObject","inLanguage":"es","@id":"https://collegioimmacolata.it/es/#/schema/logo/image/","url":"https://collegioimmacolata.it/wp-content/uploads/2015/08/Favicon.jpg","contentUrl":"https://collegioimmacolata.it/wp-content/uploads/2015/08/Favicon.jpg","width":93,"height":93,"caption":"Collegio Immacolata Conegliano"},"image":{"@id":"https://collegioimmacolata.it/es/#/schema/logo/image/"},"sameAs":["https://www.facebook.com/CollegioImmacolata/","https://www.youtube.com/channel/UCanScckbpzSY91ETQwAEmVw"]}]}</script>
<!-- / Yoast SEO plugin. -->

La Scuola Secondaria di Primo Grado del Collegio Immacolata è una scuola media cattolica, salesiana e paritaria su progetto e respiro internazionale
