{"id":4517,"date":"2015-05-28T08:46:14","date_gmt":"2015-05-28T06:46:14","guid":{"rendered":"https:\/\/collegioimmacolata.it\/oratorio-conegliano\/"},"modified":"2020-08-05T12:45:32","modified_gmt":"2020-08-05T10:45:32","slug":"oratorio-conegliano","status":"publish","type":"page","link":"https:\/\/collegioimmacolata.it\/es\/oratorio-conegliano\/","title":{"rendered":"Oratorio"},"content":{"rendered":"<p>El <strong>Oratorio<\/strong> del Colegio Inmaculada, Centro Socio-Educativo Diurno \u00abIl Punto Accessibile\u00bb, nace de la constataci\u00f3n de las necesidades de las familias que necesitan apoyo educativo, escolar y log\u00edstico para los hijos.<\/p>\n<p>El Oratorio es una estructura polivalente, de car\u00e1cter abierto, que tiene el <strong>objetivo de ofrecer una respuesta cualificada a las necesidades del territorio<\/strong>. Cuales:<\/p>\n<ul>\n<li>El deseo de las familias de encontrar un ambiente que pueda ofrecer a sus hijos experiencias y oportunidades de crecimiento humano y espiritual;<\/li>\n<li>la b\u00fasqueda de las familias de un ambiente de propuestas que favorezca el estudio por la tarde para los ni\u00f1os y ni\u00f1as que frecuentan la escuela Primaria y Secundaria de primer grado;<\/li>\n<li>la necesidad de algunos chicos y chicas de ser estimulados y acompa\u00f1ados, tambi\u00e9n personalmente, en una mayor dedicaci\u00f3n en el estudio para mejorar los resultados acad\u00e9micos y conseguir la autonom\u00eda necesaria en las diversas fases de crecimiento;<\/li>\n<li>la exigencia del redescubrimiento del estudio y del desarrollo de las tareas como momento de crecimiento humano y cultural, de agregaci\u00f3n y socializaci\u00f3n equilibrada y alegre entre iguales.<\/li>\n<\/ul>\n<p>El Oratorio del Colegio Inmaculada se dirige a los ni\u00f1os, adolescentes y j\u00f3venes residentes en la localidad de Conegliano y las localidades lim\u00edtrofes.<\/p>\n<p>El servicio involucrar\u00e1 a las familias de los destinatarios, pidiendo su colaboraci\u00f3n en las diferentes iniciativas propuestas por el Oratorio y su colaboraci\u00f3n tanto en el proceso de formaci\u00f3n estipulado como un \u00abPacto educativo\u00bb en el momento de la inscripci\u00f3n.<\/p>\n","protected":false},"excerpt":{"rendered":"El Oratorio del Colegio Inmaculada, Centro Socio-Educativo Diurno \u00abIl Punto Accessibile\u00bb, nace de la constataci\u00f3n de las necesidades&#8230;","protected":false},"author":4,"featured_media":4449,"parent":0,"menu_order":0,"comment_status":"closed","ping_status":"closed","template":"page-template_statico.php","meta":[],"yoast_head":"<!-- This site is optimized with the Yoast SEO plugin v20.12 - https:\/\/yoast.com\/wordpress\/plugins\/seo\/ -->\n<title>Oratorio - Collegio Immacolata Conegliano<\/title>\n<meta name=\"description\" content=\"L\u2019Oratorio del Collegio Immacolata, nasce dell\u2019evidenza dei bisogni delle famiglie inerenti al supporto educativo, scolastico e logistico dei figli.\" \/>\n<meta name=\"robots\" content=\"index, follow, max-snippet:-1, max-image-preview:large, max-video-preview:-1\" \/>\n<link rel=\"canonical\" href=\"https:\/\/collegioimmacolata.it\/es\/oratorio-conegliano\/\" \/>\n<meta property=\"og:locale\" content=\"es_ES\" \/>\n<meta property=\"og:type\" content=\"article\" \/>\n<meta property=\"og:title\" content=\"Oratorio - Collegio Immacolata Conegliano\" \/>\n<meta property=\"og:description\" content=\"L\u2019Oratorio del Collegio Immacolata, nasce dell\u2019evidenza dei bisogni delle famiglie inerenti al supporto educativo, scolastico e logistico dei figli.\" \/>\n<meta property=\"og:url\" content=\"https:\/\/collegioimmacolata.it\/es\/oratorio-conegliano\/\" \/>\n<meta property=\"og:site_name\" content=\"Collegio Immacolata Conegliano\" \/>\n<meta property=\"article:publisher\" content=\"https:\/\/www.facebook.com\/CollegioImmacolata\/\" \/>\n<meta property=\"article:modified_time\" content=\"2020-08-05T10:45:32+00:00\" \/>\n<meta property=\"og:image\" content=\"https:\/\/collegioimmacolata.it\/wp-content\/uploads\/2015\/06\/iStock_000005985025XLarge.jpg\" \/>\n\t<meta property=\"og:image:width\" content=\"1100\" \/>\n\t<meta property=\"og:image:height\" content=\"778\" \/>\n\t<meta property=\"og:image:type\" content=\"image\/jpeg\" \/>\n<meta name=\"twitter:card\" content=\"summary_large_image\" \/>\n<meta name=\"twitter:label1\" content=\"Tiempo de lectura\" \/>\n\t<meta name=\"twitter:data1\" content=\"1 minuto\" \/>\n<script type=\"application\/ld+json\" class=\"yoast-schema-graph\">{\"@context\":\"https:\/\/schema.org\",\"@graph\":[{\"@type\":\"WebPage\",\"@id\":\"https:\/\/collegioimmacolata.it\/es\/oratorio-conegliano\/\",\"url\":\"https:\/\/collegioimmacolata.it\/es\/oratorio-conegliano\/\",\"name\":\"Oratorio - Collegio Immacolata Conegliano\",\"isPartOf\":{\"@id\":\"https:\/\/collegioimmacolata.it\/es\/#website\"},\"datePublished\":\"2015-05-28T06:46:14+00:00\",\"dateModified\":\"2020-08-05T10:45:32+00:00\",\"description\":\"L\u2019Oratorio del Collegio Immacolata, nasce dell\u2019evidenza dei bisogni delle famiglie inerenti al supporto educativo, scolastico e logistico dei figli.\",\"breadcrumb\":{\"@id\":\"https:\/\/collegioimmacolata.it\/es\/oratorio-conegliano\/#breadcrumb\"},\"inLanguage\":\"es\",\"potentialAction\":[{\"@type\":\"ReadAction\",\"target\":[\"https:\/\/collegioimmacolata.it\/es\/oratorio-conegliano\/\"]}]},{\"@type\":\"BreadcrumbList\",\"@id\":\"https:\/\/collegioimmacolata.it\/es\/oratorio-conegliano\/#breadcrumb\",\"itemListElement\":[{\"@type\":\"ListItem\",\"position\":1,\"name\":\"Home\",\"item\":\"https:\/\/collegioimmacolata.it\/es\/\"},{\"@type\":\"ListItem\",\"position\":2,\"name\":\"Oratorio\"}]},{\"@type\":\"WebSite\",\"@id\":\"https:\/\/collegioimmacolata.it\/es\/#website\",\"url\":\"https:\/\/collegioimmacolata.it\/es\/\",\"name\":\"Collegio Immacolata Conegliano\",\"description\":\"Dal 1897 Scuola leader nell&#039;educazione di bambini e ragazzi, basata sulla pedagogia delle suore Salesiane offre percorsi innovativi e attenti alla persona\",\"publisher\":{\"@id\":\"https:\/\/collegioimmacolata.it\/es\/#organization\"},\"potentialAction\":[{\"@type\":\"SearchAction\",\"target\":{\"@type\":\"EntryPoint\",\"urlTemplate\":\"https:\/\/collegioimmacolata.it\/es\/?s={search_term_string}\"},\"query-input\":\"required name=search_term_string\"}],\"inLanguage\":\"es\"},{\"@type\":\"Organization\",\"@id\":\"https:\/\/collegioimmacolata.it\/es\/#organization\",\"name\":\"Collegio Immacolata Conegliano\",\"url\":\"https:\/\/collegioimmacolata.it\/es\/\",\"logo\":{\"@type\":\"ImageObject\",\"inLanguage\":\"es\",\"@id\":\"https:\/\/collegioimmacolata.it\/es\/#\/schema\/logo\/image\/\",\"url\":\"https:\/\/collegioimmacolata.it\/wp-content\/uploads\/2015\/08\/Favicon.jpg\",\"contentUrl\":\"https:\/\/collegioimmacolata.it\/wp-content\/uploads\/2015\/08\/Favicon.jpg\",\"width\":93,\"height\":93,\"caption\":\"Collegio Immacolata Conegliano\"},\"image\":{\"@id\":\"https:\/\/collegioimmacolata.it\/es\/#\/schema\/logo\/image\/\"},\"sameAs\":[\"https:\/\/www.facebook.com\/CollegioImmacolata\/\",\"https:\/\/www.youtube.com\/channel\/UCanScckbpzSY91ETQwAEmVw\"]}]}<\/script>\n<!-- \/ Yoast SEO plugin. -->","yoast_head_json":{"title":"Oratorio - Collegio Immacolata Conegliano","description":"L\u2019Oratorio del Collegio Immacolata, nasce dell\u2019evidenza dei bisogni delle famiglie inerenti al supporto educativo, scolastico e logistico dei figli.","robots":{"index":"index","follow":"follow","max-snippet":"max-snippet:-1","max-image-preview":"max-image-preview:large","max-video-preview":"max-video-preview:-1"},"canonical":"https:\/\/collegioimmacolata.it\/es\/oratorio-conegliano\/","og_locale":"es_ES","og_type":"article","og_title":"Oratorio - Collegio Immacolata Conegliano","og_description":"L\u2019Oratorio del Collegio Immacolata, nasce dell\u2019evidenza dei bisogni delle famiglie inerenti al supporto educativo, scolastico e logistico dei figli.","og_url":"https:\/\/collegioimmacolata.it\/es\/oratorio-conegliano\/","og_site_name":"Collegio Immacolata Conegliano","article_publisher":"https:\/\/www.facebook.com\/CollegioImmacolata\/","article_modified_time":"2020-08-05T10:45:32+00:00","og_image":[{"width":1100,"height":778,"url":"https:\/\/collegioimmacolata.it\/wp-content\/uploads\/2015\/06\/iStock_000005985025XLarge.jpg","type":"image\/jpeg"}],"twitter_card":"summary_large_image","twitter_misc":{"Tiempo de lectura":"1 minuto"},"schema":{"@context":"https:\/\/schema.org","@graph":[{"@type":"WebPage","@id":"https:\/\/collegioimmacolata.it\/es\/oratorio-conegliano\/","url":"https:\/\/collegioimmacolata.it\/es\/oratorio-conegliano\/","name":"Oratorio - Collegio Immacolata Conegliano","isPartOf":{"@id":"https:\/\/collegioimmacolata.it\/es\/#website"},"datePublished":"2015-05-28T06:46:14+00:00","dateModified":"2020-08-05T10:45:32+00:00","description":"L\u2019Oratorio del Collegio Immacolata, nasce dell\u2019evidenza dei bisogni delle famiglie inerenti al supporto educativo, scolastico e logistico dei figli.","breadcrumb":{"@id":"https:\/\/collegioimmacolata.it\/es\/oratorio-conegliano\/#breadcrumb"},"inLanguage":"es","potentialAction":[{"@type":"ReadAction","target":["https:\/\/collegioimmacolata.it\/es\/oratorio-conegliano\/"]}]},{"@type":"BreadcrumbList","@id":"https:\/\/collegioimmacolata.it\/es\/oratorio-conegliano\/#breadcrumb","itemListElement":[{"@type":"ListItem","position":1,"name":"Home","item":"https:\/\/collegioimmacolata.it\/es\/"},{"@type":"ListItem","position":2,"name":"Oratorio"}]},{"@type":"WebSite","@id":"https:\/\/collegioimmacolata.it\/es\/#website","url":"https:\/\/collegioimmacolata.it\/es\/","name":"Collegio Immacolata Conegliano","description":"Dal 1897 Scuola leader nell&#039;educazione di bambini e ragazzi, basata sulla pedagogia delle suore Salesiane offre percorsi innovativi e attenti alla persona","publisher":{"@id":"https:\/\/collegioimmacolata.it\/es\/#organization"},"potentialAction":[{"@type":"SearchAction","target":{"@type":"EntryPoint","urlTemplate":"https:\/\/collegioimmacolata.it\/es\/?s={search_term_string}"},"query-input":"required name=search_term_string"}],"inLanguage":"es"},{"@type":"Organization","@id":"https:\/\/collegioimmacolata.it\/es\/#organization","name":"Collegio Immacolata Conegliano","url":"https:\/\/collegioimmacolata.it\/es\/","logo":{"@type":"ImageObject","inLanguage":"es","@id":"https:\/\/collegioimmacolata.it\/es\/#\/schema\/logo\/image\/","url":"https:\/\/collegioimmacolata.it\/wp-content\/uploads\/2015\/08\/Favicon.jpg","contentUrl":"https:\/\/collegioimmacolata.it\/wp-content\/uploads\/2015\/08\/Favicon.jpg","width":93,"height":93,"caption":"Collegio Immacolata Conegliano"},"image":{"@id":"https:\/\/collegioimmacolata.it\/es\/#\/schema\/logo\/image\/"},"sameAs":["https:\/\/www.facebook.com\/CollegioImmacolata\/","https:\/\/www.youtube.com\/channel\/UCanScckbpzSY91ETQwAEmVw"]}]}},"_links":{"self":[{"href":"https:\/\/collegioimmacolata.it\/es\/wp-json\/wp\/v2\/pages\/4517"}],"collection":[{"href":"https:\/\/collegioimmacolata.it\/es\/wp-json\/wp\/v2\/pages"}],"about":[{"href":"https:\/\/collegioimmacolata.it\/es\/wp-json\/wp\/v2\/types\/page"}],"author":[{"embeddable":true,"href":"https:\/\/collegioimmacolata.it\/es\/wp-json\/wp\/v2\/users\/4"}],"replies":[{"embeddable":true,"href":"https:\/\/collegioimmacolata.it\/es\/wp-json\/wp\/v2\/comments?post=4517"}],"version-history":[{"count":2,"href":"https:\/\/collegioimmacolata.it\/es\/wp-json\/wp\/v2\/pages\/4517\/revisions"}],"predecessor-version":[{"id":4831,"href":"https:\/\/collegioimmacolata.it\/es\/wp-json\/wp\/v2\/pages\/4517\/revisions\/4831"}],"wp:featuredmedia":[{"embeddable":true,"href":"https:\/\/collegioimmacolata.it\/es\/wp-json\/wp\/v2\/media\/4449"}],"wp:attachment":[{"href":"https:\/\/collegioimmacolata.it\/es\/wp-json\/wp\/v2\/media?parent=4517"}],"curies":[{"name":"wp","href":"https:\/\/api.w.org\/{rel}","templated":true}]}}

<p>El <strong>Oratorio</strong> del Colegio Inmaculada, Centro Socio-Educativo Diurno «Il Punto Accessibile», nace de la constatación de las necesidades de las familias que necesitan apoyo educativo, escolar y logístico para los hijos.</p>
<p>El Oratorio es una estructura polivalente, de carácter abierto, que tiene el <strong>objetivo de ofrecer una respuesta cualificada a las necesidades del territorio</strong>. Cuales:</p>
<ul>
<li>El deseo de las familias de encontrar un ambiente que pueda ofrecer a sus hijos experiencias y oportunidades de crecimiento humano y espiritual;</li>
<li>la búsqueda de las familias de un ambiente de propuestas que favorezca el estudio por la tarde para los niños y niñas que frecuentan la escuela Primaria y Secundaria de primer grado;</li>
<li>la necesidad de algunos chicos y chicas de ser estimulados y acompañados, también personalmente, en una mayor dedicación en el estudio para mejorar los resultados académicos y conseguir la autonomía necesaria en las diversas fases de crecimiento;</li>
<li>la exigencia del redescubrimiento del estudio y del desarrollo de las tareas como momento de crecimiento humano y cultural, de agregación y socialización equilibrada y alegre entre iguales.</li>
</ul>
<p>El Oratorio del Colegio Inmaculada se dirige a los niños, adolescentes y jóvenes residentes en la localidad de Conegliano y las localidades limítrofes.</p>
<p>El servicio involucrará a las familias de los destinatarios, pidiendo su colaboración en las diferentes iniciativas propuestas por el Oratorio y su colaboración tanto en el proceso de formación estipulado como un «Pacto educativo» en el momento de la inscripción.</p>

El Oratorio del Colegio Inmaculada, Centro Socio-Educativo Diurno «Il Punto Accessibile», nace de la constatación de las necesidades&#8230;
