{"id":4534,"date":"2019-03-19T19:45:54","date_gmt":"2019-03-19T18:45:54","guid":{"rendered":"https:\/\/collegioimmacolata.it\/newsletter\/"},"modified":"2020-08-05T16:20:29","modified_gmt":"2020-08-05T14:20:29","slug":"newsletter","status":"publish","type":"page","link":"https:\/\/collegioimmacolata.it\/es\/newsletter\/","title":{"rendered":"NEWSLETTER"},"content":{"rendered":"<h2 style=\"text-align: justify;\">INFORMACI\u00d3N DE PRIVACIDAD SEG\u00daN EL ART. 13 DEL REGLAMENTO EUROPEO 679\/16 (RGPD) PARA EL TRATAMIENTO DE DATOS PERSONALES<\/h2>\n<p style=\"text-align: justify;\"><em>(C\u00f3digo de privacidad y Reglamento europeo sobre protecci\u00f3n de datos personales)<\/em><\/p>\n<p style=\"text-align: justify;\">De conformidad con el Reglamento Europeo 679\/16 (GDPR) y los cambios posteriores, debemos proporcionarle la informaci\u00f3n necesaria sobre el procesamiento de los datos personales que proporciona. Esta es una informaci\u00f3n proporcionada en conformidad con el art. 13 del Reglamento Europeo sobre la protecci\u00f3n de datos personales y contiene la informaci\u00f3n necesaria tambi\u00e9n en relaci\u00f3n con la legislaci\u00f3n saliente (c\u00f3digo de privacidad Decreto Legislativo 196\/03<\/p>\n<p>1. El \u00ab<strong>CONTROLADOR DE DATOS<\/strong>\u00bb De conformidad con el art. 4 p\u00e1rrafo 7 del GDPR, es el Colegio Inmaculada del SDB P.I. 00503520264, con domicilio social en Conegliano (TV), via Madonna 20, direcci\u00f3n de correo electr\u00f3nico <a href=\"mailto:segreteriasc@collegioimmacolata.it\" target=\"_blank\" rel=\"noopener noreferrer\">segreteriasc@collegioimmacolata.it<\/a>, Tel.: 0438\/23562 El tratamiento se llevar\u00e1 a cabo tanto con herramientas manuales como inform\u00e1ticas y telem\u00e1ticas de acuerdo con los est\u00e1ndares vigentes y los principios de correcci\u00f3n, legalidad, transparencia, relevancia, integridad y no exceso, precisi\u00f3n y con l\u00f3gicas de organizaci\u00f3n y procesamiento estrictamente relacionadas con los fines perseguidos y, en cualquier caso con el fin de garantizar la seguridad, integridad y confidencialidad de los datos procesados, de conformidad con las medidas organizativas, f\u00edsicas y l\u00f3gicas previstas por las disposiciones actuales. Para los fines expresados \u200b\u200ben esta declaraci\u00f3n, solo se procesar\u00e1n datos personales no particulares.<\/p>\n<p style=\"text-align: justify;\">2. <strong>INFORMACI\u00d3N ESPEC\u00cdFICA<\/strong>; Se podr\u00eda presentar informaci\u00f3n espec\u00edfica en las p\u00e1ginas del Sitio en relaci\u00f3n con servicios particulares o procesamiento de datos proporcionados por el Usuario o la parte interesada y los consentimientos apropiados se recopilar\u00e1n en los mismos lugares (cuando sea necesario).<\/p>\n<p>3. <strong>OBJETIVO DEL TRATAMIENTO<\/strong>; Env\u00edo de boletines informativos, relacionados con eventos, demostraciones, promoci\u00f3n de servicios y comunicaciones en general. Los datos requeridos para los fines indicados son necesarios para dar seguimiento a las solicitudes de la parte interesada. La base jur\u00eddica del tratamiento previsto en el art. 5 de esta informaci\u00f3n es el consentimiento para el tratamiento (art.6 n. 1 lett. A).<br \/>\n&#8211; Los datos proporcionados para los fines antes mencionados se conservar\u00e1n durante un per\u00edodo de 3 a\u00f1os.<br \/>\n&#8211; En cualquier momento, la parte interesada puede retirar su consentimiento.<\/p>\n<p>4. <strong>DIFUSI\u00d3N, eventuales destinatarios O CATEGOR\u00cdAs DEdestinatarios DE LOS DATOS<\/strong>; No se divulgar\u00e1n datos de ninguna manera. Los datos proporcionados ser\u00e1n procesados \u200b\u200bexclusivamente por personas autorizadas para procesar y capacitados adecuadamente, as\u00ed como a trav\u00e9s de procesadores de datos vinculados al propietario por contrato espec\u00edfico, por ejemplo: empresas que brindan servicios para la administraci\u00f3n del sistema de TI y redes de telecomunicaciones y asesor\u00eda al controlador de datos. . Usted puede solicitar la lista actualizada con los detalles de identificaci\u00f3n de todos los procesadores de datos en cualquier momento al controlador de datos. Sin embargo, los datos no se transferir\u00e1n fuera del territorio de la UE. Los datos tambi\u00e9n pueden comunicarse a terceros (organismos p\u00fablicos, fuerzas policiales), pero exclusivamente con el fin de cumplir con obligaciones legales, o de regulaci\u00f3n o legislaci\u00f3n comunitaria.<\/p>\n<p>5. <strong>DERECHOS DEL interesado 15, 16, 17, 18, 20, 21 Y 77 DEL RGPD<\/strong>; Le informamos de la existencia del derecho de acceso a datos personales, de rectificaci\u00f3n, de cancelaci\u00f3n y posiblemente de olvido, de limitaci\u00f3n de tratamiento, de portabilidad de datos y de oposici\u00f3n en cualquier momento al procesamiento de datos personales que le conciernen. Tambi\u00e9n le informamos que tiene derecho a retirar el consentimiento para el procesamiento de sus datos en cualquier momento, sin perjuicio de la legalidad del tratamiento basado en el consentimiento otorgado antes de la revocaci\u00f3n (art\u00edculo 7, p\u00e1rrafo 3, del RGPD). De conformidad con el art. 77 del Reglamento, se le reconoce el derecho de presentar una queja ante una autoridad supervisora, en particular en el Estado miembro en el que reside habitualmente, trabaja o en el lugar donde ocurri\u00f3 la presunta violaci\u00f3n.<br \/>\nEl controlador de datos: Sr <em>Simonetta Franchini<\/em><\/p>\n","protected":false},"excerpt":{"rendered":"INFORMACI\u00d3N DE PRIVACIDAD SEG\u00daN EL ART. 13 DEL REGLAMENTO EUROPEO 679\/16 (RGPD) PARA EL TRATAMIENTO DE DATOS PERSONALES&#8230;","protected":false},"author":4,"featured_media":0,"parent":0,"menu_order":0,"comment_status":"closed","ping_status":"closed","template":"page-termini_condizioni.php","meta":[],"yoast_head":"<!-- This site is optimized with the Yoast SEO plugin v20.12 - https:\/\/yoast.com\/wordpress\/plugins\/seo\/ -->\n<title>NEWSLETTER - Collegio Immacolata Conegliano<\/title>\n<meta name=\"robots\" content=\"index, follow, max-snippet:-1, max-image-preview:large, max-video-preview:-1\" \/>\n<link rel=\"canonical\" href=\"https:\/\/collegioimmacolata.it\/es\/newsletter\/\" \/>\n<meta property=\"og:locale\" content=\"es_ES\" \/>\n<meta property=\"og:type\" content=\"article\" \/>\n<meta property=\"og:title\" content=\"NEWSLETTER - Collegio Immacolata Conegliano\" \/>\n<meta property=\"og:description\" content=\"INFORMACI\u00d3N DE PRIVACIDAD SEG\u00daN EL ART. 13 DEL REGLAMENTO EUROPEO 679\/16 (RGPD) PARA EL TRATAMIENTO DE DATOS PERSONALES...\" \/>\n<meta property=\"og:url\" content=\"https:\/\/collegioimmacolata.it\/es\/newsletter\/\" \/>\n<meta property=\"og:site_name\" content=\"Collegio Immacolata Conegliano\" \/>\n<meta property=\"article:publisher\" content=\"https:\/\/www.facebook.com\/CollegioImmacolata\/\" \/>\n<meta property=\"article:modified_time\" content=\"2020-08-05T14:20:29+00:00\" \/>\n<meta name=\"twitter:card\" content=\"summary_large_image\" \/>\n<meta name=\"twitter:label1\" content=\"Tiempo de lectura\" \/>\n\t<meta name=\"twitter:data1\" content=\"3 minutos\" \/>\n<script type=\"application\/ld+json\" class=\"yoast-schema-graph\">{\"@context\":\"https:\/\/schema.org\",\"@graph\":[{\"@type\":\"WebPage\",\"@id\":\"https:\/\/collegioimmacolata.it\/es\/newsletter\/\",\"url\":\"https:\/\/collegioimmacolata.it\/es\/newsletter\/\",\"name\":\"NEWSLETTER - Collegio Immacolata Conegliano\",\"isPartOf\":{\"@id\":\"https:\/\/collegioimmacolata.it\/es\/#website\"},\"datePublished\":\"2019-03-19T18:45:54+00:00\",\"dateModified\":\"2020-08-05T14:20:29+00:00\",\"breadcrumb\":{\"@id\":\"https:\/\/collegioimmacolata.it\/es\/newsletter\/#breadcrumb\"},\"inLanguage\":\"es\",\"potentialAction\":[{\"@type\":\"ReadAction\",\"target\":[\"https:\/\/collegioimmacolata.it\/es\/newsletter\/\"]}]},{\"@type\":\"BreadcrumbList\",\"@id\":\"https:\/\/collegioimmacolata.it\/es\/newsletter\/#breadcrumb\",\"itemListElement\":[{\"@type\":\"ListItem\",\"position\":1,\"name\":\"Home\",\"item\":\"https:\/\/collegioimmacolata.it\/es\/\"},{\"@type\":\"ListItem\",\"position\":2,\"name\":\"NEWSLETTER\"}]},{\"@type\":\"WebSite\",\"@id\":\"https:\/\/collegioimmacolata.it\/es\/#website\",\"url\":\"https:\/\/collegioimmacolata.it\/es\/\",\"name\":\"Collegio Immacolata Conegliano\",\"description\":\"Dal 1897 Scuola leader nell&#039;educazione di bambini e ragazzi, basata sulla pedagogia delle suore Salesiane offre percorsi innovativi e attenti alla persona\",\"publisher\":{\"@id\":\"https:\/\/collegioimmacolata.it\/es\/#organization\"},\"potentialAction\":[{\"@type\":\"SearchAction\",\"target\":{\"@type\":\"EntryPoint\",\"urlTemplate\":\"https:\/\/collegioimmacolata.it\/es\/?s={search_term_string}\"},\"query-input\":\"required name=search_term_string\"}],\"inLanguage\":\"es\"},{\"@type\":\"Organization\",\"@id\":\"https:\/\/collegioimmacolata.it\/es\/#organization\",\"name\":\"Collegio Immacolata Conegliano\",\"url\":\"https:\/\/collegioimmacolata.it\/es\/\",\"logo\":{\"@type\":\"ImageObject\",\"inLanguage\":\"es\",\"@id\":\"https:\/\/collegioimmacolata.it\/es\/#\/schema\/logo\/image\/\",\"url\":\"https:\/\/collegioimmacolata.it\/wp-content\/uploads\/2015\/08\/Favicon.jpg\",\"contentUrl\":\"https:\/\/collegioimmacolata.it\/wp-content\/uploads\/2015\/08\/Favicon.jpg\",\"width\":93,\"height\":93,\"caption\":\"Collegio Immacolata Conegliano\"},\"image\":{\"@id\":\"https:\/\/collegioimmacolata.it\/es\/#\/schema\/logo\/image\/\"},\"sameAs\":[\"https:\/\/www.facebook.com\/CollegioImmacolata\/\",\"https:\/\/www.youtube.com\/channel\/UCanScckbpzSY91ETQwAEmVw\"]}]}<\/script>\n<!-- \/ Yoast SEO plugin. -->","yoast_head_json":{"title":"NEWSLETTER - Collegio Immacolata Conegliano","robots":{"index":"index","follow":"follow","max-snippet":"max-snippet:-1","max-image-preview":"max-image-preview:large","max-video-preview":"max-video-preview:-1"},"canonical":"https:\/\/collegioimmacolata.it\/es\/newsletter\/","og_locale":"es_ES","og_type":"article","og_title":"NEWSLETTER - Collegio Immacolata Conegliano","og_description":"INFORMACI\u00d3N DE PRIVACIDAD SEG\u00daN EL ART. 13 DEL REGLAMENTO EUROPEO 679\/16 (RGPD) PARA EL TRATAMIENTO DE DATOS PERSONALES...","og_url":"https:\/\/collegioimmacolata.it\/es\/newsletter\/","og_site_name":"Collegio Immacolata Conegliano","article_publisher":"https:\/\/www.facebook.com\/CollegioImmacolata\/","article_modified_time":"2020-08-05T14:20:29+00:00","twitter_card":"summary_large_image","twitter_misc":{"Tiempo de lectura":"3 minutos"},"schema":{"@context":"https:\/\/schema.org","@graph":[{"@type":"WebPage","@id":"https:\/\/collegioimmacolata.it\/es\/newsletter\/","url":"https:\/\/collegioimmacolata.it\/es\/newsletter\/","name":"NEWSLETTER - Collegio Immacolata Conegliano","isPartOf":{"@id":"https:\/\/collegioimmacolata.it\/es\/#website"},"datePublished":"2019-03-19T18:45:54+00:00","dateModified":"2020-08-05T14:20:29+00:00","breadcrumb":{"@id":"https:\/\/collegioimmacolata.it\/es\/newsletter\/#breadcrumb"},"inLanguage":"es","potentialAction":[{"@type":"ReadAction","target":["https:\/\/collegioimmacolata.it\/es\/newsletter\/"]}]},{"@type":"BreadcrumbList","@id":"https:\/\/collegioimmacolata.it\/es\/newsletter\/#breadcrumb","itemListElement":[{"@type":"ListItem","position":1,"name":"Home","item":"https:\/\/collegioimmacolata.it\/es\/"},{"@type":"ListItem","position":2,"name":"NEWSLETTER"}]},{"@type":"WebSite","@id":"https:\/\/collegioimmacolata.it\/es\/#website","url":"https:\/\/collegioimmacolata.it\/es\/","name":"Collegio Immacolata Conegliano","description":"Dal 1897 Scuola leader nell&#039;educazione di bambini e ragazzi, basata sulla pedagogia delle suore Salesiane offre percorsi innovativi e attenti alla persona","publisher":{"@id":"https:\/\/collegioimmacolata.it\/es\/#organization"},"potentialAction":[{"@type":"SearchAction","target":{"@type":"EntryPoint","urlTemplate":"https:\/\/collegioimmacolata.it\/es\/?s={search_term_string}"},"query-input":"required name=search_term_string"}],"inLanguage":"es"},{"@type":"Organization","@id":"https:\/\/collegioimmacolata.it\/es\/#organization","name":"Collegio Immacolata Conegliano","url":"https:\/\/collegioimmacolata.it\/es\/","logo":{"@type":"ImageObject","inLanguage":"es","@id":"https:\/\/collegioimmacolata.it\/es\/#\/schema\/logo\/image\/","url":"https:\/\/collegioimmacolata.it\/wp-content\/uploads\/2015\/08\/Favicon.jpg","contentUrl":"https:\/\/collegioimmacolata.it\/wp-content\/uploads\/2015\/08\/Favicon.jpg","width":93,"height":93,"caption":"Collegio Immacolata Conegliano"},"image":{"@id":"https:\/\/collegioimmacolata.it\/es\/#\/schema\/logo\/image\/"},"sameAs":["https:\/\/www.facebook.com\/CollegioImmacolata\/","https:\/\/www.youtube.com\/channel\/UCanScckbpzSY91ETQwAEmVw"]}]}},"_links":{"self":[{"href":"https:\/\/collegioimmacolata.it\/es\/wp-json\/wp\/v2\/pages\/4534"}],"collection":[{"href":"https:\/\/collegioimmacolata.it\/es\/wp-json\/wp\/v2\/pages"}],"about":[{"href":"https:\/\/collegioimmacolata.it\/es\/wp-json\/wp\/v2\/types\/page"}],"author":[{"embeddable":true,"href":"https:\/\/collegioimmacolata.it\/es\/wp-json\/wp\/v2\/users\/4"}],"replies":[{"embeddable":true,"href":"https:\/\/collegioimmacolata.it\/es\/wp-json\/wp\/v2\/comments?post=4534"}],"version-history":[{"count":4,"href":"https:\/\/collegioimmacolata.it\/es\/wp-json\/wp\/v2\/pages\/4534\/revisions"}],"predecessor-version":[{"id":4884,"href":"https:\/\/collegioimmacolata.it\/es\/wp-json\/wp\/v2\/pages\/4534\/revisions\/4884"}],"wp:attachment":[{"href":"https:\/\/collegioimmacolata.it\/es\/wp-json\/wp\/v2\/media?parent=4534"}],"curies":[{"name":"wp","href":"https:\/\/api.w.org\/{rel}","templated":true}]}}

<h2 style="text-align: justify;">INFORMACIÓN DE PRIVACIDAD SEGÚN EL ART. 13 DEL REGLAMENTO EUROPEO 679/16 (RGPD) PARA EL TRATAMIENTO DE DATOS PERSONALES</h2>
<p style="text-align: justify;"><em>(Código de privacidad y Reglamento europeo sobre protección de datos personales)</em></p>
<p style="text-align: justify;">De conformidad con el Reglamento Europeo 679/16 (GDPR) y los cambios posteriores, debemos proporcionarle la información necesaria sobre el procesamiento de los datos personales que proporciona. Esta es una información proporcionada en conformidad con el art. 13 del Reglamento Europeo sobre la protección de datos personales y contiene la información necesaria también en relación con la legislación saliente (código de privacidad Decreto Legislativo 196/03</p>
<p>1. El «<strong>CONTROLADOR DE DATOS</strong>» De conformidad con el art. 4 párrafo 7 del GDPR, es el Colegio Inmaculada del SDB P.I. 00503520264, con domicilio social en Conegliano (TV), via Madonna 20, dirección de correo electrónico <a href="mailto:segreteriasc@collegioimmacolata.it" target="_blank" rel="noopener noreferrer">segreteriasc@collegioimmacolata.it</a>, Tel.: 0438/23562 El tratamiento se llevará a cabo tanto con herramientas manuales como informáticas y telemáticas de acuerdo con los estándares vigentes y los principios de corrección, legalidad, transparencia, relevancia, integridad y no exceso, precisión y con lógicas de organización y procesamiento estrictamente relacionadas con los fines perseguidos y, en cualquier caso con el fin de garantizar la seguridad, integridad y confidencialidad de los datos procesados, de conformidad con las medidas organizativas, físicas y lógicas previstas por las disposiciones actuales. Para los fines expresados ​​en esta declaración, solo se procesarán datos personales no particulares.</p>
<p style="text-align: justify;">2. <strong>INFORMACIÓN ESPECÍFICA</strong>; Se podría presentar información específica en las páginas del Sitio en relación con servicios particulares o procesamiento de datos proporcionados por el Usuario o la parte interesada y los consentimientos apropiados se recopilarán en los mismos lugares (cuando sea necesario).</p>
<p>3. <strong>OBJETIVO DEL TRATAMIENTO</strong>; Envío de boletines informativos, relacionados con eventos, demostraciones, promoción de servicios y comunicaciones en general. Los datos requeridos para los fines indicados son necesarios para dar seguimiento a las solicitudes de la parte interesada. La base jurídica del tratamiento previsto en el art. 5 de esta información es el consentimiento para el tratamiento (art.6 n. 1 lett. A).<br />
&#8211; Los datos proporcionados para los fines antes mencionados se conservarán durante un período de 3 años.<br />
&#8211; En cualquier momento, la parte interesada puede retirar su consentimiento.</p>
<p>4. <strong>DIFUSIÓN, eventuales destinatarios O CATEGORÍAs DEdestinatarios DE LOS DATOS</strong>; No se divulgarán datos de ninguna manera. Los datos proporcionados serán procesados ​​exclusivamente por personas autorizadas para procesar y capacitados adecuadamente, así como a través de procesadores de datos vinculados al propietario por contrato específico, por ejemplo: empresas que brindan servicios para la administración del sistema de TI y redes de telecomunicaciones y asesoría al controlador de datos. . Usted puede solicitar la lista actualizada con los detalles de identificación de todos los procesadores de datos en cualquier momento al controlador de datos. Sin embargo, los datos no se transferirán fuera del territorio de la UE. Los datos también pueden comunicarse a terceros (organismos públicos, fuerzas policiales), pero exclusivamente con el fin de cumplir con obligaciones legales, o de regulación o legislación comunitaria.</p>
<p>5. <strong>DERECHOS DEL interesado 15, 16, 17, 18, 20, 21 Y 77 DEL RGPD</strong>; Le informamos de la existencia del derecho de acceso a datos personales, de rectificación, de cancelación y posiblemente de olvido, de limitación de tratamiento, de portabilidad de datos y de oposición en cualquier momento al procesamiento de datos personales que le conciernen. También le informamos que tiene derecho a retirar el consentimiento para el procesamiento de sus datos en cualquier momento, sin perjuicio de la legalidad del tratamiento basado en el consentimiento otorgado antes de la revocación (artículo 7, párrafo 3, del RGPD). De conformidad con el art. 77 del Reglamento, se le reconoce el derecho de presentar una queja ante una autoridad supervisora, en particular en el Estado miembro en el que reside habitualmente, trabaja o en el lugar donde ocurrió la presunta violación.<br />
El controlador de datos: Sr <em>Simonetta Franchini</em></p>

INFORMACIÓN DE PRIVACIDAD SEGÚN EL ART. 13 DEL REGLAMENTO EUROPEO 679/16 (RGPD) PARA EL TRATAMIENTO DE DATOS PERSONALES&#8230;

<!-- This site is optimized with the Yoast SEO plugin v20.12 - https://yoast.com/wordpress/plugins/seo/ -->
<title>NEWSLETTER - Collegio Immacolata Conegliano</title>
<meta name="robots" content="index, follow, max-snippet:-1, max-image-preview:large, max-video-preview:-1" />
<link rel="canonical" href="https://collegioimmacolata.it/es/newsletter/" />
<meta property="og:locale" content="es_ES" />
<meta property="og:type" content="article" />
<meta property="og:title" content="NEWSLETTER - Collegio Immacolata Conegliano" />
<meta property="og:description" content="INFORMACIÓN DE PRIVACIDAD SEGÚN EL ART. 13 DEL REGLAMENTO EUROPEO 679/16 (RGPD) PARA EL TRATAMIENTO DE DATOS PERSONALES..." />
<meta property="og:url" content="https://collegioimmacolata.it/es/newsletter/" />
<meta property="og:site_name" content="Collegio Immacolata Conegliano" />
<meta property="article:publisher" content="https://www.facebook.com/CollegioImmacolata/" />
<meta property="article:modified_time" content="2020-08-05T14:20:29+00:00" />
<meta name="twitter:card" content="summary_large_image" />
<meta name="twitter:label1" content="Tiempo de lectura" />
	<meta name="twitter:data1" content="3 minutos" />
<script type="application/ld+json" class="yoast-schema-graph">{"@context":"https://schema.org","@graph":[{"@type":"WebPage","@id":"https://collegioimmacolata.it/es/newsletter/","url":"https://collegioimmacolata.it/es/newsletter/","name":"NEWSLETTER - Collegio Immacolata Conegliano","isPartOf":{"@id":"https://collegioimmacolata.it/es/#website"},"datePublished":"2019-03-19T18:45:54+00:00","dateModified":"2020-08-05T14:20:29+00:00","breadcrumb":{"@id":"https://collegioimmacolata.it/es/newsletter/#breadcrumb"},"inLanguage":"es","potentialAction":[{"@type":"ReadAction","target":["https://collegioimmacolata.it/es/newsletter/"]}]},{"@type":"BreadcrumbList","@id":"https://collegioimmacolata.it/es/newsletter/#breadcrumb","itemListElement":[{"@type":"ListItem","position":1,"name":"Home","item":"https://collegioimmacolata.it/es/"},{"@type":"ListItem","position":2,"name":"NEWSLETTER"}]},{"@type":"WebSite","@id":"https://collegioimmacolata.it/es/#website","url":"https://collegioimmacolata.it/es/","name":"Collegio Immacolata Conegliano","description":"Dal 1897 Scuola leader nell&#039;educazione di bambini e ragazzi, basata sulla pedagogia delle suore Salesiane offre percorsi innovativi e attenti alla persona","publisher":{"@id":"https://collegioimmacolata.it/es/#organization"},"potentialAction":[{"@type":"SearchAction","target":{"@type":"EntryPoint","urlTemplate":"https://collegioimmacolata.it/es/?s={search_term_string}"},"query-input":"required name=search_term_string"}],"inLanguage":"es"},{"@type":"Organization","@id":"https://collegioimmacolata.it/es/#organization","name":"Collegio Immacolata Conegliano","url":"https://collegioimmacolata.it/es/","logo":{"@type":"ImageObject","inLanguage":"es","@id":"https://collegioimmacolata.it/es/#/schema/logo/image/","url":"https://collegioimmacolata.it/wp-content/uploads/2015/08/Favicon.jpg","contentUrl":"https://collegioimmacolata.it/wp-content/uploads/2015/08/Favicon.jpg","width":93,"height":93,"caption":"Collegio Immacolata Conegliano"},"image":{"@id":"https://collegioimmacolata.it/es/#/schema/logo/image/"},"sameAs":["https://www.facebook.com/CollegioImmacolata/","https://www.youtube.com/channel/UCanScckbpzSY91ETQwAEmVw"]}]}</script>
<!-- / Yoast SEO plugin. -->

INFORMACIÓN DE PRIVACIDAD SEGÚN EL ART. 13 DEL REGLAMENTO EUROPEO 679/16 (RGPD) PARA EL TRATAMIENTO DE DATOS PERSONALES...
