{"id":4536,"date":"2015-07-09T17:29:12","date_gmt":"2015-07-09T15:29:12","guid":{"rendered":"https:\/\/collegioimmacolata.it\/termini-e-condizioni\/"},"modified":"2015-07-09T17:29:12","modified_gmt":"2015-07-09T15:29:12","slug":"termini-e-condizioni","status":"publish","type":"page","link":"https:\/\/collegioimmacolata.it\/es\/termini-e-condizioni\/","title":{"rendered":"Termini e Condizioni"},"content":{"rendered":"<h3 style=\"text-align: justify;\"><strong><u>INFORMATIVA PRIVACY AI SENSI DELL\u2019ART. 13 DEL REGOLAMENTO EUROPEO 679\/16 (GDPR) <\/u><\/strong><\/h3>\n<h3 style=\"text-align: justify;\"><strong><u>PER IL TRATTAMENTO DEI DATI PERSONALI<\/u><\/strong><\/h3>\n<p style=\"text-align: justify;\">In osservanza del Regolamento Europeo 679\/16 (GDPR)siamo a fornire le dovute informazioni in ordine al trattamento dei dati personali da lei forniti. Si tratta di un\u2019informativa resa ai sensi dell\u2019Art. 13 del Regolamento Europeo in materia di protezione dei dati personali.<\/p>\n<p style=\"text-align: justify;\">1. Il <strong>\u201cTitolare del Trattamento\u201d<\/strong>\u00e8 il Collegio Immacolata delle SDB P.I. 00503520264, con sede legale in Conegliano (TV), via Madonna 20, indirizzo di posta elettronica <u>segreteriasc@collegioimmacolata.it<\/u>, Tel.: 0438\/23562.<\/p>\n<p style=\"text-align: justify;\">2. Il trattamento sar\u00e0 effettuato sia con strumenti manuali che informatici e telematici nel rispetto delle norme in vigore e dei principi di correttezza, liceit\u00e0, trasparenza, pertinenza, completezza e non eccedenza, esattezza e con logiche di organizzazione ed elaborazione strettamente correlate alle finalit\u00e0 perseguite e comunque in modo da garantire la sicurezza, l&#8217;integrit\u00e0 e la riservatezza dei dati trattati, nel rispetto delle misure organizzative, fisiche e logiche previste dalle disposizioni vigenti.<\/p>\n<p style=\"text-align: justify;\">3. I dati personali saranno trattati per <strong>finalit\u00e0<\/strong>connesse allo svolgimento dell\u2019attivit\u00e0 di ricerca e selezione del personale. I dati di natura personale ed eventualmente particolari (qualora il candidato li inserisca volontariamente) ovvero i dati esclusivamente legati all\u2019appartenenza a categorie protette &#8211; qualora fosse rilevante ai fini della candidatura &#8211; saranno oggetto di trattamento per le esclusive finalit\u00e0 di reclutamento del personale ivi compresa la formalizzazione della candidatura, al fine di una eventuale selezione ed instaurazione di un rapporto di collaborazione professionale. I dati richiesti per le finalit\u00e0 indicate sono necessari per dare seguito alle candidature.<\/p>\n<p style=\"text-align: justify;\">4. La <strong>base giuridica<\/strong>e liceit\u00e0 del trattamento si pu\u00f2 individuare negli obblighi precontrattuali e contrattualio e nel consenso per i dati particolari. Il mancato conferimento e consenso per i dati particolari ha come unica conseguenza l\u2019impossibilit\u00e0 di proseguire le attivit\u00e0 di recruiting e valutazione della candidatura.I dati forniti per le finalit\u00e0 suindicate saranno conservati per un periodo di 2 anni salvo diversa disposizione di legge che preveda periodi superiori. Si ricorda che i dati forniti potranno essere trattati per la tutela di interessi legittimi del titolare tra cui in particolare la difesa in giudizio. Anche in questo si applicheranno i principi di necessit\u00e0, proporzionalit\u00e0 non eccedenza.<\/p>\n<p style=\"text-align: justify;\">5.<strong> Diffusione, Eventuali destinatari o categorie di destinatari dei dati<\/strong>: nessun dato sar\u00e0 in alcun modo diffuso.I dati forniti saranno trattati esclusivamente da persone autorizzate al trattamento ed opportunamente istruite, oltre che tramite responsabili del trattamento legati al titolare da specifico contratto ad esempio: societ\u00e0 specializzate che forniscono servizi per la gestione delle attivit\u00e0 di recruiting ovvero societ\u00e0 di gestione del sistema informatico e delle reti di telecomunicazioni.L\u2019elenco aggiornato con gli estremi identificativi dei Responsabili del Trattamento, potr\u00e0 essere da Lei richiesto in qualunque momento al Titolare. I dati potranno altres\u00ec essere comunicati a soggetti Terzi (Enti Pubblici, Forze di Polizia), ma esclusivamente al fine di adempiere ad obblighi di legge, di regolamento o normativa comunitaria. Solo con il Suo consenso espresso, i Suoi dati potranno essere comunicati ad altre scuole collegate agliIstituti del Collegio Immacolata delle SDB.<\/p>\n<p style=\"text-align: justify;\">6. I suoi dati saranno trattati dal Titolare del Trattamento all\u2019interno del territorio dell\u2019Unione Europea. Nell\u2019ipotesi in cui per questioni di natura tecnica e\/o operativa si render\u00e0 necessario avvalersi di soggetti ubicati al di fuori dell\u2019Unione Europea, <strong>il trasferimento dei dati personali<\/strong>, limitatamente allo svolgimento di specifiche attivit\u00e0 di Trattamento, sar\u00e0 regolato in conformit\u00e0 a quanto previsto dal capo V del Regolamento. Saranno quindi adottate tutte le cautele necessarie al fine di garantire la pi\u00f9 totale protezione dei suoi dati basando tale trasferimento: (i) su decisioni di adeguatezza dei paesi terzi destinatari espresse dalla Commissione Europea; (ii) su garanzie adeguate espresse dal soggetto terzo destinatario ai sensi dell\u2019articolo 46 del Regolamento; (iii) sull\u2019adozione di norme vincolanti d\u2019impresa.<\/p>\n<p style=\"text-align: justify;\">7.<strong> Rispetto ai diritti dell\u2019interessato: artt. 15, 16, 17, 18, 20, 21 e 77 del GDPR: <\/strong>la informiamo dell\u2019esistenza di diritto di accesso ai dati personali, di rettifica, di cancellazione ed eventualmente all\u2019oblio, di limitazione di trattamento, di portabilit\u00e0 dei dati e di opposizione in qualsiasi momento al trattamento dei dati personali che La riguardano. La informiamo, inoltre, che Lei ha il diritto di revocare il consenso al trattamento dei Suoi dati in qualsiasi momento, senza pregiudicare la liceit\u00e0 del trattamento basata sul consenso prestato prima della revoca (art. 7, comma 3, del GDPR).Ai sensi dell\u2019art. 77 del Regolamento, Le \u00e8 riconosciuto il diritto di proporre reclamo ad un\u2019autorit\u00e0 di controllo, segnatamente nello Stato membro in cui risiede abitualmente, lavora oppure nel luogo ove si \u00e8 verificata la presunta violazione.<\/p>\n<p style=\"text-align: justify;\"><strong>Per conoscere meglio i suoi diritti e la politica sulla Protezione dei Dati Personali pu\u00f2 visitare il nostro sito internet<\/strong><strong><u>collegioimmacolata.it<\/u>nella sezione privacy.<\/strong><\/p>\n<p style=\"text-align: justify;\">Il titolare del trattamento: <em>Sr Simonetta Franchini<\/em><\/p>\n<p>&nbsp;<\/p>\n<p>&nbsp;<\/p>\n<p>&nbsp;<\/p>\n<p>&nbsp;<\/p>\n","protected":false},"excerpt":{"rendered":"INFORMATIVA PRIVACY AI SENSI DELL\u2019ART. 13 DEL REGOLAMENTO EUROPEO 679\/16 (GDPR) PER IL TRATTAMENTO DEI DATI PERSONALI In&#8230;","protected":false},"author":4,"featured_media":0,"parent":0,"menu_order":0,"comment_status":"closed","ping_status":"closed","template":"page-termini_condizioni.php","meta":[],"yoast_head":"<!-- This site is optimized with the Yoast SEO plugin v20.12 - https:\/\/yoast.com\/wordpress\/plugins\/seo\/ -->\n<title>Termini e Condizioni - Collegio Immacolata Conegliano<\/title>\n<meta name=\"robots\" content=\"index, follow, max-snippet:-1, max-image-preview:large, max-video-preview:-1\" \/>\n<link rel=\"canonical\" href=\"https:\/\/collegioimmacolata.it\/es\/termini-e-condizioni\/\" \/>\n<meta property=\"og:locale\" content=\"es_ES\" \/>\n<meta property=\"og:type\" content=\"article\" \/>\n<meta property=\"og:title\" content=\"Termini e Condizioni - Collegio Immacolata Conegliano\" \/>\n<meta property=\"og:description\" content=\"INFORMATIVA PRIVACY AI SENSI DELL\u2019ART. 13 DEL REGOLAMENTO EUROPEO 679\/16 (GDPR) PER IL TRATTAMENTO DEI DATI PERSONALI In...\" \/>\n<meta property=\"og:url\" content=\"https:\/\/collegioimmacolata.it\/es\/termini-e-condizioni\/\" \/>\n<meta property=\"og:site_name\" content=\"Collegio Immacolata Conegliano\" \/>\n<meta property=\"article:publisher\" content=\"https:\/\/www.facebook.com\/CollegioImmacolata\/\" \/>\n<meta name=\"twitter:card\" content=\"summary_large_image\" \/>\n<meta name=\"twitter:label1\" content=\"Tiempo de lectura\" \/>\n\t<meta name=\"twitter:data1\" content=\"4 minutos\" \/>\n<script type=\"application\/ld+json\" class=\"yoast-schema-graph\">{\"@context\":\"https:\/\/schema.org\",\"@graph\":[{\"@type\":\"WebPage\",\"@id\":\"https:\/\/collegioimmacolata.it\/es\/termini-e-condizioni\/\",\"url\":\"https:\/\/collegioimmacolata.it\/es\/termini-e-condizioni\/\",\"name\":\"Termini e Condizioni - Collegio Immacolata Conegliano\",\"isPartOf\":{\"@id\":\"https:\/\/collegioimmacolata.it\/es\/#website\"},\"datePublished\":\"2015-07-09T15:29:12+00:00\",\"dateModified\":\"2015-07-09T15:29:12+00:00\",\"breadcrumb\":{\"@id\":\"https:\/\/collegioimmacolata.it\/es\/termini-e-condizioni\/#breadcrumb\"},\"inLanguage\":\"es\",\"potentialAction\":[{\"@type\":\"ReadAction\",\"target\":[\"https:\/\/collegioimmacolata.it\/es\/termini-e-condizioni\/\"]}]},{\"@type\":\"BreadcrumbList\",\"@id\":\"https:\/\/collegioimmacolata.it\/es\/termini-e-condizioni\/#breadcrumb\",\"itemListElement\":[{\"@type\":\"ListItem\",\"position\":1,\"name\":\"Home\",\"item\":\"https:\/\/collegioimmacolata.it\/es\/\"},{\"@type\":\"ListItem\",\"position\":2,\"name\":\"Termini e Condizioni\"}]},{\"@type\":\"WebSite\",\"@id\":\"https:\/\/collegioimmacolata.it\/es\/#website\",\"url\":\"https:\/\/collegioimmacolata.it\/es\/\",\"name\":\"Collegio Immacolata Conegliano\",\"description\":\"Dal 1897 Scuola leader nell&#039;educazione di bambini e ragazzi, basata sulla pedagogia delle suore Salesiane offre percorsi innovativi e attenti alla persona\",\"publisher\":{\"@id\":\"https:\/\/collegioimmacolata.it\/es\/#organization\"},\"potentialAction\":[{\"@type\":\"SearchAction\",\"target\":{\"@type\":\"EntryPoint\",\"urlTemplate\":\"https:\/\/collegioimmacolata.it\/es\/?s={search_term_string}\"},\"query-input\":\"required name=search_term_string\"}],\"inLanguage\":\"es\"},{\"@type\":\"Organization\",\"@id\":\"https:\/\/collegioimmacolata.it\/es\/#organization\",\"name\":\"Collegio Immacolata Conegliano\",\"url\":\"https:\/\/collegioimmacolata.it\/es\/\",\"logo\":{\"@type\":\"ImageObject\",\"inLanguage\":\"es\",\"@id\":\"https:\/\/collegioimmacolata.it\/es\/#\/schema\/logo\/image\/\",\"url\":\"https:\/\/collegioimmacolata.it\/wp-content\/uploads\/2015\/08\/Favicon.jpg\",\"contentUrl\":\"https:\/\/collegioimmacolata.it\/wp-content\/uploads\/2015\/08\/Favicon.jpg\",\"width\":93,\"height\":93,\"caption\":\"Collegio Immacolata Conegliano\"},\"image\":{\"@id\":\"https:\/\/collegioimmacolata.it\/es\/#\/schema\/logo\/image\/\"},\"sameAs\":[\"https:\/\/www.facebook.com\/CollegioImmacolata\/\",\"https:\/\/www.youtube.com\/channel\/UCanScckbpzSY91ETQwAEmVw\"]}]}<\/script>\n<!-- \/ Yoast SEO plugin. -->","yoast_head_json":{"title":"Termini e Condizioni - Collegio Immacolata Conegliano","robots":{"index":"index","follow":"follow","max-snippet":"max-snippet:-1","max-image-preview":"max-image-preview:large","max-video-preview":"max-video-preview:-1"},"canonical":"https:\/\/collegioimmacolata.it\/es\/termini-e-condizioni\/","og_locale":"es_ES","og_type":"article","og_title":"Termini e Condizioni - Collegio Immacolata Conegliano","og_description":"INFORMATIVA PRIVACY AI SENSI DELL\u2019ART. 13 DEL REGOLAMENTO EUROPEO 679\/16 (GDPR) PER IL TRATTAMENTO DEI DATI PERSONALI In...","og_url":"https:\/\/collegioimmacolata.it\/es\/termini-e-condizioni\/","og_site_name":"Collegio Immacolata Conegliano","article_publisher":"https:\/\/www.facebook.com\/CollegioImmacolata\/","twitter_card":"summary_large_image","twitter_misc":{"Tiempo de lectura":"4 minutos"},"schema":{"@context":"https:\/\/schema.org","@graph":[{"@type":"WebPage","@id":"https:\/\/collegioimmacolata.it\/es\/termini-e-condizioni\/","url":"https:\/\/collegioimmacolata.it\/es\/termini-e-condizioni\/","name":"Termini e Condizioni - Collegio Immacolata Conegliano","isPartOf":{"@id":"https:\/\/collegioimmacolata.it\/es\/#website"},"datePublished":"2015-07-09T15:29:12+00:00","dateModified":"2015-07-09T15:29:12+00:00","breadcrumb":{"@id":"https:\/\/collegioimmacolata.it\/es\/termini-e-condizioni\/#breadcrumb"},"inLanguage":"es","potentialAction":[{"@type":"ReadAction","target":["https:\/\/collegioimmacolata.it\/es\/termini-e-condizioni\/"]}]},{"@type":"BreadcrumbList","@id":"https:\/\/collegioimmacolata.it\/es\/termini-e-condizioni\/#breadcrumb","itemListElement":[{"@type":"ListItem","position":1,"name":"Home","item":"https:\/\/collegioimmacolata.it\/es\/"},{"@type":"ListItem","position":2,"name":"Termini e Condizioni"}]},{"@type":"WebSite","@id":"https:\/\/collegioimmacolata.it\/es\/#website","url":"https:\/\/collegioimmacolata.it\/es\/","name":"Collegio Immacolata Conegliano","description":"Dal 1897 Scuola leader nell&#039;educazione di bambini e ragazzi, basata sulla pedagogia delle suore Salesiane offre percorsi innovativi e attenti alla persona","publisher":{"@id":"https:\/\/collegioimmacolata.it\/es\/#organization"},"potentialAction":[{"@type":"SearchAction","target":{"@type":"EntryPoint","urlTemplate":"https:\/\/collegioimmacolata.it\/es\/?s={search_term_string}"},"query-input":"required name=search_term_string"}],"inLanguage":"es"},{"@type":"Organization","@id":"https:\/\/collegioimmacolata.it\/es\/#organization","name":"Collegio Immacolata Conegliano","url":"https:\/\/collegioimmacolata.it\/es\/","logo":{"@type":"ImageObject","inLanguage":"es","@id":"https:\/\/collegioimmacolata.it\/es\/#\/schema\/logo\/image\/","url":"https:\/\/collegioimmacolata.it\/wp-content\/uploads\/2015\/08\/Favicon.jpg","contentUrl":"https:\/\/collegioimmacolata.it\/wp-content\/uploads\/2015\/08\/Favicon.jpg","width":93,"height":93,"caption":"Collegio Immacolata Conegliano"},"image":{"@id":"https:\/\/collegioimmacolata.it\/es\/#\/schema\/logo\/image\/"},"sameAs":["https:\/\/www.facebook.com\/CollegioImmacolata\/","https:\/\/www.youtube.com\/channel\/UCanScckbpzSY91ETQwAEmVw"]}]}},"_links":{"self":[{"href":"https:\/\/collegioimmacolata.it\/es\/wp-json\/wp\/v2\/pages\/4536"}],"collection":[{"href":"https:\/\/collegioimmacolata.it\/es\/wp-json\/wp\/v2\/pages"}],"about":[{"href":"https:\/\/collegioimmacolata.it\/es\/wp-json\/wp\/v2\/types\/page"}],"author":[{"embeddable":true,"href":"https:\/\/collegioimmacolata.it\/es\/wp-json\/wp\/v2\/users\/4"}],"replies":[{"embeddable":true,"href":"https:\/\/collegioimmacolata.it\/es\/wp-json\/wp\/v2\/comments?post=4536"}],"version-history":[{"count":0,"href":"https:\/\/collegioimmacolata.it\/es\/wp-json\/wp\/v2\/pages\/4536\/revisions"}],"wp:attachment":[{"href":"https:\/\/collegioimmacolata.it\/es\/wp-json\/wp\/v2\/media?parent=4536"}],"curies":[{"name":"wp","href":"https:\/\/api.w.org\/{rel}","templated":true}]}}

<h3 style="text-align: justify;"><strong><u>INFORMATIVA PRIVACY AI SENSI DELL’ART. 13 DEL REGOLAMENTO EUROPEO 679/16 (GDPR) </u></strong></h3>
<h3 style="text-align: justify;"><strong><u>PER IL TRATTAMENTO DEI DATI PERSONALI</u></strong></h3>
<p style="text-align: justify;">In osservanza del Regolamento Europeo 679/16 (GDPR)siamo a fornire le dovute informazioni in ordine al trattamento dei dati personali da lei forniti. Si tratta di un’informativa resa ai sensi dell’Art. 13 del Regolamento Europeo in materia di protezione dei dati personali.</p>
<p style="text-align: justify;">1. Il <strong>“Titolare del Trattamento”</strong>è il Collegio Immacolata delle SDB P.I. 00503520264, con sede legale in Conegliano (TV), via Madonna 20, indirizzo di posta elettronica <u>segreteriasc@collegioimmacolata.it</u>, Tel.: 0438/23562.</p>
<p style="text-align: justify;">2. Il trattamento sarà effettuato sia con strumenti manuali che informatici e telematici nel rispetto delle norme in vigore e dei principi di correttezza, liceità, trasparenza, pertinenza, completezza e non eccedenza, esattezza e con logiche di organizzazione ed elaborazione strettamente correlate alle finalità perseguite e comunque in modo da garantire la sicurezza, l&#8217;integrità e la riservatezza dei dati trattati, nel rispetto delle misure organizzative, fisiche e logiche previste dalle disposizioni vigenti.</p>
<p style="text-align: justify;">3. I dati personali saranno trattati per <strong>finalità</strong>connesse allo svolgimento dell’attività di ricerca e selezione del personale. I dati di natura personale ed eventualmente particolari (qualora il candidato li inserisca volontariamente) ovvero i dati esclusivamente legati all’appartenenza a categorie protette &#8211; qualora fosse rilevante ai fini della candidatura &#8211; saranno oggetto di trattamento per le esclusive finalità di reclutamento del personale ivi compresa la formalizzazione della candidatura, al fine di una eventuale selezione ed instaurazione di un rapporto di collaborazione professionale. I dati richiesti per le finalità indicate sono necessari per dare seguito alle candidature.</p>
<p style="text-align: justify;">4. La <strong>base giuridica</strong>e liceità del trattamento si può individuare negli obblighi precontrattuali e contrattualio e nel consenso per i dati particolari. Il mancato conferimento e consenso per i dati particolari ha come unica conseguenza l’impossibilità di proseguire le attività di recruiting e valutazione della candidatura.I dati forniti per le finalità suindicate saranno conservati per un periodo di 2 anni salvo diversa disposizione di legge che preveda periodi superiori. Si ricorda che i dati forniti potranno essere trattati per la tutela di interessi legittimi del titolare tra cui in particolare la difesa in giudizio. Anche in questo si applicheranno i principi di necessità, proporzionalità non eccedenza.</p>
<p style="text-align: justify;">5.<strong> Diffusione, Eventuali destinatari o categorie di destinatari dei dati</strong>: nessun dato sarà in alcun modo diffuso.I dati forniti saranno trattati esclusivamente da persone autorizzate al trattamento ed opportunamente istruite, oltre che tramite responsabili del trattamento legati al titolare da specifico contratto ad esempio: società specializzate che forniscono servizi per la gestione delle attività di recruiting ovvero società di gestione del sistema informatico e delle reti di telecomunicazioni.L’elenco aggiornato con gli estremi identificativi dei Responsabili del Trattamento, potrà essere da Lei richiesto in qualunque momento al Titolare. I dati potranno altresì essere comunicati a soggetti Terzi (Enti Pubblici, Forze di Polizia), ma esclusivamente al fine di adempiere ad obblighi di legge, di regolamento o normativa comunitaria. Solo con il Suo consenso espresso, i Suoi dati potranno essere comunicati ad altre scuole collegate agliIstituti del Collegio Immacolata delle SDB.</p>
<p style="text-align: justify;">6. I suoi dati saranno trattati dal Titolare del Trattamento all’interno del territorio dell’Unione Europea. Nell’ipotesi in cui per questioni di natura tecnica e/o operativa si renderà necessario avvalersi di soggetti ubicati al di fuori dell’Unione Europea, <strong>il trasferimento dei dati personali</strong>, limitatamente allo svolgimento di specifiche attività di Trattamento, sarà regolato in conformità a quanto previsto dal capo V del Regolamento. Saranno quindi adottate tutte le cautele necessarie al fine di garantire la più totale protezione dei suoi dati basando tale trasferimento: (i) su decisioni di adeguatezza dei paesi terzi destinatari espresse dalla Commissione Europea; (ii) su garanzie adeguate espresse dal soggetto terzo destinatario ai sensi dell’articolo 46 del Regolamento; (iii) sull’adozione di norme vincolanti d’impresa.</p>
<p style="text-align: justify;">7.<strong> Rispetto ai diritti dell’interessato: artt. 15, 16, 17, 18, 20, 21 e 77 del GDPR: </strong>la informiamo dell’esistenza di diritto di accesso ai dati personali, di rettifica, di cancellazione ed eventualmente all’oblio, di limitazione di trattamento, di portabilità dei dati e di opposizione in qualsiasi momento al trattamento dei dati personali che La riguardano. La informiamo, inoltre, che Lei ha il diritto di revocare il consenso al trattamento dei Suoi dati in qualsiasi momento, senza pregiudicare la liceità del trattamento basata sul consenso prestato prima della revoca (art. 7, comma 3, del GDPR).Ai sensi dell’art. 77 del Regolamento, Le è riconosciuto il diritto di proporre reclamo ad un’autorità di controllo, segnatamente nello Stato membro in cui risiede abitualmente, lavora oppure nel luogo ove si è verificata la presunta violazione.</p>
<p style="text-align: justify;"><strong>Per conoscere meglio i suoi diritti e la politica sulla Protezione dei Dati Personali può visitare il nostro sito internet</strong><strong><u>collegioimmacolata.it</u>nella sezione privacy.</strong></p>
<p style="text-align: justify;">Il titolare del trattamento: <em>Sr Simonetta Franchini</em></p>
<p>&nbsp;</p>
<p>&nbsp;</p>
<p>&nbsp;</p>
<p>&nbsp;</p>
